{"version":"1.0","provider_name":"Blog do Vicente","provider_url":"https:\/\/blogs.correiobraziliense.com.br\/vicente","author_name":"Vicente Nunes","author_url":"https:\/\/blogs.correiobraziliense.com.br\/vicente\/author\/vicentenunes-df\/","title":"A nova onda do conservadorismo - Blog do Vicente","type":"rich","width":600,"height":338,"html":"<blockquote class=\"wp-embedded-content\" data-secret=\"LE3YBoIlbv\"><a href=\"https:\/\/blogs.correiobraziliense.com.br\/vicente\/nova-onda-do-conservadorismo\/\">A nova onda do conservadorismo<\/a><\/blockquote><iframe sandbox=\"allow-scripts\" security=\"restricted\" src=\"https:\/\/blogs.correiobraziliense.com.br\/vicente\/nova-onda-do-conservadorismo\/embed\/#?secret=LE3YBoIlbv\" width=\"600\" height=\"338\" title=\"&#8220;A nova onda do conservadorismo&#8221; &#8212; Blog do Vicente\" data-secret=\"LE3YBoIlbv\" frameborder=\"0\" marginwidth=\"0\" marginheight=\"0\" scrolling=\"no\" class=\"wp-embedded-content\"><\/iframe><script>\n\/*! This file is auto-generated *\/\n!function(d,l){\"use strict\";l.querySelector&&d.addEventListener&&\"undefined\"!=typeof URL&&(d.wp=d.wp||{},d.wp.receiveEmbedMessage||(d.wp.receiveEmbedMessage=function(e){var t=e.data;if((t||t.secret||t.message||t.value)&&!\/[^a-zA-Z0-9]\/.test(t.secret)){for(var s,r,n,a=l.querySelectorAll('iframe[data-secret=\"'+t.secret+'\"]'),o=l.querySelectorAll('blockquote[data-secret=\"'+t.secret+'\"]'),c=new RegExp(\"^https?:$\",\"i\"),i=0;i<o.length;i++)o[i].style.display=\"none\";for(i=0;i<a.length;i++)s=a[i],e.source===s.contentWindow&&(s.removeAttribute(\"style\"),\"height\"===t.message?(1e3<(r=parseInt(t.value,10))?r=1e3:~~r<200&&(r=200),s.height=r):\"link\"===t.message&&(r=new URL(s.getAttribute(\"src\")),n=new URL(t.value),c.test(n.protocol))&&n.host===r.host&&l.activeElement===s&&(d.top.location.href=t.value))}},d.addEventListener(\"message\",d.wp.receiveEmbedMessage,!1),l.addEventListener(\"DOMContentLoaded\",function(){for(var e,t,s=l.querySelectorAll(\"iframe.wp-embedded-content\"),r=0;r<s.length;r++)(t=(e=s[r]).getAttribute(\"data-secret\"))||(t=Math.random().toString(36).substring(2,12),e.src+=\"#?secret=\"+t,e.setAttribute(\"data-secret\",t)),e.contentWindow.postMessage({message:\"ready\",secret:t},\"*\")},!1)))}(window,document);\n\/\/# sourceURL=https:\/\/blogs.correiobraziliense.com.br\/vicente\/wp-includes\/js\/wp-embed.min.js\n<\/script>\n","description":"A inesperada vit\u00f3ria de Donald Trump para a presid\u00eancia dos Estados Unidos refor\u00e7a o quanto o conservadorismo est\u00e1 na moda no mundo, ainda que muita gente insista em n\u00e3o ver isso. Mais do que as justificativas dos eleitores do republicano, s\u00e3o as declara\u00e7\u00f5es em favor dele que circularam pelo globo o sintoma mais claro do [&hellip;]","thumbnail_url":"https:\/\/blogs.correiobraziliense.com.br\/vicente\/wp-content\/uploads\/sites\/16\/2016\/05\/avatar_vicente.png","thumbnail_width":200,"thumbnail_height":200}

A inesperada vitória de Donald Trump para a presidência dos Estados Unidos reforça o quanto o conservadorismo está na moda no mundo, ainda que muita gente insista em não ver isso. Mais do que as justificativas dos eleitores do republicano, são as declarações em favor dele que circularam pelo globo o sintoma mais claro do [&hellip;]
