{"version":"1.0","provider_name":"Blog do Vicente","provider_url":"https:\/\/blogs.correiobraziliense.com.br\/vicente","author_name":"Vicente Nunes","author_url":"https:\/\/blogs.correiobraziliense.com.br\/vicente\/author\/vicentenunes-df\/","title":"Infla\u00e7\u00e3o s\u00f3 d\u00e1 not\u00edcia boa - Blog do Vicente","type":"rich","width":600,"height":338,"html":"<blockquote class=\"wp-embedded-content\" data-secret=\"5J3LEPqIgK\"><a href=\"https:\/\/blogs.correiobraziliense.com.br\/vicente\/inflacao-so-da-noticia-boa\/\">Infla\u00e7\u00e3o s\u00f3 d\u00e1 not\u00edcia boa<\/a><\/blockquote><iframe sandbox=\"allow-scripts\" security=\"restricted\" src=\"https:\/\/blogs.correiobraziliense.com.br\/vicente\/inflacao-so-da-noticia-boa\/embed\/#?secret=5J3LEPqIgK\" width=\"600\" height=\"338\" title=\"&#8220;Infla\u00e7\u00e3o s\u00f3 d\u00e1 not\u00edcia boa&#8221; &#8212; Blog do Vicente\" data-secret=\"5J3LEPqIgK\" frameborder=\"0\" marginwidth=\"0\" marginheight=\"0\" scrolling=\"no\" class=\"wp-embedded-content\"><\/iframe><script>\n\/*! This file is auto-generated *\/\n!function(d,l){\"use strict\";l.querySelector&&d.addEventListener&&\"undefined\"!=typeof URL&&(d.wp=d.wp||{},d.wp.receiveEmbedMessage||(d.wp.receiveEmbedMessage=function(e){var t=e.data;if((t||t.secret||t.message||t.value)&&!\/[^a-zA-Z0-9]\/.test(t.secret)){for(var s,r,n,a=l.querySelectorAll('iframe[data-secret=\"'+t.secret+'\"]'),o=l.querySelectorAll('blockquote[data-secret=\"'+t.secret+'\"]'),c=new RegExp(\"^https?:$\",\"i\"),i=0;i<o.length;i++)o[i].style.display=\"none\";for(i=0;i<a.length;i++)s=a[i],e.source===s.contentWindow&&(s.removeAttribute(\"style\"),\"height\"===t.message?(1e3<(r=parseInt(t.value,10))?r=1e3:~~r<200&&(r=200),s.height=r):\"link\"===t.message&&(r=new URL(s.getAttribute(\"src\")),n=new URL(t.value),c.test(n.protocol))&&n.host===r.host&&l.activeElement===s&&(d.top.location.href=t.value))}},d.addEventListener(\"message\",d.wp.receiveEmbedMessage,!1),l.addEventListener(\"DOMContentLoaded\",function(){for(var e,t,s=l.querySelectorAll(\"iframe.wp-embedded-content\"),r=0;r<s.length;r++)(t=(e=s[r]).getAttribute(\"data-secret\"))||(t=Math.random().toString(36).substring(2,12),e.src+=\"#?secret=\"+t,e.setAttribute(\"data-secret\",t)),e.contentWindow.postMessage({message:\"ready\",secret:t},\"*\")},!1)))}(window,document);\n\/\/# sourceURL=https:\/\/blogs.correiobraziliense.com.br\/vicente\/wp-includes\/js\/wp-embed.min.js\n<\/script>\n","description":"Pelos c\u00e1lculos do economista-chefe do Banco Haitong, Jankiel Santos, a infla\u00e7\u00e3o de fevereiro teve varia\u00e7\u00e3o de 0,3%, o que manteve o \u00cdndice de Pre\u00e7os ao Consumidor Amplo (IPCA) no acumulado de 12 meses abaixo do piso da meta, de 3%, ou seja, em 2,8%. Ele explica que esse resultado seria compat\u00edvel com mais uma queda [&hellip;]","thumbnail_url":"https:\/\/blogs.correiobraziliense.com.br\/vicente\/wp-content\/uploads\/sites\/16\/2016\/05\/avatar_vicente.png","thumbnail_width":200,"thumbnail_height":200}

Inflação só dá notícia boa - Blog do Vicente

<blockquote class="wp-embedded-content" data-secret="5J3LEPqIgK"><a href="https://blogs.correiobraziliense.com.br/vicente/inflacao-so-da-noticia-boa/">Inflação só dá notícia boa</a></blockquote><iframe sandbox="allow-scripts" security="restricted" src="https://blogs.correiobraziliense.com.br/vicente/inflacao-so-da-noticia-boa/embed/#?secret=5J3LEPqIgK" width="600" height="338" title="&#8220;Inflação só dá notícia boa&#8221; &#8212; Blog do Vicente" data-secret="5J3LEPqIgK" frameborder="0" marginwidth="0" marginheight="0" scrolling="no" class="wp-embedded-content"></iframe><script>
/*! This file is auto-generated */
!function(d,l){"use strict";l.querySelector&&d.addEventListener&&"undefined"!=typeof URL&&(d.wp=d.wp||{},d.wp.receiveEmbedMessage||(d.wp.receiveEmbedMessage=function(e){var t=e.data;if((t||t.secret||t.message||t.value)&&!/[^a-zA-Z0-9]/.test(t.secret)){for(var s,r,n,a=l.querySelectorAll('iframe[data-secret="'+t.secret+'"]'),o=l.querySelectorAll('blockquote[data-secret="'+t.secret+'"]'),c=new RegExp("^https?:$","i"),i=0;i<o.length;i++)o[i].style.display="none";for(i=0;i<a.length;i++)s=a[i],e.source===s.contentWindow&&(s.removeAttribute("style"),"height"===t.message?(1e3<(r=parseInt(t.value,10))?r=1e3:~~r<200&&(r=200),s.height=r):"link"===t.message&&(r=new URL(s.getAttribute("src")),n=new URL(t.value),c.test(n.protocol))&&n.host===r.host&&l.activeElement===s&&(d.top.location.href=t.value))}},d.addEventListener("message",d.wp.receiveEmbedMessage,!1),l.addEventListener("DOMContentLoaded",function(){for(var e,t,s=l.querySelectorAll("iframe.wp-embedded-content"),r=0;r<s.length;r++)(t=(e=s[r]).getAttribute("data-secret"))||(t=Math.random().toString(36).substring(2,12),e.src+="#?secret="+t,e.setAttribute("data-secret",t)),e.contentWindow.postMessage({message:"ready",secret:t},"*")},!1)))}(window,document);
//# sourceURL=https://blogs.correiobraziliense.com.br/vicente/wp-includes/js/wp-embed.min.js
</script>

Pelos cálculos do economista-chefe do Banco Haitong, Jankiel Santos, a inflação de fevereiro teve variação de 0,3%, o que manteve o Índice de Preços ao Consumidor Amplo (IPCA) no acumulado de 12 meses abaixo do piso da meta, de 3%, ou seja, em 2,8%. Ele explica que esse resultado seria compatível com mais uma queda [&hellip;]
