{"id":803,"date":"2019-04-25T17:04:39","date_gmt":"2019-04-25T20:04:39","guid":{"rendered":"https:\/\/blogs.correiobraziliense.com.br\/trilhasonora\/wp-content\/uploads\/sites\/39\/2019\/04\/CBPFOT270220100147.jpg"},"modified":"2019-04-25T17:04:39","modified_gmt":"2019-04-25T20:04:39","slug":"cbpfot270220100147","status":"inherit","type":"attachment","link":"https:\/\/blogs.correiobraziliense.com.br\/trilhasonora\/micarecandanga-brasilia\/cbpfot270220100147\/","title":{"rendered":"CBPFOT270220100147"},"author":84,"featured_media":0,"comment_status":"open","ping_status":"closed","template":"","meta":[],"class_list":["post-803","attachment","type-attachment","status-inherit","hentry"],"smush":{"stats":{"percent":5.2072899665191485,"bytes":13049,"size_before":250591,"size_after":237542,"time":0.11,"api_version":"1.0","lossy":false,"keep_exif":true},"sizes":{"thumbnail":{"percent":6.67,"bytes":549,"size_before":8235,"size_after":7686,"time":0.01},"medium":{"percent":6.32,"bytes":1204,"size_before":19050,"size_after":17846,"time":0.02},"medium_large":{"percent":4.89,"bytes":3811,"size_before":77953,"size_after":74142,"time":0.02},"sunet-medium-thumb":{"percent":5.39,"bytes":2568,"size_before":47657,"size_after":45089,"time":0.02},"sunet-small-thumb":{"percent":6.9,"bytes":850,"size_before":12316,"size_after":11466,"time":0.01},"full":{"percent":4.76,"bytes":4067,"size_before":85380,"size_after":81313,"time":0.03}}},"description":{"rendered":"<p class=\"attachment\"><a href='https:\/\/blogs.correiobraziliense.com.br\/trilhasonora\/wp-content\/uploads\/sites\/39\/2019\/04\/CBPFOT270220100147.jpg'><img loading=\"lazy\" decoding=\"async\" width=\"300\" height=\"198\" src=\"https:\/\/blogs.correiobraziliense.com.br\/trilhasonora\/wp-content\/uploads\/sites\/39\/2019\/04\/CBPFOT270220100147-300x198.jpg\" class=\"attachment-medium size-medium\" alt=\"\" srcset=\"https:\/\/blogs.correiobraziliense.com.br\/trilhasonora\/wp-content\/uploads\/sites\/39\/2019\/04\/CBPFOT270220100147-300x198.jpg 300w, https:\/\/blogs.correiobraziliense.com.br\/trilhasonora\/wp-content\/uploads\/sites\/39\/2019\/04\/CBPFOT270220100147-768x508.jpg 768w, https:\/\/blogs.correiobraziliense.com.br\/trilhasonora\/wp-content\/uploads\/sites\/39\/2019\/04\/CBPFOT270220100147-550x364.jpg 550w, https:\/\/blogs.correiobraziliense.com.br\/trilhasonora\/wp-content\/uploads\/sites\/39\/2019\/04\/CBPFOT270220100147-230x152.jpg 230w, https:\/\/blogs.correiobraziliense.com.br\/trilhasonora\/wp-content\/uploads\/sites\/39\/2019\/04\/CBPFOT270220100147.jpg 800w\" sizes=\"auto, (max-width: 300px) 100vw, 300px\" \/><\/a><\/p>\n"},"caption":{"rendered":"<p>21\/08\/1994. Cr\u00e9dito: Andr\u00e9 Brant\/CB\/D.A Press. Brasil. Bras\u00edlia &#8211; DF. Vocalista da banda Chiclete com Banana, Bell Marques (len\u00e7o vermelho), em cima de trio el\u00e9trico durante a Micarecandanga 1994 na Esplanada dos Minist\u00e9rios.<\/p>\n"},"alt_text":"","media_type":"image","mime_type":"image\/jpeg","media_details":{"width":800,"height":529,"file":"2019\/04\/CBPFOT270220100147.jpg","sizes":{"thumbnail":{"file":"CBPFOT270220100147-150x150.jpg","width":150,"height":150,"mime_type":"image\/jpeg","source_url":"https:\/\/blogs.correiobraziliense.com.br\/trilhasonora\/wp-content\/uploads\/sites\/39\/2019\/04\/CBPFOT270220100147-150x150.jpg"},"medium":{"file":"CBPFOT270220100147-300x198.jpg","width":300,"height":198,"mime_type":"image\/jpeg","source_url":"https:\/\/blogs.correiobraziliense.com.br\/trilhasonora\/wp-content\/uploads\/sites\/39\/2019\/04\/CBPFOT270220100147-300x198.jpg"},"medium_large":{"file":"CBPFOT270220100147-768x508.jpg","width":768,"height":508,"mime_type":"image\/jpeg","source_url":"https:\/\/blogs.correiobraziliense.com.br\/trilhasonora\/wp-content\/uploads\/sites\/39\/2019\/04\/CBPFOT270220100147-768x508.jpg"},"sunet-medium-thumb":{"file":"CBPFOT270220100147-550x364.jpg","width":550,"height":364,"mime_type":"image\/jpeg","source_url":"https:\/\/blogs.correiobraziliense.com.br\/trilhasonora\/wp-content\/uploads\/sites\/39\/2019\/04\/CBPFOT270220100147-550x364.jpg"},"sunet-small-thumb":{"file":"CBPFOT270220100147-230x152.jpg","width":230,"height":152,"mime_type":"image\/jpeg","source_url":"https:\/\/blogs.correiobraziliense.com.br\/trilhasonora\/wp-content\/uploads\/sites\/39\/2019\/04\/CBPFOT270220100147-230x152.jpg"},"full":{"file":"CBPFOT270220100147.jpg","width":800,"height":529,"mime_type":"image\/jpeg","source_url":"https:\/\/blogs.correiobraziliense.com.br\/trilhasonora\/wp-content\/uploads\/sites\/39\/2019\/04\/CBPFOT270220100147.jpg"}},"image_meta":{"aperture":"0","credit":"Andr\u00e9 Brant\/CB\/D.A Press","camera":"","caption":"21\/08\/1994. Cr\u00e9dito: Andr\u00e9 Brant\/CB\/D.A Press. Brasil. Bras\u00edlia - DF. Vocalista da banda Chiclete com Banana, Bell Marques (len\u00e7o vermelho), em cima de trio el\u00e9trico durante a Micarecandanga 1994 na Esplanada dos Minist\u00e9rios.","created_timestamp":"0","copyright":"","focal_length":"0","iso":"0","shutter_speed":"0","title":"","orientation":"0"}},"post":795,"source_url":"https:\/\/blogs.correiobraziliense.com.br\/trilhasonora\/wp-content\/uploads\/sites\/39\/2019\/04\/CBPFOT270220100147.jpg","filename":"CBPFOT270220100147.jpg","filesize":81313,"_links":{"self":[{"href":"https:\/\/blogs.correiobraziliense.com.br\/trilhasonora\/wp-json\/wp\/v2\/media\/803","targetHints":{"allow":["GET"]}}],"collection":[{"href":"https:\/\/blogs.correiobraziliense.com.br\/trilhasonora\/wp-json\/wp\/v2\/media"}],"about":[{"href":"https:\/\/blogs.correiobraziliense.com.br\/trilhasonora\/wp-json\/wp\/v2\/types\/attachment"}],"author":[{"embeddable":true,"href":"https:\/\/blogs.correiobraziliense.com.br\/trilhasonora\/wp-json\/wp\/v2\/users\/84"}],"replies":[{"embeddable":true,"href":"https:\/\/blogs.correiobraziliense.com.br\/trilhasonora\/wp-json\/wp\/v2\/comments?post=803"}],"wp:attached-to":[{"embeddable":true,"post_type":"post","id":795,"href":"https:\/\/blogs.correiobraziliense.com.br\/trilhasonora\/wp-json\/wp\/v2\/posts\/795"}],"curies":[{"name":"wp","href":"https:\/\/api.w.org\/{rel}","templated":true}]}}

<p>21/08/1994. Crédito: André Brant/CB/D.A Press. Brasil. Brasília &#8211; DF. Vocalista da banda Chiclete com Banana, Bell Marques (lenço vermelho), em cima de trio elétrico durante a Micarecandanga 1994 na Esplanada dos Ministérios.</p>

André Brant/CB/D.A Press

21/08/1994. Crédito: André Brant/CB/D.A Press. Brasil. Brasília - DF. Vocalista da banda Chiclete com Banana, Bell Marques (lenço vermelho), em cima de trio elétrico durante a Micarecandanga 1994 na Esplanada dos Ministérios.
