{"id":800,"date":"2019-04-25T17:04:00","date_gmt":"2019-04-25T20:04:00","guid":{"rendered":"https:\/\/blogs.correiobraziliense.com.br\/trilhasonora\/wp-content\/uploads\/sites\/39\/2019\/04\/CBPFOT270220100064.jpg"},"modified":"2019-04-25T17:04:00","modified_gmt":"2019-04-25T20:04:00","slug":"cbpfot270220100064","status":"inherit","type":"attachment","link":"https:\/\/blogs.correiobraziliense.com.br\/trilhasonora\/micarecandanga-brasilia\/cbpfot270220100064\/","title":{"rendered":"CBPFOT270220100064"},"author":84,"featured_media":0,"comment_status":"open","ping_status":"closed","template":"","meta":[],"class_list":["post-800","attachment","type-attachment","status-inherit","hentry"],"smush":{"stats":{"percent":5.415844407688359,"bytes":23739,"size_before":438325,"size_after":414586,"time":0.16,"api_version":"1.0","lossy":false,"keep_exif":true},"sizes":{"thumbnail":{"percent":5.88,"bytes":489,"size_before":8313,"size_after":7824,"time":0.01},"medium":{"percent":6,"bytes":1076,"size_before":17923,"size_after":16847,"time":0.01},"medium_large":{"percent":5.05,"bytes":8106,"size_before":160671,"size_after":152565,"time":0.05},"large":{"percent":5.38,"bytes":7255,"size_before":134781,"size_after":127526,"time":0.04},"sunet-medium-thumb":{"percent":5.75,"bytes":5432,"size_before":94407,"size_after":88975,"time":0.03},"sunet-small-thumb":{"percent":6.21,"bytes":1381,"size_before":22230,"size_after":20849,"time":0.02}}},"description":{"rendered":"<p class=\"attachment\"><a href='https:\/\/blogs.correiobraziliense.com.br\/trilhasonora\/wp-content\/uploads\/sites\/39\/2019\/04\/CBPFOT270220100064.jpg'><img loading=\"lazy\" decoding=\"async\" width=\"202\" height=\"300\" src=\"https:\/\/blogs.correiobraziliense.com.br\/trilhasonora\/wp-content\/uploads\/sites\/39\/2019\/04\/CBPFOT270220100064-202x300.jpg\" class=\"attachment-medium size-medium\" alt=\"\" srcset=\"https:\/\/blogs.correiobraziliense.com.br\/trilhasonora\/wp-content\/uploads\/sites\/39\/2019\/04\/CBPFOT270220100064-202x300.jpg 202w, https:\/\/blogs.correiobraziliense.com.br\/trilhasonora\/wp-content\/uploads\/sites\/39\/2019\/04\/CBPFOT270220100064-768x1143.jpg 768w, https:\/\/blogs.correiobraziliense.com.br\/trilhasonora\/wp-content\/uploads\/sites\/39\/2019\/04\/CBPFOT270220100064-688x1024.jpg 688w, https:\/\/blogs.correiobraziliense.com.br\/trilhasonora\/wp-content\/uploads\/sites\/39\/2019\/04\/CBPFOT270220100064-550x819.jpg 550w, https:\/\/blogs.correiobraziliense.com.br\/trilhasonora\/wp-content\/uploads\/sites\/39\/2019\/04\/CBPFOT270220100064-230x342.jpg 230w, https:\/\/blogs.correiobraziliense.com.br\/trilhasonora\/wp-content\/uploads\/sites\/39\/2019\/04\/CBPFOT270220100064.jpg 800w\" sizes=\"auto, (max-width: 202px) 100vw, 202px\" \/><\/a><\/p>\n"},"caption":{"rendered":"<p>21\/08\/1994. Cr\u00e9dito: Andr\u00e9 Brant\/CB\/D.A Press. Brasil. Bras\u00edlia &#8211; DF. Pessoas durante a micarecandanga 1994, pr\u00f3ximas ao pr\u00e9dio do Congresso Nacional, na Esplanada dos Minist\u00e9rios.<\/p>\n"},"alt_text":"","media_type":"image","mime_type":"image\/jpeg","media_details":{"width":800,"height":1191,"file":"2019\/04\/CBPFOT270220100064.jpg","sizes":{"thumbnail":{"file":"CBPFOT270220100064-150x150.jpg","width":150,"height":150,"mime_type":"image\/jpeg","source_url":"https:\/\/blogs.correiobraziliense.com.br\/trilhasonora\/wp-content\/uploads\/sites\/39\/2019\/04\/CBPFOT270220100064-150x150.jpg"},"medium":{"file":"CBPFOT270220100064-202x300.jpg","width":202,"height":300,"mime_type":"image\/jpeg","source_url":"https:\/\/blogs.correiobraziliense.com.br\/trilhasonora\/wp-content\/uploads\/sites\/39\/2019\/04\/CBPFOT270220100064-202x300.jpg"},"medium_large":{"file":"CBPFOT270220100064-768x1143.jpg","width":768,"height":1143,"mime_type":"image\/jpeg","source_url":"https:\/\/blogs.correiobraziliense.com.br\/trilhasonora\/wp-content\/uploads\/sites\/39\/2019\/04\/CBPFOT270220100064-768x1143.jpg"},"large":{"file":"CBPFOT270220100064-688x1024.jpg","width":688,"height":1024,"mime_type":"image\/jpeg","source_url":"https:\/\/blogs.correiobraziliense.com.br\/trilhasonora\/wp-content\/uploads\/sites\/39\/2019\/04\/CBPFOT270220100064-688x1024.jpg"},"sunet-medium-thumb":{"file":"CBPFOT270220100064-550x819.jpg","width":550,"height":819,"mime_type":"image\/jpeg","source_url":"https:\/\/blogs.correiobraziliense.com.br\/trilhasonora\/wp-content\/uploads\/sites\/39\/2019\/04\/CBPFOT270220100064-550x819.jpg"},"sunet-small-thumb":{"file":"CBPFOT270220100064-230x342.jpg","width":230,"height":342,"mime_type":"image\/jpeg","source_url":"https:\/\/blogs.correiobraziliense.com.br\/trilhasonora\/wp-content\/uploads\/sites\/39\/2019\/04\/CBPFOT270220100064-230x342.jpg"},"full":{"file":"CBPFOT270220100064.jpg","width":800,"height":1191,"mime_type":"image\/jpeg","source_url":"https:\/\/blogs.correiobraziliense.com.br\/trilhasonora\/wp-content\/uploads\/sites\/39\/2019\/04\/CBPFOT270220100064.jpg"}},"image_meta":{"aperture":"0","credit":"Andr\u00e9 Brant\/CB\/D.A Press","camera":"","caption":"21\/08\/1994. Cr\u00e9dito: Andr\u00e9 Brant\/CB\/D.A Press. Brasil. Bras\u00edlia - DF. Pessoas durante a micarecandanga 1994, pr\u00f3ximas ao pr\u00e9dio do Congresso Nacional, na Esplanada dos Minist\u00e9rios.","created_timestamp":"0","copyright":"","focal_length":"0","iso":"0","shutter_speed":"0","title":"","orientation":"0","keywords":["Congresso Nacional"]}},"post":795,"source_url":"https:\/\/blogs.correiobraziliense.com.br\/trilhasonora\/wp-content\/uploads\/sites\/39\/2019\/04\/CBPFOT270220100064.jpg","filename":"CBPFOT270220100064.jpg","filesize":179157,"_links":{"self":[{"href":"https:\/\/blogs.correiobraziliense.com.br\/trilhasonora\/wp-json\/wp\/v2\/media\/800","targetHints":{"allow":["GET"]}}],"collection":[{"href":"https:\/\/blogs.correiobraziliense.com.br\/trilhasonora\/wp-json\/wp\/v2\/media"}],"about":[{"href":"https:\/\/blogs.correiobraziliense.com.br\/trilhasonora\/wp-json\/wp\/v2\/types\/attachment"}],"author":[{"embeddable":true,"href":"https:\/\/blogs.correiobraziliense.com.br\/trilhasonora\/wp-json\/wp\/v2\/users\/84"}],"replies":[{"embeddable":true,"href":"https:\/\/blogs.correiobraziliense.com.br\/trilhasonora\/wp-json\/wp\/v2\/comments?post=800"}],"wp:attached-to":[{"embeddable":true,"post_type":"post","id":795,"href":"https:\/\/blogs.correiobraziliense.com.br\/trilhasonora\/wp-json\/wp\/v2\/posts\/795"}],"curies":[{"name":"wp","href":"https:\/\/api.w.org\/{rel}","templated":true}]}}

<p>21/08/1994. Crédito: André Brant/CB/D.A Press. Brasil. Brasília &#8211; DF. Pessoas durante a micarecandanga 1994, próximas ao prédio do Congresso Nacional, na Esplanada dos Ministérios.</p>

André Brant/CB/D.A Press

21/08/1994. Crédito: André Brant/CB/D.A Press. Brasil. Brasília - DF. Pessoas durante a micarecandanga 1994, próximas ao prédio do Congresso Nacional, na Esplanada dos Ministérios.
