{"id":735,"date":"2019-03-18T11:21:24","date_gmt":"2019-03-18T14:21:24","guid":{"rendered":"https:\/\/blogs.correiobraziliense.com.br\/trilhasonora\/wp-content\/uploads\/sites\/39\/2019\/03\/CBNFOT150320191422.jpg"},"modified":"2019-03-18T11:21:24","modified_gmt":"2019-03-18T14:21:24","slug":"cbnfot150320191422","status":"inherit","type":"attachment","link":"https:\/\/blogs.correiobraziliense.com.br\/trilhasonora\/revela-te-chico-todas-as-imagens-de-chico\/cbnfot150320191422\/","title":{"rendered":"CBNFOT150320191422"},"author":84,"featured_media":0,"comment_status":"open","ping_status":"closed","template":"","meta":[],"class_list":["post-735","attachment","type-attachment","status-inherit","hentry"],"smush":{"stats":{"percent":3.108165816864668,"bytes":6041,"size_before":194359,"size_after":188318,"time":0.14,"api_version":"1.0","lossy":false,"keep_exif":true},"sizes":{"thumbnail":{"percent":4.96,"bytes":313,"size_before":6309,"size_after":5996,"time":0.01},"medium":{"percent":3.98,"bytes":588,"size_before":14777,"size_after":14189,"time":0.01},"medium_large":{"percent":2.69,"bytes":1641,"size_before":60960,"size_after":59319,"time":0.05},"sunet-medium-thumb":{"percent":3.26,"bytes":1223,"size_before":37548,"size_after":36325,"time":0.02},"sunet-small-thumb":{"percent":4.84,"bytes":473,"size_before":9779,"size_after":9306,"time":0.02},"full":{"percent":2.77,"bytes":1803,"size_before":64986,"size_after":63183,"time":0.03}}},"description":{"rendered":"<p class=\"attachment\"><a href='https:\/\/blogs.correiobraziliense.com.br\/trilhasonora\/wp-content\/uploads\/sites\/39\/2019\/03\/CBNFOT150320191422.jpg'><img loading=\"lazy\" decoding=\"async\" width=\"300\" height=\"226\" src=\"https:\/\/blogs.correiobraziliense.com.br\/trilhasonora\/wp-content\/uploads\/sites\/39\/2019\/03\/CBNFOT150320191422-300x226.jpg\" class=\"attachment-medium size-medium\" alt=\"\" srcset=\"https:\/\/blogs.correiobraziliense.com.br\/trilhasonora\/wp-content\/uploads\/sites\/39\/2019\/03\/CBNFOT150320191422-300x226.jpg 300w, https:\/\/blogs.correiobraziliense.com.br\/trilhasonora\/wp-content\/uploads\/sites\/39\/2019\/03\/CBNFOT150320191422-768x579.jpg 768w, https:\/\/blogs.correiobraziliense.com.br\/trilhasonora\/wp-content\/uploads\/sites\/39\/2019\/03\/CBNFOT150320191422-550x415.jpg 550w, https:\/\/blogs.correiobraziliense.com.br\/trilhasonora\/wp-content\/uploads\/sites\/39\/2019\/03\/CBNFOT150320191422-230x173.jpg 230w, https:\/\/blogs.correiobraziliense.com.br\/trilhasonora\/wp-content\/uploads\/sites\/39\/2019\/03\/CBNFOT150320191422.jpg 800w\" sizes=\"auto, (max-width: 300px) 100vw, 300px\" \/><\/a><\/p>\n"},"caption":{"rendered":"<p>2019. Cr\u00e9dito: Sergio Lobo\/Divulga\u00e7\u00e3o. Cultura. Chico Buarque \u00e9 tema da fotobiografia Revela-te, Chico, organizado por Augusto Lins Soares e com textos de Joaquim Ferreira dos Santos.<\/p>\n"},"alt_text":"","media_type":"image","mime_type":"image\/jpeg","media_details":{"width":800,"height":603,"file":"2019\/03\/CBNFOT150320191422.jpg","sizes":{"thumbnail":{"file":"CBNFOT150320191422-150x150.jpg","width":150,"height":150,"mime_type":"image\/jpeg","source_url":"https:\/\/blogs.correiobraziliense.com.br\/trilhasonora\/wp-content\/uploads\/sites\/39\/2019\/03\/CBNFOT150320191422-150x150.jpg"},"medium":{"file":"CBNFOT150320191422-300x226.jpg","width":300,"height":226,"mime_type":"image\/jpeg","source_url":"https:\/\/blogs.correiobraziliense.com.br\/trilhasonora\/wp-content\/uploads\/sites\/39\/2019\/03\/CBNFOT150320191422-300x226.jpg"},"medium_large":{"file":"CBNFOT150320191422-768x579.jpg","width":768,"height":579,"mime_type":"image\/jpeg","source_url":"https:\/\/blogs.correiobraziliense.com.br\/trilhasonora\/wp-content\/uploads\/sites\/39\/2019\/03\/CBNFOT150320191422-768x579.jpg"},"sunet-medium-thumb":{"file":"CBNFOT150320191422-550x415.jpg","width":550,"height":415,"mime_type":"image\/jpeg","source_url":"https:\/\/blogs.correiobraziliense.com.br\/trilhasonora\/wp-content\/uploads\/sites\/39\/2019\/03\/CBNFOT150320191422-550x415.jpg"},"sunet-small-thumb":{"file":"CBNFOT150320191422-230x173.jpg","width":230,"height":173,"mime_type":"image\/jpeg","source_url":"https:\/\/blogs.correiobraziliense.com.br\/trilhasonora\/wp-content\/uploads\/sites\/39\/2019\/03\/CBNFOT150320191422-230x173.jpg"},"full":{"file":"CBNFOT150320191422.jpg","width":800,"height":603,"mime_type":"image\/jpeg","source_url":"https:\/\/blogs.correiobraziliense.com.br\/trilhasonora\/wp-content\/uploads\/sites\/39\/2019\/03\/CBNFOT150320191422.jpg"}},"image_meta":{"aperture":"0","credit":"SergioLobo\/Divulgacao","camera":"","caption":"2019. Cr\u00e9dito: Sergio Lobo\/Divulga\u00e7\u00e3o. Cultura. Chico Buarque \u00e9 tema da fotobiografia Revela-te, Chico, organizado por Augusto Lins Soares e com textos de Joaquim Ferreira dos Santos.","created_timestamp":"0","copyright":"","focal_length":"0","iso":"0","shutter_speed":"0","title":"","orientation":"0"}},"post":727,"source_url":"https:\/\/blogs.correiobraziliense.com.br\/trilhasonora\/wp-content\/uploads\/sites\/39\/2019\/03\/CBNFOT150320191422.jpg","filename":"CBNFOT150320191422.jpg","filesize":63183,"_links":{"self":[{"href":"https:\/\/blogs.correiobraziliense.com.br\/trilhasonora\/wp-json\/wp\/v2\/media\/735","targetHints":{"allow":["GET"]}}],"collection":[{"href":"https:\/\/blogs.correiobraziliense.com.br\/trilhasonora\/wp-json\/wp\/v2\/media"}],"about":[{"href":"https:\/\/blogs.correiobraziliense.com.br\/trilhasonora\/wp-json\/wp\/v2\/types\/attachment"}],"author":[{"embeddable":true,"href":"https:\/\/blogs.correiobraziliense.com.br\/trilhasonora\/wp-json\/wp\/v2\/users\/84"}],"replies":[{"embeddable":true,"href":"https:\/\/blogs.correiobraziliense.com.br\/trilhasonora\/wp-json\/wp\/v2\/comments?post=735"}],"wp:attached-to":[{"embeddable":true,"post_type":"post","id":727,"href":"https:\/\/blogs.correiobraziliense.com.br\/trilhasonora\/wp-json\/wp\/v2\/posts\/727"}],"curies":[{"name":"wp","href":"https:\/\/api.w.org\/{rel}","templated":true}]}}

<p>2019. Crédito: Sergio Lobo/Divulgação. Cultura. Chico Buarque é tema da fotobiografia Revela-te, Chico, organizado por Augusto Lins Soares e com textos de Joaquim Ferreira dos Santos.</p>

2019. Crédito: Sergio Lobo/Divulgação. Cultura. Chico Buarque é tema da fotobiografia Revela-te, Chico, organizado por Augusto Lins Soares e com textos de Joaquim Ferreira dos Santos.
