{"id":733,"date":"2019-03-18T11:21:16","date_gmt":"2019-03-18T14:21:16","guid":{"rendered":"https:\/\/blogs.correiobraziliense.com.br\/trilhasonora\/wp-content\/uploads\/sites\/39\/2019\/03\/CBNFOT150320191420.jpg"},"modified":"2019-03-18T11:21:16","modified_gmt":"2019-03-18T14:21:16","slug":"cbnfot150320191420","status":"inherit","type":"attachment","link":"https:\/\/blogs.correiobraziliense.com.br\/trilhasonora\/revela-te-chico-todas-as-imagens-de-chico\/cbnfot150320191420\/","title":{"rendered":"CBNFOT150320191420"},"author":84,"featured_media":0,"comment_status":"open","ping_status":"closed","template":"","meta":[],"class_list":["post-733","attachment","type-attachment","status-inherit","hentry"],"smush":{"stats":{"percent":3.9773249578673204,"bytes":11682,"size_before":293715,"size_after":282033,"time":0.15000000000000002,"api_version":"1.0","lossy":false,"keep_exif":true},"sizes":{"thumbnail":{"percent":6.22,"bytes":489,"size_before":7856,"size_after":7367,"time":0.01},"medium":{"percent":5.42,"bytes":860,"size_before":15871,"size_after":15011,"time":0.01},"medium_large":{"percent":3.63,"bytes":3537,"size_before":97394,"size_after":93857,"time":0.04},"large":{"percent":3.61,"bytes":3428,"size_before":95008,"size_after":91580,"time":0.04},"sunet-medium-thumb":{"percent":4.02,"bytes":2445,"size_before":60748,"size_after":58303,"time":0.04},"sunet-small-thumb":{"percent":5.48,"bytes":923,"size_before":16838,"size_after":15915,"time":0.01}}},"description":{"rendered":"<p class=\"attachment\"><a href='https:\/\/blogs.correiobraziliense.com.br\/trilhasonora\/wp-content\/uploads\/sites\/39\/2019\/03\/CBNFOT150320191420.jpg'><img loading=\"lazy\" decoding=\"async\" width=\"221\" height=\"300\" src=\"https:\/\/blogs.correiobraziliense.com.br\/trilhasonora\/wp-content\/uploads\/sites\/39\/2019\/03\/CBNFOT150320191420-221x300.jpg\" class=\"attachment-medium size-medium\" alt=\"\" srcset=\"https:\/\/blogs.correiobraziliense.com.br\/trilhasonora\/wp-content\/uploads\/sites\/39\/2019\/03\/CBNFOT150320191420-221x300.jpg 221w, https:\/\/blogs.correiobraziliense.com.br\/trilhasonora\/wp-content\/uploads\/sites\/39\/2019\/03\/CBNFOT150320191420-768x1043.jpg 768w, https:\/\/blogs.correiobraziliense.com.br\/trilhasonora\/wp-content\/uploads\/sites\/39\/2019\/03\/CBNFOT150320191420-754x1024.jpg 754w, https:\/\/blogs.correiobraziliense.com.br\/trilhasonora\/wp-content\/uploads\/sites\/39\/2019\/03\/CBNFOT150320191420-550x747.jpg 550w, https:\/\/blogs.correiobraziliense.com.br\/trilhasonora\/wp-content\/uploads\/sites\/39\/2019\/03\/CBNFOT150320191420-230x312.jpg 230w, https:\/\/blogs.correiobraziliense.com.br\/trilhasonora\/wp-content\/uploads\/sites\/39\/2019\/03\/CBNFOT150320191420.jpg 800w\" sizes=\"auto, (max-width: 221px) 100vw, 221px\" \/><\/a><\/p>\n"},"caption":{"rendered":"<p>2019. Cr\u00e9dito: David Drew Zingg\/Divulga\u00e7\u00e3o. Cultura. Chico Buarque \u00e9 tema da fotobiografia Revela-te, Chico, organizado por Augusto Lins Soares e com textos de Joaquim Ferreira dos Santos.<\/p>\n"},"alt_text":"","media_type":"image","mime_type":"image\/jpeg","media_details":{"width":800,"height":1086,"file":"2019\/03\/CBNFOT150320191420.jpg","sizes":{"thumbnail":{"file":"CBNFOT150320191420-150x150.jpg","width":150,"height":150,"mime_type":"image\/jpeg","source_url":"https:\/\/blogs.correiobraziliense.com.br\/trilhasonora\/wp-content\/uploads\/sites\/39\/2019\/03\/CBNFOT150320191420-150x150.jpg"},"medium":{"file":"CBNFOT150320191420-221x300.jpg","width":221,"height":300,"mime_type":"image\/jpeg","source_url":"https:\/\/blogs.correiobraziliense.com.br\/trilhasonora\/wp-content\/uploads\/sites\/39\/2019\/03\/CBNFOT150320191420-221x300.jpg"},"medium_large":{"file":"CBNFOT150320191420-768x1043.jpg","width":768,"height":1043,"mime_type":"image\/jpeg","source_url":"https:\/\/blogs.correiobraziliense.com.br\/trilhasonora\/wp-content\/uploads\/sites\/39\/2019\/03\/CBNFOT150320191420-768x1043.jpg"},"large":{"file":"CBNFOT150320191420-754x1024.jpg","width":754,"height":1024,"mime_type":"image\/jpeg","source_url":"https:\/\/blogs.correiobraziliense.com.br\/trilhasonora\/wp-content\/uploads\/sites\/39\/2019\/03\/CBNFOT150320191420-754x1024.jpg"},"sunet-medium-thumb":{"file":"CBNFOT150320191420-550x747.jpg","width":550,"height":747,"mime_type":"image\/jpeg","source_url":"https:\/\/blogs.correiobraziliense.com.br\/trilhasonora\/wp-content\/uploads\/sites\/39\/2019\/03\/CBNFOT150320191420-550x747.jpg"},"sunet-small-thumb":{"file":"CBNFOT150320191420-230x312.jpg","width":230,"height":312,"mime_type":"image\/jpeg","source_url":"https:\/\/blogs.correiobraziliense.com.br\/trilhasonora\/wp-content\/uploads\/sites\/39\/2019\/03\/CBNFOT150320191420-230x312.jpg"},"full":{"file":"CBNFOT150320191420.jpg","width":800,"height":1086,"mime_type":"image\/jpeg","source_url":"https:\/\/blogs.correiobraziliense.com.br\/trilhasonora\/wp-content\/uploads\/sites\/39\/2019\/03\/CBNFOT150320191420.jpg"}},"image_meta":{"aperture":"0","credit":"David Drew Zingg\/Divulgacao","camera":"","caption":"2019. Cr\u00e9dito: David Drew Zingg\/Divulga\u00e7\u00e3o. Cultura. Chico Buarque \u00e9 tema da fotobiografia Revela-te, Chico, organizado por Augusto Lins Soares e com textos de Joaquim Ferreira dos Santos.","created_timestamp":"0","copyright":"","focal_length":"0","iso":"0","shutter_speed":"0","title":"","orientation":"0"}},"post":727,"source_url":"https:\/\/blogs.correiobraziliense.com.br\/trilhasonora\/wp-content\/uploads\/sites\/39\/2019\/03\/CBNFOT150320191420.jpg","filename":"CBNFOT150320191420.jpg","filesize":102086,"_links":{"self":[{"href":"https:\/\/blogs.correiobraziliense.com.br\/trilhasonora\/wp-json\/wp\/v2\/media\/733","targetHints":{"allow":["GET"]}}],"collection":[{"href":"https:\/\/blogs.correiobraziliense.com.br\/trilhasonora\/wp-json\/wp\/v2\/media"}],"about":[{"href":"https:\/\/blogs.correiobraziliense.com.br\/trilhasonora\/wp-json\/wp\/v2\/types\/attachment"}],"author":[{"embeddable":true,"href":"https:\/\/blogs.correiobraziliense.com.br\/trilhasonora\/wp-json\/wp\/v2\/users\/84"}],"replies":[{"embeddable":true,"href":"https:\/\/blogs.correiobraziliense.com.br\/trilhasonora\/wp-json\/wp\/v2\/comments?post=733"}],"wp:attached-to":[{"embeddable":true,"post_type":"post","id":727,"href":"https:\/\/blogs.correiobraziliense.com.br\/trilhasonora\/wp-json\/wp\/v2\/posts\/727"}],"curies":[{"name":"wp","href":"https:\/\/api.w.org\/{rel}","templated":true}]}}

<p>2019. Crédito: David Drew Zingg/Divulgação. Cultura. Chico Buarque é tema da fotobiografia Revela-te, Chico, organizado por Augusto Lins Soares e com textos de Joaquim Ferreira dos Santos.</p>

2019. Crédito: David Drew Zingg/Divulgação. Cultura. Chico Buarque é tema da fotobiografia Revela-te, Chico, organizado por Augusto Lins Soares e com textos de Joaquim Ferreira dos Santos.
