{"id":732,"date":"2019-03-18T11:21:09","date_gmt":"2019-03-18T14:21:09","guid":{"rendered":"https:\/\/blogs.correiobraziliense.com.br\/trilhasonora\/wp-content\/uploads\/sites\/39\/2019\/03\/CBNFOT150320191419.jpg"},"modified":"2019-03-18T11:21:09","modified_gmt":"2019-03-18T14:21:09","slug":"cbnfot150320191419","status":"inherit","type":"attachment","link":"https:\/\/blogs.correiobraziliense.com.br\/trilhasonora\/revela-te-chico-todas-as-imagens-de-chico\/cbnfot150320191419\/","title":{"rendered":"CBNFOT150320191419"},"author":84,"featured_media":0,"comment_status":"open","ping_status":"closed","template":"","meta":[],"class_list":["post-732","attachment","type-attachment","status-inherit","hentry"],"smush":{"stats":{"percent":4.406423801121261,"bytes":9864,"size_before":223855,"size_after":213991,"time":0.17,"api_version":"1.0","lossy":false,"keep_exif":true},"sizes":{"thumbnail":{"percent":5.29,"bytes":253,"size_before":4786,"size_after":4533,"time":0.01},"medium":{"percent":4.39,"bytes":407,"size_before":9269,"size_after":8862,"time":0.01},"medium_large":{"percent":4.21,"bytes":3510,"size_before":83410,"size_after":79900,"time":0.06},"large":{"percent":4.44,"bytes":2740,"size_before":61707,"size_after":58967,"time":0.03},"sunet-medium-thumb":{"percent":4.62,"bytes":2381,"size_before":51580,"size_after":49199,"time":0.03},"sunet-small-thumb":{"percent":4.37,"bytes":573,"size_before":13103,"size_after":12530,"time":0.03}}},"description":{"rendered":"<p class=\"attachment\"><a href='https:\/\/blogs.correiobraziliense.com.br\/trilhasonora\/wp-content\/uploads\/sites\/39\/2019\/03\/CBNFOT150320191419.jpg'><img loading=\"lazy\" decoding=\"async\" width=\"183\" height=\"300\" src=\"https:\/\/blogs.correiobraziliense.com.br\/trilhasonora\/wp-content\/uploads\/sites\/39\/2019\/03\/CBNFOT150320191419-183x300.jpg\" class=\"attachment-medium size-medium\" alt=\"\" srcset=\"https:\/\/blogs.correiobraziliense.com.br\/trilhasonora\/wp-content\/uploads\/sites\/39\/2019\/03\/CBNFOT150320191419-183x300.jpg 183w, https:\/\/blogs.correiobraziliense.com.br\/trilhasonora\/wp-content\/uploads\/sites\/39\/2019\/03\/CBNFOT150320191419-768x1260.jpg 768w, https:\/\/blogs.correiobraziliense.com.br\/trilhasonora\/wp-content\/uploads\/sites\/39\/2019\/03\/CBNFOT150320191419-624x1024.jpg 624w, https:\/\/blogs.correiobraziliense.com.br\/trilhasonora\/wp-content\/uploads\/sites\/39\/2019\/03\/CBNFOT150320191419-550x902.jpg 550w, https:\/\/blogs.correiobraziliense.com.br\/trilhasonora\/wp-content\/uploads\/sites\/39\/2019\/03\/CBNFOT150320191419-230x377.jpg 230w, https:\/\/blogs.correiobraziliense.com.br\/trilhasonora\/wp-content\/uploads\/sites\/39\/2019\/03\/CBNFOT150320191419.jpg 800w\" sizes=\"auto, (max-width: 183px) 100vw, 183px\" \/><\/a><\/p>\n"},"caption":{"rendered":"<p>2019. Cr\u00e9dito: Almir Veiga\/Divulga\u00e7\u00e3o. Cultura. Chico Buarque \u00e9 tema da fotobiografia Revela-te, Chico, organizado por Augusto Lins Soares e com textos de Joaquim Ferreira dos Santos.<\/p>\n"},"alt_text":"","media_type":"image","mime_type":"image\/jpeg","media_details":{"width":800,"height":1312,"file":"2019\/03\/CBNFOT150320191419.jpg","sizes":{"thumbnail":{"file":"CBNFOT150320191419-150x150.jpg","width":150,"height":150,"mime_type":"image\/jpeg","source_url":"https:\/\/blogs.correiobraziliense.com.br\/trilhasonora\/wp-content\/uploads\/sites\/39\/2019\/03\/CBNFOT150320191419-150x150.jpg"},"medium":{"file":"CBNFOT150320191419-183x300.jpg","width":183,"height":300,"mime_type":"image\/jpeg","source_url":"https:\/\/blogs.correiobraziliense.com.br\/trilhasonora\/wp-content\/uploads\/sites\/39\/2019\/03\/CBNFOT150320191419-183x300.jpg"},"medium_large":{"file":"CBNFOT150320191419-768x1260.jpg","width":768,"height":1260,"mime_type":"image\/jpeg","source_url":"https:\/\/blogs.correiobraziliense.com.br\/trilhasonora\/wp-content\/uploads\/sites\/39\/2019\/03\/CBNFOT150320191419-768x1260.jpg"},"large":{"file":"CBNFOT150320191419-624x1024.jpg","width":624,"height":1024,"mime_type":"image\/jpeg","source_url":"https:\/\/blogs.correiobraziliense.com.br\/trilhasonora\/wp-content\/uploads\/sites\/39\/2019\/03\/CBNFOT150320191419-624x1024.jpg"},"sunet-medium-thumb":{"file":"CBNFOT150320191419-550x902.jpg","width":550,"height":902,"mime_type":"image\/jpeg","source_url":"https:\/\/blogs.correiobraziliense.com.br\/trilhasonora\/wp-content\/uploads\/sites\/39\/2019\/03\/CBNFOT150320191419-550x902.jpg"},"sunet-small-thumb":{"file":"CBNFOT150320191419-230x377.jpg","width":230,"height":377,"mime_type":"image\/jpeg","source_url":"https:\/\/blogs.correiobraziliense.com.br\/trilhasonora\/wp-content\/uploads\/sites\/39\/2019\/03\/CBNFOT150320191419-230x377.jpg"},"full":{"file":"CBNFOT150320191419.jpg","width":800,"height":1312,"mime_type":"image\/jpeg","source_url":"https:\/\/blogs.correiobraziliense.com.br\/trilhasonora\/wp-content\/uploads\/sites\/39\/2019\/03\/CBNFOT150320191419.jpg"}},"image_meta":{"aperture":"0","credit":"AlmirVeiga\/Divulgacao","camera":"","caption":"2019. Cr\u00e9dito: Almir Veiga\/Divulga\u00e7\u00e3o. Cultura. Chico Buarque \u00e9 tema da fotobiografia Revela-te, Chico, organizado por Augusto Lins Soares e com textos de Joaquim Ferreira dos Santos.","created_timestamp":"0","copyright":"","focal_length":"0","iso":"0","shutter_speed":"0","title":"","orientation":"0","keywords":["Chico Buarque, "]}},"post":727,"source_url":"https:\/\/blogs.correiobraziliense.com.br\/trilhasonora\/wp-content\/uploads\/sites\/39\/2019\/03\/CBNFOT150320191419.jpg","filename":"CBNFOT150320191419.jpg","filesize":86515,"_links":{"self":[{"href":"https:\/\/blogs.correiobraziliense.com.br\/trilhasonora\/wp-json\/wp\/v2\/media\/732","targetHints":{"allow":["GET"]}}],"collection":[{"href":"https:\/\/blogs.correiobraziliense.com.br\/trilhasonora\/wp-json\/wp\/v2\/media"}],"about":[{"href":"https:\/\/blogs.correiobraziliense.com.br\/trilhasonora\/wp-json\/wp\/v2\/types\/attachment"}],"author":[{"embeddable":true,"href":"https:\/\/blogs.correiobraziliense.com.br\/trilhasonora\/wp-json\/wp\/v2\/users\/84"}],"replies":[{"embeddable":true,"href":"https:\/\/blogs.correiobraziliense.com.br\/trilhasonora\/wp-json\/wp\/v2\/comments?post=732"}],"wp:attached-to":[{"embeddable":true,"post_type":"post","id":727,"href":"https:\/\/blogs.correiobraziliense.com.br\/trilhasonora\/wp-json\/wp\/v2\/posts\/727"}],"curies":[{"name":"wp","href":"https:\/\/api.w.org\/{rel}","templated":true}]}}

<p>2019. Crédito: Almir Veiga/Divulgação. Cultura. Chico Buarque é tema da fotobiografia Revela-te, Chico, organizado por Augusto Lins Soares e com textos de Joaquim Ferreira dos Santos.</p>

2019. Crédito: Almir Veiga/Divulgação. Cultura. Chico Buarque é tema da fotobiografia Revela-te, Chico, organizado por Augusto Lins Soares e com textos de Joaquim Ferreira dos Santos.
