{"id":731,"date":"2019-03-18T11:21:04","date_gmt":"2019-03-18T14:21:04","guid":{"rendered":"https:\/\/blogs.correiobraziliense.com.br\/trilhasonora\/wp-content\/uploads\/sites\/39\/2019\/03\/CBNFOT150320191418.jpg"},"modified":"2019-03-18T11:21:04","modified_gmt":"2019-03-18T14:21:04","slug":"cbnfot150320191418","status":"inherit","type":"attachment","link":"https:\/\/blogs.correiobraziliense.com.br\/trilhasonora\/revela-te-chico-todas-as-imagens-de-chico\/cbnfot150320191418\/","title":{"rendered":"CBNFOT150320191418"},"author":84,"featured_media":0,"comment_status":"open","ping_status":"closed","template":"","meta":[],"class_list":["post-731","attachment","type-attachment","status-inherit","hentry"],"smush":{"stats":{"percent":3.490173157010302,"bytes":9554,"size_before":273740,"size_after":264186,"time":0.16999999999999998,"api_version":"1.0","lossy":false,"keep_exif":true},"sizes":{"thumbnail":{"percent":5.84,"bytes":391,"size_before":6690,"size_after":6299,"time":0.01},"medium":{"percent":5.47,"bytes":791,"size_before":14470,"size_after":13679,"time":0.02},"medium_large":{"percent":3,"bytes":2799,"size_before":93282,"size_after":90483,"time":0.03},"large":{"percent":3.14,"bytes":2637,"size_before":83880,"size_after":81243,"time":0.06},"sunet-medium-thumb":{"percent":3.6,"bytes":2107,"size_before":58583,"size_after":56476,"time":0.03},"sunet-small-thumb":{"percent":4.92,"bytes":829,"size_before":16835,"size_after":16006,"time":0.02}}},"description":{"rendered":"<p class=\"attachment\"><a href='https:\/\/blogs.correiobraziliense.com.br\/trilhasonora\/wp-content\/uploads\/sites\/39\/2019\/03\/CBNFOT150320191418.jpg'><img loading=\"lazy\" decoding=\"async\" width=\"208\" height=\"300\" src=\"https:\/\/blogs.correiobraziliense.com.br\/trilhasonora\/wp-content\/uploads\/sites\/39\/2019\/03\/CBNFOT150320191418-208x300.jpg\" class=\"attachment-medium size-medium\" alt=\"\" srcset=\"https:\/\/blogs.correiobraziliense.com.br\/trilhasonora\/wp-content\/uploads\/sites\/39\/2019\/03\/CBNFOT150320191418-208x300.jpg 208w, https:\/\/blogs.correiobraziliense.com.br\/trilhasonora\/wp-content\/uploads\/sites\/39\/2019\/03\/CBNFOT150320191418-768x1108.jpg 768w, https:\/\/blogs.correiobraziliense.com.br\/trilhasonora\/wp-content\/uploads\/sites\/39\/2019\/03\/CBNFOT150320191418-710x1024.jpg 710w, https:\/\/blogs.correiobraziliense.com.br\/trilhasonora\/wp-content\/uploads\/sites\/39\/2019\/03\/CBNFOT150320191418-550x793.jpg 550w, https:\/\/blogs.correiobraziliense.com.br\/trilhasonora\/wp-content\/uploads\/sites\/39\/2019\/03\/CBNFOT150320191418-230x332.jpg 230w, https:\/\/blogs.correiobraziliense.com.br\/trilhasonora\/wp-content\/uploads\/sites\/39\/2019\/03\/CBNFOT150320191418.jpg 800w\" sizes=\"auto, (max-width: 208px) 100vw, 208px\" \/><\/a><\/p>\n"},"caption":{"rendered":"<p>2019. Cr\u00e9dito: Adhemar Veneziano\/Divulga\u00e7\u00e3o. Cultura. Chico Buarque \u00e9 tema da fotobiografia Revela-te, Chico, organizado por Augusto Lins Soares e com textos de Joaquim Ferreira dos Santos.<\/p>\n"},"alt_text":"","media_type":"image","mime_type":"image\/jpeg","media_details":{"width":800,"height":1154,"file":"2019\/03\/CBNFOT150320191418.jpg","sizes":{"thumbnail":{"file":"CBNFOT150320191418-150x150.jpg","width":150,"height":150,"mime_type":"image\/jpeg","source_url":"https:\/\/blogs.correiobraziliense.com.br\/trilhasonora\/wp-content\/uploads\/sites\/39\/2019\/03\/CBNFOT150320191418-150x150.jpg"},"medium":{"file":"CBNFOT150320191418-208x300.jpg","width":208,"height":300,"mime_type":"image\/jpeg","source_url":"https:\/\/blogs.correiobraziliense.com.br\/trilhasonora\/wp-content\/uploads\/sites\/39\/2019\/03\/CBNFOT150320191418-208x300.jpg"},"medium_large":{"file":"CBNFOT150320191418-768x1108.jpg","width":768,"height":1108,"mime_type":"image\/jpeg","source_url":"https:\/\/blogs.correiobraziliense.com.br\/trilhasonora\/wp-content\/uploads\/sites\/39\/2019\/03\/CBNFOT150320191418-768x1108.jpg"},"large":{"file":"CBNFOT150320191418-710x1024.jpg","width":710,"height":1024,"mime_type":"image\/jpeg","source_url":"https:\/\/blogs.correiobraziliense.com.br\/trilhasonora\/wp-content\/uploads\/sites\/39\/2019\/03\/CBNFOT150320191418-710x1024.jpg"},"sunet-medium-thumb":{"file":"CBNFOT150320191418-550x793.jpg","width":550,"height":793,"mime_type":"image\/jpeg","source_url":"https:\/\/blogs.correiobraziliense.com.br\/trilhasonora\/wp-content\/uploads\/sites\/39\/2019\/03\/CBNFOT150320191418-550x793.jpg"},"sunet-small-thumb":{"file":"CBNFOT150320191418-230x332.jpg","width":230,"height":332,"mime_type":"image\/jpeg","source_url":"https:\/\/blogs.correiobraziliense.com.br\/trilhasonora\/wp-content\/uploads\/sites\/39\/2019\/03\/CBNFOT150320191418-230x332.jpg"},"full":{"file":"CBNFOT150320191418.jpg","width":800,"height":1154,"mime_type":"image\/jpeg","source_url":"https:\/\/blogs.correiobraziliense.com.br\/trilhasonora\/wp-content\/uploads\/sites\/39\/2019\/03\/CBNFOT150320191418.jpg"}},"image_meta":{"aperture":"0","credit":"AdhemarVeneziano\/Divulgacao","camera":"","caption":"2019. Cr\u00e9dito: Adhemar Veneziano\/Divulga\u00e7\u00e3o. Cultura. Chico Buarque \u00e9 tema da fotobiografia Revela-te, Chico, organizado por Augusto Lins Soares e com textos de Joaquim Ferreira dos Santos.","created_timestamp":"0","copyright":"","focal_length":"0","iso":"0","shutter_speed":"0","title":"","orientation":"0","keywords":["Chico Buarque, "]}},"post":727,"source_url":"https:\/\/blogs.correiobraziliense.com.br\/trilhasonora\/wp-content\/uploads\/sites\/39\/2019\/03\/CBNFOT150320191418.jpg","filename":"CBNFOT150320191418.jpg","filesize":95895,"_links":{"self":[{"href":"https:\/\/blogs.correiobraziliense.com.br\/trilhasonora\/wp-json\/wp\/v2\/media\/731","targetHints":{"allow":["GET"]}}],"collection":[{"href":"https:\/\/blogs.correiobraziliense.com.br\/trilhasonora\/wp-json\/wp\/v2\/media"}],"about":[{"href":"https:\/\/blogs.correiobraziliense.com.br\/trilhasonora\/wp-json\/wp\/v2\/types\/attachment"}],"author":[{"embeddable":true,"href":"https:\/\/blogs.correiobraziliense.com.br\/trilhasonora\/wp-json\/wp\/v2\/users\/84"}],"replies":[{"embeddable":true,"href":"https:\/\/blogs.correiobraziliense.com.br\/trilhasonora\/wp-json\/wp\/v2\/comments?post=731"}],"wp:attached-to":[{"embeddable":true,"post_type":"post","id":727,"href":"https:\/\/blogs.correiobraziliense.com.br\/trilhasonora\/wp-json\/wp\/v2\/posts\/727"}],"curies":[{"name":"wp","href":"https:\/\/api.w.org\/{rel}","templated":true}]}}

<p>2019. Crédito: Adhemar Veneziano/Divulgação. Cultura. Chico Buarque é tema da fotobiografia Revela-te, Chico, organizado por Augusto Lins Soares e com textos de Joaquim Ferreira dos Santos.</p>

2019. Crédito: Adhemar Veneziano/Divulgação. Cultura. Chico Buarque é tema da fotobiografia Revela-te, Chico, organizado por Augusto Lins Soares e com textos de Joaquim Ferreira dos Santos.
