{"id":729,"date":"2019-03-18T11:20:54","date_gmt":"2019-03-18T14:20:54","guid":{"rendered":"https:\/\/blogs.correiobraziliense.com.br\/trilhasonora\/wp-content\/uploads\/sites\/39\/2019\/03\/CBNFOT150320191416.jpg"},"modified":"2019-03-18T11:20:54","modified_gmt":"2019-03-18T14:20:54","slug":"cbnfot150320191416","status":"inherit","type":"attachment","link":"https:\/\/blogs.correiobraziliense.com.br\/trilhasonora\/revela-te-chico-todas-as-imagens-de-chico\/cbnfot150320191416\/","title":{"rendered":"CBNFOT150320191416"},"author":84,"featured_media":0,"comment_status":"open","ping_status":"closed","template":"","meta":[],"class_list":["post-729","attachment","type-attachment","status-inherit","hentry"],"smush":{"stats":{"percent":6.114242354153732,"bytes":15068,"size_before":246441,"size_after":231373,"time":0.16000000000000003,"api_version":"1.0","lossy":false,"keep_exif":true},"sizes":{"thumbnail":{"percent":5.8,"bytes":271,"size_before":4672,"size_after":4401,"time":0.01},"medium":{"percent":6.22,"bytes":609,"size_before":9796,"size_after":9187,"time":0.01},"medium_large":{"percent":5.89,"bytes":5120,"size_before":86970,"size_after":81850,"time":0.05},"large":{"percent":5.94,"bytes":5062,"size_before":85205,"size_after":80143,"time":0.05},"sunet-medium-thumb":{"percent":6.71,"bytes":3312,"size_before":49395,"size_after":46083,"time":0.03},"sunet-small-thumb":{"percent":6.67,"bytes":694,"size_before":10403,"size_after":9709,"time":0.01}}},"description":{"rendered":"<p class=\"attachment\"><a href='https:\/\/blogs.correiobraziliense.com.br\/trilhasonora\/wp-content\/uploads\/sites\/39\/2019\/03\/CBNFOT150320191416.jpg'><img loading=\"lazy\" decoding=\"async\" width=\"223\" height=\"300\" src=\"https:\/\/blogs.correiobraziliense.com.br\/trilhasonora\/wp-content\/uploads\/sites\/39\/2019\/03\/CBNFOT150320191416-223x300.jpg\" class=\"attachment-medium size-medium\" alt=\"\" srcset=\"https:\/\/blogs.correiobraziliense.com.br\/trilhasonora\/wp-content\/uploads\/sites\/39\/2019\/03\/CBNFOT150320191416-223x300.jpg 223w, https:\/\/blogs.correiobraziliense.com.br\/trilhasonora\/wp-content\/uploads\/sites\/39\/2019\/03\/CBNFOT150320191416-768x1035.jpg 768w, https:\/\/blogs.correiobraziliense.com.br\/trilhasonora\/wp-content\/uploads\/sites\/39\/2019\/03\/CBNFOT150320191416-760x1024.jpg 760w, https:\/\/blogs.correiobraziliense.com.br\/trilhasonora\/wp-content\/uploads\/sites\/39\/2019\/03\/CBNFOT150320191416-550x741.jpg 550w, https:\/\/blogs.correiobraziliense.com.br\/trilhasonora\/wp-content\/uploads\/sites\/39\/2019\/03\/CBNFOT150320191416-230x310.jpg 230w, https:\/\/blogs.correiobraziliense.com.br\/trilhasonora\/wp-content\/uploads\/sites\/39\/2019\/03\/CBNFOT150320191416.jpg 800w\" sizes=\"auto, (max-width: 223px) 100vw, 223px\" \/><\/a><\/p>\n"},"caption":{"rendered":"<p>2019. Cr\u00e9dito: Daryan Dornelles\/Reprodu\u00e7\u00e3o. Cultura. Chico Buarque \u00e9 tema da fotobiografia Revela-te, Chico, organizado por Augusto Lins Soares e com textos de Joaquim Ferreira dos Santos.<\/p>\n"},"alt_text":"","media_type":"image","mime_type":"image\/jpeg","media_details":{"width":800,"height":1078,"file":"2019\/03\/CBNFOT150320191416.jpg","sizes":{"thumbnail":{"file":"CBNFOT150320191416-150x150.jpg","width":150,"height":150,"mime_type":"image\/jpeg","source_url":"https:\/\/blogs.correiobraziliense.com.br\/trilhasonora\/wp-content\/uploads\/sites\/39\/2019\/03\/CBNFOT150320191416-150x150.jpg"},"medium":{"file":"CBNFOT150320191416-223x300.jpg","width":223,"height":300,"mime_type":"image\/jpeg","source_url":"https:\/\/blogs.correiobraziliense.com.br\/trilhasonora\/wp-content\/uploads\/sites\/39\/2019\/03\/CBNFOT150320191416-223x300.jpg"},"medium_large":{"file":"CBNFOT150320191416-768x1035.jpg","width":768,"height":1035,"mime_type":"image\/jpeg","source_url":"https:\/\/blogs.correiobraziliense.com.br\/trilhasonora\/wp-content\/uploads\/sites\/39\/2019\/03\/CBNFOT150320191416-768x1035.jpg"},"large":{"file":"CBNFOT150320191416-760x1024.jpg","width":760,"height":1024,"mime_type":"image\/jpeg","source_url":"https:\/\/blogs.correiobraziliense.com.br\/trilhasonora\/wp-content\/uploads\/sites\/39\/2019\/03\/CBNFOT150320191416-760x1024.jpg"},"sunet-medium-thumb":{"file":"CBNFOT150320191416-550x741.jpg","width":550,"height":741,"mime_type":"image\/jpeg","source_url":"https:\/\/blogs.correiobraziliense.com.br\/trilhasonora\/wp-content\/uploads\/sites\/39\/2019\/03\/CBNFOT150320191416-550x741.jpg"},"sunet-small-thumb":{"file":"CBNFOT150320191416-230x310.jpg","width":230,"height":310,"mime_type":"image\/jpeg","source_url":"https:\/\/blogs.correiobraziliense.com.br\/trilhasonora\/wp-content\/uploads\/sites\/39\/2019\/03\/CBNFOT150320191416-230x310.jpg"},"full":{"file":"CBNFOT150320191416.jpg","width":800,"height":1078,"mime_type":"image\/jpeg","source_url":"https:\/\/blogs.correiobraziliense.com.br\/trilhasonora\/wp-content\/uploads\/sites\/39\/2019\/03\/CBNFOT150320191416.jpg"}},"image_meta":{"aperture":"0","credit":"DaryanDornelles\/Reproducao","camera":"","caption":"2019. Cr\u00e9dito: Daryan Dornelles\/Reprodu\u00e7\u00e3o. Cultura. Chico Buarque \u00e9 tema da fotobiografia Revela-te, Chico, organizado por Augusto Lins Soares e com textos de Joaquim Ferreira dos Santos.","created_timestamp":"0","copyright":"","focal_length":"0","iso":"0","shutter_speed":"0","title":"","orientation":"0","keywords":["Chico Buarque, fotobiografia,  "]}},"post":727,"source_url":"https:\/\/blogs.correiobraziliense.com.br\/trilhasonora\/wp-content\/uploads\/sites\/39\/2019\/03\/CBNFOT150320191416.jpg","filename":"CBNFOT150320191416.jpg","filesize":98436,"_links":{"self":[{"href":"https:\/\/blogs.correiobraziliense.com.br\/trilhasonora\/wp-json\/wp\/v2\/media\/729","targetHints":{"allow":["GET"]}}],"collection":[{"href":"https:\/\/blogs.correiobraziliense.com.br\/trilhasonora\/wp-json\/wp\/v2\/media"}],"about":[{"href":"https:\/\/blogs.correiobraziliense.com.br\/trilhasonora\/wp-json\/wp\/v2\/types\/attachment"}],"author":[{"embeddable":true,"href":"https:\/\/blogs.correiobraziliense.com.br\/trilhasonora\/wp-json\/wp\/v2\/users\/84"}],"replies":[{"embeddable":true,"href":"https:\/\/blogs.correiobraziliense.com.br\/trilhasonora\/wp-json\/wp\/v2\/comments?post=729"}],"wp:attached-to":[{"embeddable":true,"post_type":"post","id":727,"href":"https:\/\/blogs.correiobraziliense.com.br\/trilhasonora\/wp-json\/wp\/v2\/posts\/727"}],"curies":[{"name":"wp","href":"https:\/\/api.w.org\/{rel}","templated":true}]}}

<p>2019. Crédito: Daryan Dornelles/Reprodução. Cultura. Chico Buarque é tema da fotobiografia Revela-te, Chico, organizado por Augusto Lins Soares e com textos de Joaquim Ferreira dos Santos.</p>

2019. Crédito: Daryan Dornelles/Reprodução. Cultura. Chico Buarque é tema da fotobiografia Revela-te, Chico, organizado por Augusto Lins Soares e com textos de Joaquim Ferreira dos Santos.
