{"id":52,"date":"2017-10-11T14:22:54","date_gmt":"2017-10-11T17:22:54","guid":{"rendered":"https:\/\/blogs.correiobraziliense.com.br\/trilhasonora\/wp-content\/uploads\/sites\/39\/2017\/10\/CBPFOT091020170688.jpg"},"modified":"2017-10-11T14:22:54","modified_gmt":"2017-10-11T17:22:54","slug":"cbpfot091020170688","status":"inherit","type":"attachment","link":"https:\/\/blogs.correiobraziliense.com.br\/trilhasonora\/legiao-vive\/cbpfot091020170688\/","title":{"rendered":"CBPFOT091020170688"},"author":84,"featured_media":0,"comment_status":"open","ping_status":"closed","template":"","meta":[],"class_list":["post-52","attachment","type-attachment","status-inherit","hentry"],"smush":{"stats":{"percent":9.202823962508628,"bytes":37998,"size_before":412895,"size_after":374897,"time":0.24000000000000002,"api_version":"1.0","lossy":false},"sizes":{"thumbnail":{"percent":8.71,"bytes":919,"size_before":10554,"size_after":9635,"time":0.01},"medium":{"percent":7.43,"bytes":1617,"size_before":21775,"size_after":20158,"time":0.03},"medium_large":{"percent":5.65,"bytes":5340,"size_before":94513,"size_after":89173,"time":0.05},"sunet-medium-thumb":{"percent":6.27,"bytes":3561,"size_before":56777,"size_after":53216,"time":0.05},"sunet-small-thumb":{"percent":7.97,"bytes":1159,"size_before":14549,"size_after":13390,"time":0.01},"full":{"percent":11.83,"bytes":25402,"size_before":214727,"size_after":189325,"time":0.09}}},"description":{"rendered":"<p class=\"attachment\"><a href='https:\/\/blogs.correiobraziliense.com.br\/trilhasonora\/wp-content\/uploads\/sites\/39\/2017\/10\/CBPFOT091020170688.jpg'><img loading=\"lazy\" decoding=\"async\" width=\"300\" height=\"192\" src=\"https:\/\/blogs.correiobraziliense.com.br\/trilhasonora\/wp-content\/uploads\/sites\/39\/2017\/10\/CBPFOT091020170688-300x192.jpg\" class=\"attachment-medium size-medium\" alt=\"\" srcset=\"https:\/\/blogs.correiobraziliense.com.br\/trilhasonora\/wp-content\/uploads\/sites\/39\/2017\/10\/CBPFOT091020170688-300x192.jpg 300w, https:\/\/blogs.correiobraziliense.com.br\/trilhasonora\/wp-content\/uploads\/sites\/39\/2017\/10\/CBPFOT091020170688-768x491.jpg 768w, https:\/\/blogs.correiobraziliense.com.br\/trilhasonora\/wp-content\/uploads\/sites\/39\/2017\/10\/CBPFOT091020170688-550x352.jpg 550w, https:\/\/blogs.correiobraziliense.com.br\/trilhasonora\/wp-content\/uploads\/sites\/39\/2017\/10\/CBPFOT091020170688-230x147.jpg 230w, https:\/\/blogs.correiobraziliense.com.br\/trilhasonora\/wp-content\/uploads\/sites\/39\/2017\/10\/CBPFOT091020170688.jpg 1016w\" sizes=\"auto, (max-width: 300px) 100vw, 300px\" \/><\/a><\/p>\n"},"caption":{"rendered":"<p>08\/10\/2017. Cr\u00e9dito: Ed Alves\/CB\/D.A. Press. Brasil. Bras\u00edlia &#8211; DF. Green Move Festival leva 200 mil pessoas ao Museu da Rep\u00fablica. Show do Legi\u00e3o Urbana com o baixista Dado Villa-Lobos, o baterista Marcelo Bonf\u00e1 e Andr\u00e9 Frateschi (vocal).<\/p>\n"},"alt_text":"","media_type":"image","mime_type":"image\/jpeg","media_details":{"width":1016,"height":650,"file":"2017\/10\/CBPFOT091020170688.jpg","sizes":{"thumbnail":{"file":"CBPFOT091020170688-150x150.jpg","width":150,"height":150,"mime_type":"image\/jpeg","source_url":"https:\/\/blogs.correiobraziliense.com.br\/trilhasonora\/wp-content\/uploads\/sites\/39\/2017\/10\/CBPFOT091020170688-150x150.jpg"},"medium":{"file":"CBPFOT091020170688-300x192.jpg","width":300,"height":192,"mime_type":"image\/jpeg","source_url":"https:\/\/blogs.correiobraziliense.com.br\/trilhasonora\/wp-content\/uploads\/sites\/39\/2017\/10\/CBPFOT091020170688-300x192.jpg"},"medium_large":{"file":"CBPFOT091020170688-768x491.jpg","width":768,"height":491,"mime_type":"image\/jpeg","source_url":"https:\/\/blogs.correiobraziliense.com.br\/trilhasonora\/wp-content\/uploads\/sites\/39\/2017\/10\/CBPFOT091020170688-768x491.jpg"},"sunet-medium-thumb":{"file":"CBPFOT091020170688-550x352.jpg","width":550,"height":352,"mime_type":"image\/jpeg","source_url":"https:\/\/blogs.correiobraziliense.com.br\/trilhasonora\/wp-content\/uploads\/sites\/39\/2017\/10\/CBPFOT091020170688-550x352.jpg"},"sunet-small-thumb":{"file":"CBPFOT091020170688-230x147.jpg","width":230,"height":147,"mime_type":"image\/jpeg","source_url":"https:\/\/blogs.correiobraziliense.com.br\/trilhasonora\/wp-content\/uploads\/sites\/39\/2017\/10\/CBPFOT091020170688-230x147.jpg"},"full":{"file":"CBPFOT091020170688.jpg","width":1016,"height":650,"mime_type":"image\/jpeg","source_url":"https:\/\/blogs.correiobraziliense.com.br\/trilhasonora\/wp-content\/uploads\/sites\/39\/2017\/10\/CBPFOT091020170688.jpg"}},"image_meta":{"aperture":"4","credit":"Ed Alves\/CB\/D.A Press","camera":"NIKON D750","caption":"08\/10\/2017. Cr\u00e9dito: Ed Alves\/CB\/D.A. Press. Brasil. Bras\u00edlia - DF. Green Move Festival leva 200 mil pessoas ao Museu da Rep\u00fablica. Show do Legi\u00e3o Urbana com o baixista Dado Villa-Lobos, o baterista Marcelo Bonf\u00e1 e Andr\u00e9 Frateschi (vocal).","created_timestamp":"1507418909","copyright":"","focal_length":"38","iso":"1250","shutter_speed":"0.0125","title":"","orientation":"0","keywords":[]}},"post":46,"source_url":"https:\/\/blogs.correiobraziliense.com.br\/trilhasonora\/wp-content\/uploads\/sites\/39\/2017\/10\/CBPFOT091020170688.jpg","filename":"CBPFOT091020170688.jpg","filesize":189325,"_links":{"self":[{"href":"https:\/\/blogs.correiobraziliense.com.br\/trilhasonora\/wp-json\/wp\/v2\/media\/52","targetHints":{"allow":["GET"]}}],"collection":[{"href":"https:\/\/blogs.correiobraziliense.com.br\/trilhasonora\/wp-json\/wp\/v2\/media"}],"about":[{"href":"https:\/\/blogs.correiobraziliense.com.br\/trilhasonora\/wp-json\/wp\/v2\/types\/attachment"}],"author":[{"embeddable":true,"href":"https:\/\/blogs.correiobraziliense.com.br\/trilhasonora\/wp-json\/wp\/v2\/users\/84"}],"replies":[{"embeddable":true,"href":"https:\/\/blogs.correiobraziliense.com.br\/trilhasonora\/wp-json\/wp\/v2\/comments?post=52"}],"wp:attached-to":[{"embeddable":true,"post_type":"post","id":46,"href":"https:\/\/blogs.correiobraziliense.com.br\/trilhasonora\/wp-json\/wp\/v2\/posts\/46"}],"curies":[{"name":"wp","href":"https:\/\/api.w.org\/{rel}","templated":true}]}}

<p>08/10/2017. Crédito: Ed Alves/CB/D.A. Press. Brasil. Brasília &#8211; DF. Green Move Festival leva 200 mil pessoas ao Museu da República. Show do Legião Urbana com o baixista Dado Villa-Lobos, o baterista Marcelo Bonfá e André Frateschi (vocal).</p>

08/10/2017. Crédito: Ed Alves/CB/D.A. Press. Brasil. Brasília - DF. Green Move Festival leva 200 mil pessoas ao Museu da República. Show do Legião Urbana com o baixista Dado Villa-Lobos, o baterista Marcelo Bonfá e André Frateschi (vocal).
