{"id":51,"date":"2017-10-11T14:22:22","date_gmt":"2017-10-11T17:22:22","guid":{"rendered":"https:\/\/blogs.correiobraziliense.com.br\/trilhasonora\/wp-content\/uploads\/sites\/39\/2017\/10\/CBPFOT091020170694.jpg"},"modified":"2017-10-11T14:22:22","modified_gmt":"2017-10-11T17:22:22","slug":"cbpfot091020170694","status":"inherit","type":"attachment","link":"https:\/\/blogs.correiobraziliense.com.br\/trilhasonora\/legiao-vive\/cbpfot091020170694\/","title":{"rendered":"CBPFOT091020170694"},"author":84,"featured_media":0,"comment_status":"open","ping_status":"closed","template":"","meta":[],"class_list":["post-51","attachment","type-attachment","status-inherit","hentry"],"smush":{"stats":{"percent":9.346578030956119,"bytes":35670,"size_before":381637,"size_after":345967,"time":0.41000000000000003,"api_version":"1.0","lossy":false},"sizes":{"thumbnail":{"percent":8.18,"bytes":865,"size_before":10579,"size_after":9714,"time":0.01},"medium":{"percent":7.25,"bytes":1661,"size_before":22905,"size_after":21244,"time":0.01},"medium_large":{"percent":5.39,"bytes":4876,"size_before":90402,"size_after":85526,"time":0.06},"sunet-medium-thumb":{"percent":6.19,"bytes":3493,"size_before":56405,"size_after":52912,"time":0.09},"sunet-small-thumb":{"percent":8.06,"bytes":1238,"size_before":15353,"size_after":14115,"time":0.04},"full":{"percent":12.65,"bytes":23537,"size_before":185993,"size_after":162456,"time":0.2}}},"description":{"rendered":"<p class=\"attachment\"><a href='https:\/\/blogs.correiobraziliense.com.br\/trilhasonora\/wp-content\/uploads\/sites\/39\/2017\/10\/CBPFOT091020170694.jpg'><img loading=\"lazy\" decoding=\"async\" width=\"300\" height=\"203\" src=\"https:\/\/blogs.correiobraziliense.com.br\/trilhasonora\/wp-content\/uploads\/sites\/39\/2017\/10\/CBPFOT091020170694-300x203.jpg\" class=\"attachment-medium size-medium\" alt=\"\" srcset=\"https:\/\/blogs.correiobraziliense.com.br\/trilhasonora\/wp-content\/uploads\/sites\/39\/2017\/10\/CBPFOT091020170694-300x203.jpg 300w, https:\/\/blogs.correiobraziliense.com.br\/trilhasonora\/wp-content\/uploads\/sites\/39\/2017\/10\/CBPFOT091020170694-768x521.jpg 768w, https:\/\/blogs.correiobraziliense.com.br\/trilhasonora\/wp-content\/uploads\/sites\/39\/2017\/10\/CBPFOT091020170694-550x373.jpg 550w, https:\/\/blogs.correiobraziliense.com.br\/trilhasonora\/wp-content\/uploads\/sites\/39\/2017\/10\/CBPFOT091020170694-230x156.jpg 230w, https:\/\/blogs.correiobraziliense.com.br\/trilhasonora\/wp-content\/uploads\/sites\/39\/2017\/10\/CBPFOT091020170694.jpg 959w\" sizes=\"auto, (max-width: 300px) 100vw, 300px\" \/><\/a><\/p>\n"},"caption":{"rendered":"<p>08\/10\/2017. Cr\u00e9dito: Ed Alves\/CB\/D.A. Press. Brasil. Bras\u00edlia &#8211; DF. Green Move Festival leva 200 mil pessoas ao Museu da Rep\u00fablica. Show do Legi\u00e3o Urbana com o baixista Dado Villa-Lobos, o baterista Marcelo Bonf\u00e1 e Andr\u00e9 Frateschi (vocal).<\/p>\n"},"alt_text":"","media_type":"image","mime_type":"image\/jpeg","media_details":{"width":959,"height":650,"file":"2017\/10\/CBPFOT091020170694.jpg","sizes":{"thumbnail":{"file":"CBPFOT091020170694-150x150.jpg","width":150,"height":150,"mime_type":"image\/jpeg","source_url":"https:\/\/blogs.correiobraziliense.com.br\/trilhasonora\/wp-content\/uploads\/sites\/39\/2017\/10\/CBPFOT091020170694-150x150.jpg"},"medium":{"file":"CBPFOT091020170694-300x203.jpg","width":300,"height":203,"mime_type":"image\/jpeg","source_url":"https:\/\/blogs.correiobraziliense.com.br\/trilhasonora\/wp-content\/uploads\/sites\/39\/2017\/10\/CBPFOT091020170694-300x203.jpg"},"medium_large":{"file":"CBPFOT091020170694-768x521.jpg","width":768,"height":521,"mime_type":"image\/jpeg","source_url":"https:\/\/blogs.correiobraziliense.com.br\/trilhasonora\/wp-content\/uploads\/sites\/39\/2017\/10\/CBPFOT091020170694-768x521.jpg"},"sunet-medium-thumb":{"file":"CBPFOT091020170694-550x373.jpg","width":550,"height":373,"mime_type":"image\/jpeg","source_url":"https:\/\/blogs.correiobraziliense.com.br\/trilhasonora\/wp-content\/uploads\/sites\/39\/2017\/10\/CBPFOT091020170694-550x373.jpg"},"sunet-small-thumb":{"file":"CBPFOT091020170694-230x156.jpg","width":230,"height":156,"mime_type":"image\/jpeg","source_url":"https:\/\/blogs.correiobraziliense.com.br\/trilhasonora\/wp-content\/uploads\/sites\/39\/2017\/10\/CBPFOT091020170694-230x156.jpg"},"full":{"file":"CBPFOT091020170694.jpg","width":959,"height":650,"mime_type":"image\/jpeg","source_url":"https:\/\/blogs.correiobraziliense.com.br\/trilhasonora\/wp-content\/uploads\/sites\/39\/2017\/10\/CBPFOT091020170694.jpg"}},"image_meta":{"aperture":"4","credit":"Ed Alves\/CB\/D.A Press","camera":"NIKON D750","caption":"08\/10\/2017. Cr\u00e9dito: Ed Alves\/CB\/D.A. Press. Brasil. Bras\u00edlia - DF. Green Move Festival leva 200 mil pessoas ao Museu da Rep\u00fablica. Show do Legi\u00e3o Urbana com o baixista Dado Villa-Lobos, o baterista Marcelo Bonf\u00e1 e Andr\u00e9 Frateschi (vocal).","created_timestamp":"1507418195","copyright":"","focal_length":"100","iso":"1250","shutter_speed":"0.005","title":"","orientation":"0","keywords":[]}},"post":46,"source_url":"https:\/\/blogs.correiobraziliense.com.br\/trilhasonora\/wp-content\/uploads\/sites\/39\/2017\/10\/CBPFOT091020170694.jpg","filename":"CBPFOT091020170694.jpg","filesize":162456,"_links":{"self":[{"href":"https:\/\/blogs.correiobraziliense.com.br\/trilhasonora\/wp-json\/wp\/v2\/media\/51","targetHints":{"allow":["GET"]}}],"collection":[{"href":"https:\/\/blogs.correiobraziliense.com.br\/trilhasonora\/wp-json\/wp\/v2\/media"}],"about":[{"href":"https:\/\/blogs.correiobraziliense.com.br\/trilhasonora\/wp-json\/wp\/v2\/types\/attachment"}],"author":[{"embeddable":true,"href":"https:\/\/blogs.correiobraziliense.com.br\/trilhasonora\/wp-json\/wp\/v2\/users\/84"}],"replies":[{"embeddable":true,"href":"https:\/\/blogs.correiobraziliense.com.br\/trilhasonora\/wp-json\/wp\/v2\/comments?post=51"}],"wp:attached-to":[{"embeddable":true,"post_type":"post","id":46,"href":"https:\/\/blogs.correiobraziliense.com.br\/trilhasonora\/wp-json\/wp\/v2\/posts\/46"}],"curies":[{"name":"wp","href":"https:\/\/api.w.org\/{rel}","templated":true}]}}

<p>08/10/2017. Crédito: Ed Alves/CB/D.A. Press. Brasil. Brasília &#8211; DF. Green Move Festival leva 200 mil pessoas ao Museu da República. Show do Legião Urbana com o baixista Dado Villa-Lobos, o baterista Marcelo Bonfá e André Frateschi (vocal).</p>

08/10/2017. Crédito: Ed Alves/CB/D.A. Press. Brasil. Brasília - DF. Green Move Festival leva 200 mil pessoas ao Museu da República. Show do Legião Urbana com o baixista Dado Villa-Lobos, o baterista Marcelo Bonfá e André Frateschi (vocal).
