{"id":50,"date":"2017-10-11T14:22:02","date_gmt":"2017-10-11T17:22:02","guid":{"rendered":"https:\/\/blogs.correiobraziliense.com.br\/trilhasonora\/wp-content\/uploads\/sites\/39\/2017\/10\/CBPFOT091020170707.jpg"},"modified":"2017-10-11T14:22:02","modified_gmt":"2017-10-11T17:22:02","slug":"cbpfot091020170707","status":"inherit","type":"attachment","link":"https:\/\/blogs.correiobraziliense.com.br\/trilhasonora\/legiao-vive\/cbpfot091020170707\/","title":{"rendered":"CBPFOT091020170707"},"author":84,"featured_media":0,"comment_status":"open","ping_status":"closed","template":"","meta":[],"class_list":["post-50","attachment","type-attachment","status-inherit","hentry"],"smush":{"stats":{"percent":4.610998905240034,"bytes":12762,"size_before":276773,"size_after":264011,"time":0.30000000000000004,"api_version":"1.0","lossy":false},"sizes":{"thumbnail":{"percent":7.87,"bytes":740,"size_before":9408,"size_after":8668,"time":0.02},"medium":{"percent":6.98,"bytes":1247,"size_before":17864,"size_after":16617,"time":0.02},"medium_large":{"percent":4.31,"bytes":3251,"size_before":75476,"size_after":72225,"time":0.03},"large":{"percent":3.75,"bytes":4400,"size_before":117443,"size_after":113043,"time":0.17},"sunet-medium-thumb":{"percent":5.14,"bytes":2307,"size_before":44877,"size_after":42570,"time":0.03},"sunet-small-thumb":{"percent":6.98,"bytes":817,"size_before":11705,"size_after":10888,"time":0.03}}},"description":{"rendered":"<p class=\"attachment\"><a href='https:\/\/blogs.correiobraziliense.com.br\/trilhasonora\/wp-content\/uploads\/sites\/39\/2017\/10\/CBPFOT091020170707.jpg'><img loading=\"lazy\" decoding=\"async\" width=\"300\" height=\"188\" src=\"https:\/\/blogs.correiobraziliense.com.br\/trilhasonora\/wp-content\/uploads\/sites\/39\/2017\/10\/CBPFOT091020170707-300x188.jpg\" class=\"attachment-medium size-medium\" alt=\"\" srcset=\"https:\/\/blogs.correiobraziliense.com.br\/trilhasonora\/wp-content\/uploads\/sites\/39\/2017\/10\/CBPFOT091020170707-300x188.jpg 300w, https:\/\/blogs.correiobraziliense.com.br\/trilhasonora\/wp-content\/uploads\/sites\/39\/2017\/10\/CBPFOT091020170707-768x482.jpg 768w, https:\/\/blogs.correiobraziliense.com.br\/trilhasonora\/wp-content\/uploads\/sites\/39\/2017\/10\/CBPFOT091020170707-1024x643.jpg 1024w, https:\/\/blogs.correiobraziliense.com.br\/trilhasonora\/wp-content\/uploads\/sites\/39\/2017\/10\/CBPFOT091020170707-550x345.jpg 550w, https:\/\/blogs.correiobraziliense.com.br\/trilhasonora\/wp-content\/uploads\/sites\/39\/2017\/10\/CBPFOT091020170707-230x144.jpg 230w, https:\/\/blogs.correiobraziliense.com.br\/trilhasonora\/wp-content\/uploads\/sites\/39\/2017\/10\/CBPFOT091020170707.jpg 1035w\" sizes=\"auto, (max-width: 300px) 100vw, 300px\" \/><\/a><\/p>\n"},"caption":{"rendered":"<p>08\/10\/2017. Cr\u00e9dito: Ed Alves\/CB\/D.A. Press. Brasil. Bras\u00edlia &#8211; DF. Green Move Festival leva 200 mil pessoas ao Museu da Rep\u00fablica. Show do Legi\u00e3o Urbana com o baixista Dado Villa-Lobos, o baterista Marcelo Bonf\u00e1 e Andr\u00e9 Frateschi (vocal).<\/p>\n"},"alt_text":"","media_type":"image","mime_type":"image\/jpeg","media_details":{"width":1035,"height":650,"file":"2017\/10\/CBPFOT091020170707.jpg","sizes":{"thumbnail":{"file":"CBPFOT091020170707-150x150.jpg","width":150,"height":150,"mime_type":"image\/jpeg","source_url":"https:\/\/blogs.correiobraziliense.com.br\/trilhasonora\/wp-content\/uploads\/sites\/39\/2017\/10\/CBPFOT091020170707-150x150.jpg"},"medium":{"file":"CBPFOT091020170707-300x188.jpg","width":300,"height":188,"mime_type":"image\/jpeg","source_url":"https:\/\/blogs.correiobraziliense.com.br\/trilhasonora\/wp-content\/uploads\/sites\/39\/2017\/10\/CBPFOT091020170707-300x188.jpg"},"medium_large":{"file":"CBPFOT091020170707-768x482.jpg","width":768,"height":482,"mime_type":"image\/jpeg","source_url":"https:\/\/blogs.correiobraziliense.com.br\/trilhasonora\/wp-content\/uploads\/sites\/39\/2017\/10\/CBPFOT091020170707-768x482.jpg"},"large":{"file":"CBPFOT091020170707-1024x643.jpg","width":1024,"height":643,"mime_type":"image\/jpeg","source_url":"https:\/\/blogs.correiobraziliense.com.br\/trilhasonora\/wp-content\/uploads\/sites\/39\/2017\/10\/CBPFOT091020170707-1024x643.jpg"},"sunet-medium-thumb":{"file":"CBPFOT091020170707-550x345.jpg","width":550,"height":345,"mime_type":"image\/jpeg","source_url":"https:\/\/blogs.correiobraziliense.com.br\/trilhasonora\/wp-content\/uploads\/sites\/39\/2017\/10\/CBPFOT091020170707-550x345.jpg"},"sunet-small-thumb":{"file":"CBPFOT091020170707-230x144.jpg","width":230,"height":144,"mime_type":"image\/jpeg","source_url":"https:\/\/blogs.correiobraziliense.com.br\/trilhasonora\/wp-content\/uploads\/sites\/39\/2017\/10\/CBPFOT091020170707-230x144.jpg"},"full":{"file":"CBPFOT091020170707.jpg","width":1035,"height":650,"mime_type":"image\/jpeg","source_url":"https:\/\/blogs.correiobraziliense.com.br\/trilhasonora\/wp-content\/uploads\/sites\/39\/2017\/10\/CBPFOT091020170707.jpg"}},"image_meta":{"aperture":"2.8","credit":"Ed Alves\/CB\/D.A Press","camera":"NIKON D750","caption":"08\/10\/2017. Cr\u00e9dito: Ed Alves\/CB\/D.A. Press. Brasil. Bras\u00edlia - DF. Green Move Festival leva 200 mil pessoas ao Museu da Rep\u00fablica. Show do Legi\u00e3o Urbana com o baixista Dado Villa-Lobos, o baterista Marcelo Bonf\u00e1 e Andr\u00e9 Frateschi (vocal).","created_timestamp":"1507415155","copyright":"","focal_length":"400","iso":"1250","shutter_speed":"0.003125","title":"","orientation":"0","keywords":[]}},"post":46,"source_url":"https:\/\/blogs.correiobraziliense.com.br\/trilhasonora\/wp-content\/uploads\/sites\/39\/2017\/10\/CBPFOT091020170707.jpg","filename":"CBPFOT091020170707.jpg","filesize":186200,"_links":{"self":[{"href":"https:\/\/blogs.correiobraziliense.com.br\/trilhasonora\/wp-json\/wp\/v2\/media\/50","targetHints":{"allow":["GET"]}}],"collection":[{"href":"https:\/\/blogs.correiobraziliense.com.br\/trilhasonora\/wp-json\/wp\/v2\/media"}],"about":[{"href":"https:\/\/blogs.correiobraziliense.com.br\/trilhasonora\/wp-json\/wp\/v2\/types\/attachment"}],"author":[{"embeddable":true,"href":"https:\/\/blogs.correiobraziliense.com.br\/trilhasonora\/wp-json\/wp\/v2\/users\/84"}],"replies":[{"embeddable":true,"href":"https:\/\/blogs.correiobraziliense.com.br\/trilhasonora\/wp-json\/wp\/v2\/comments?post=50"}],"wp:attached-to":[{"embeddable":true,"post_type":"post","id":46,"href":"https:\/\/blogs.correiobraziliense.com.br\/trilhasonora\/wp-json\/wp\/v2\/posts\/46"}],"curies":[{"name":"wp","href":"https:\/\/api.w.org\/{rel}","templated":true}]}}

<p>08/10/2017. Crédito: Ed Alves/CB/D.A. Press. Brasil. Brasília &#8211; DF. Green Move Festival leva 200 mil pessoas ao Museu da República. Show do Legião Urbana com o baixista Dado Villa-Lobos, o baterista Marcelo Bonfá e André Frateschi (vocal).</p>

08/10/2017. Crédito: Ed Alves/CB/D.A. Press. Brasil. Brasília - DF. Green Move Festival leva 200 mil pessoas ao Museu da República. Show do Legião Urbana com o baixista Dado Villa-Lobos, o baterista Marcelo Bonfá e André Frateschi (vocal).
