{"id":49,"date":"2017-10-11T14:21:34","date_gmt":"2017-10-11T17:21:34","guid":{"rendered":"https:\/\/blogs.correiobraziliense.com.br\/trilhasonora\/wp-content\/uploads\/sites\/39\/2017\/10\/CBPFOT091020170717.jpg"},"modified":"2017-10-11T14:21:34","modified_gmt":"2017-10-11T17:21:34","slug":"cbpfot091020170717","status":"inherit","type":"attachment","link":"https:\/\/blogs.correiobraziliense.com.br\/trilhasonora\/legiao-vive\/cbpfot091020170717\/","title":{"rendered":"CBPFOT091020170717"},"author":84,"featured_media":0,"comment_status":"open","ping_status":"closed","template":"","meta":[],"class_list":["post-49","attachment","type-attachment","status-inherit","hentry"],"smush":{"stats":{"percent":9.978852135649799,"bytes":21045,"size_before":210896,"size_after":189851,"time":0.38,"api_version":"1.0","lossy":false},"sizes":{"thumbnail":{"percent":5.71,"bytes":359,"size_before":6289,"size_after":5930,"time":0.04},"medium":{"percent":4.73,"bytes":503,"size_before":10625,"size_after":10122,"time":0.01},"medium_large":{"percent":4.88,"bytes":2190,"size_before":44874,"size_after":42684,"time":0.08},"sunet-medium-thumb":{"percent":4.68,"bytes":1251,"size_before":26743,"size_after":25492,"time":0.03},"sunet-small-thumb":{"percent":4.85,"bytes":355,"size_before":7316,"size_after":6961,"time":0.03},"full":{"percent":14.24,"bytes":16387,"size_before":115049,"size_after":98662,"time":0.19}}},"description":{"rendered":"<p class=\"attachment\"><a href='https:\/\/blogs.correiobraziliense.com.br\/trilhasonora\/wp-content\/uploads\/sites\/39\/2017\/10\/CBPFOT091020170717.jpg'><img loading=\"lazy\" decoding=\"async\" width=\"300\" height=\"193\" src=\"https:\/\/blogs.correiobraziliense.com.br\/trilhasonora\/wp-content\/uploads\/sites\/39\/2017\/10\/CBPFOT091020170717-300x193.jpg\" class=\"attachment-medium size-medium\" alt=\"\" srcset=\"https:\/\/blogs.correiobraziliense.com.br\/trilhasonora\/wp-content\/uploads\/sites\/39\/2017\/10\/CBPFOT091020170717-300x193.jpg 300w, https:\/\/blogs.correiobraziliense.com.br\/trilhasonora\/wp-content\/uploads\/sites\/39\/2017\/10\/CBPFOT091020170717-768x494.jpg 768w, https:\/\/blogs.correiobraziliense.com.br\/trilhasonora\/wp-content\/uploads\/sites\/39\/2017\/10\/CBPFOT091020170717-550x354.jpg 550w, https:\/\/blogs.correiobraziliense.com.br\/trilhasonora\/wp-content\/uploads\/sites\/39\/2017\/10\/CBPFOT091020170717-230x148.jpg 230w, https:\/\/blogs.correiobraziliense.com.br\/trilhasonora\/wp-content\/uploads\/sites\/39\/2017\/10\/CBPFOT091020170717.jpg 1010w\" sizes=\"auto, (max-width: 300px) 100vw, 300px\" \/><\/a><\/p>\n"},"caption":{"rendered":"<p>08\/10\/2017. Cr\u00e9dito: Ed Alves\/CB\/D.A. Press. Brasil. Bras\u00edlia &#8211; DF. Green Move Festival leva 200 mil pessoas ao Museu da Rep\u00fablica. Show do Legi\u00e3o Urbana com o baixista Dado Villa-Lobos, o baterista Marcelo Bonf\u00e1 e Andr\u00e9 Frateschi (vocal).<\/p>\n"},"alt_text":"","media_type":"image","mime_type":"image\/jpeg","media_details":{"width":1010,"height":650,"file":"2017\/10\/CBPFOT091020170717.jpg","sizes":{"thumbnail":{"file":"CBPFOT091020170717-150x150.jpg","width":150,"height":150,"mime_type":"image\/jpeg","source_url":"https:\/\/blogs.correiobraziliense.com.br\/trilhasonora\/wp-content\/uploads\/sites\/39\/2017\/10\/CBPFOT091020170717-150x150.jpg"},"medium":{"file":"CBPFOT091020170717-300x193.jpg","width":300,"height":193,"mime_type":"image\/jpeg","source_url":"https:\/\/blogs.correiobraziliense.com.br\/trilhasonora\/wp-content\/uploads\/sites\/39\/2017\/10\/CBPFOT091020170717-300x193.jpg"},"medium_large":{"file":"CBPFOT091020170717-768x494.jpg","width":768,"height":494,"mime_type":"image\/jpeg","source_url":"https:\/\/blogs.correiobraziliense.com.br\/trilhasonora\/wp-content\/uploads\/sites\/39\/2017\/10\/CBPFOT091020170717-768x494.jpg"},"sunet-medium-thumb":{"file":"CBPFOT091020170717-550x354.jpg","width":550,"height":354,"mime_type":"image\/jpeg","source_url":"https:\/\/blogs.correiobraziliense.com.br\/trilhasonora\/wp-content\/uploads\/sites\/39\/2017\/10\/CBPFOT091020170717-550x354.jpg"},"sunet-small-thumb":{"file":"CBPFOT091020170717-230x148.jpg","width":230,"height":148,"mime_type":"image\/jpeg","source_url":"https:\/\/blogs.correiobraziliense.com.br\/trilhasonora\/wp-content\/uploads\/sites\/39\/2017\/10\/CBPFOT091020170717-230x148.jpg"},"full":{"file":"CBPFOT091020170717.jpg","width":1010,"height":650,"mime_type":"image\/jpeg","source_url":"https:\/\/blogs.correiobraziliense.com.br\/trilhasonora\/wp-content\/uploads\/sites\/39\/2017\/10\/CBPFOT091020170717.jpg"}},"image_meta":{"aperture":"4","credit":"Ed Alves\/CB\/D.A Press","camera":"NIKON D750","caption":"08\/10\/2017. Cr\u00e9dito: Ed Alves\/CB\/D.A. Press. Brasil. Bras\u00edlia - DF. Green Move Festival leva 200 mil pessoas ao Museu da Rep\u00fablica. Show do Legi\u00e3o Urbana com o baixista Dado Villa-Lobos, o baterista Marcelo Bonf\u00e1 e Andr\u00e9 Frateschi (vocal).","created_timestamp":"1507413977","copyright":"","focal_length":"200","iso":"1250","shutter_speed":"0.00625","title":"","orientation":"0","keywords":[]}},"post":46,"source_url":"https:\/\/blogs.correiobraziliense.com.br\/trilhasonora\/wp-content\/uploads\/sites\/39\/2017\/10\/CBPFOT091020170717.jpg","filename":"CBPFOT091020170717.jpg","filesize":98662,"_links":{"self":[{"href":"https:\/\/blogs.correiobraziliense.com.br\/trilhasonora\/wp-json\/wp\/v2\/media\/49","targetHints":{"allow":["GET"]}}],"collection":[{"href":"https:\/\/blogs.correiobraziliense.com.br\/trilhasonora\/wp-json\/wp\/v2\/media"}],"about":[{"href":"https:\/\/blogs.correiobraziliense.com.br\/trilhasonora\/wp-json\/wp\/v2\/types\/attachment"}],"author":[{"embeddable":true,"href":"https:\/\/blogs.correiobraziliense.com.br\/trilhasonora\/wp-json\/wp\/v2\/users\/84"}],"replies":[{"embeddable":true,"href":"https:\/\/blogs.correiobraziliense.com.br\/trilhasonora\/wp-json\/wp\/v2\/comments?post=49"}],"wp:attached-to":[{"embeddable":true,"post_type":"post","id":46,"href":"https:\/\/blogs.correiobraziliense.com.br\/trilhasonora\/wp-json\/wp\/v2\/posts\/46"}],"curies":[{"name":"wp","href":"https:\/\/api.w.org\/{rel}","templated":true}]}}

<p>08/10/2017. Crédito: Ed Alves/CB/D.A. Press. Brasil. Brasília &#8211; DF. Green Move Festival leva 200 mil pessoas ao Museu da República. Show do Legião Urbana com o baixista Dado Villa-Lobos, o baterista Marcelo Bonfá e André Frateschi (vocal).</p>

08/10/2017. Crédito: Ed Alves/CB/D.A. Press. Brasil. Brasília - DF. Green Move Festival leva 200 mil pessoas ao Museu da República. Show do Legião Urbana com o baixista Dado Villa-Lobos, o baterista Marcelo Bonfá e André Frateschi (vocal).
