{"id":48,"date":"2017-10-11T14:21:15","date_gmt":"2017-10-11T17:21:15","guid":{"rendered":"https:\/\/blogs.correiobraziliense.com.br\/trilhasonora\/wp-content\/uploads\/sites\/39\/2017\/10\/CBPFOT091020170731.jpg"},"modified":"2017-10-11T14:21:15","modified_gmt":"2017-10-11T17:21:15","slug":"cbpfot091020170731","status":"inherit","type":"attachment","link":"https:\/\/blogs.correiobraziliense.com.br\/trilhasonora\/legiao-vive\/cbpfot091020170731\/","title":{"rendered":"CBPFOT091020170731"},"author":84,"featured_media":0,"comment_status":"open","ping_status":"closed","template":"","meta":[],"class_list":["post-48","attachment","type-attachment","status-inherit","hentry"],"smush":{"stats":{"percent":6.391928665015198,"bytes":12050,"size_before":188519,"size_after":176469,"time":0.18000000000000002,"api_version":"1.0","lossy":false},"sizes":{"thumbnail":{"percent":6.53,"bytes":495,"size_before":7577,"size_after":7082,"time":0.04},"medium":{"percent":5.03,"bytes":557,"size_before":11081,"size_after":10524,"time":0.01},"medium_large":{"percent":6.38,"bytes":3232,"size_before":50643,"size_after":47411,"time":0.05},"large":{"percent":6.89,"bytes":5683,"size_before":82428,"size_after":76745,"time":0.05},"sunet-medium-thumb":{"percent":5.79,"bytes":1688,"size_before":29168,"size_after":27480,"time":0.02},"sunet-small-thumb":{"percent":5.18,"bytes":395,"size_before":7622,"size_after":7227,"time":0.01}}},"description":{"rendered":"<p class=\"attachment\"><a href='https:\/\/blogs.correiobraziliense.com.br\/trilhasonora\/wp-content\/uploads\/sites\/39\/2017\/10\/CBPFOT091020170731.jpg'><img loading=\"lazy\" decoding=\"async\" width=\"300\" height=\"175\" src=\"https:\/\/blogs.correiobraziliense.com.br\/trilhasonora\/wp-content\/uploads\/sites\/39\/2017\/10\/CBPFOT091020170731-300x175.jpg\" class=\"attachment-medium size-medium\" alt=\"\" srcset=\"https:\/\/blogs.correiobraziliense.com.br\/trilhasonora\/wp-content\/uploads\/sites\/39\/2017\/10\/CBPFOT091020170731-300x175.jpg 300w, https:\/\/blogs.correiobraziliense.com.br\/trilhasonora\/wp-content\/uploads\/sites\/39\/2017\/10\/CBPFOT091020170731-768x449.jpg 768w, https:\/\/blogs.correiobraziliense.com.br\/trilhasonora\/wp-content\/uploads\/sites\/39\/2017\/10\/CBPFOT091020170731-1024x598.jpg 1024w, https:\/\/blogs.correiobraziliense.com.br\/trilhasonora\/wp-content\/uploads\/sites\/39\/2017\/10\/CBPFOT091020170731-550x321.jpg 550w, https:\/\/blogs.correiobraziliense.com.br\/trilhasonora\/wp-content\/uploads\/sites\/39\/2017\/10\/CBPFOT091020170731-230x134.jpg 230w, https:\/\/blogs.correiobraziliense.com.br\/trilhasonora\/wp-content\/uploads\/sites\/39\/2017\/10\/CBPFOT091020170731.jpg 1113w\" sizes=\"auto, (max-width: 300px) 100vw, 300px\" \/><\/a><\/p>\n"},"caption":{"rendered":"<p>08\/10\/2017. Cr\u00e9dito: Ed Alves\/CB\/D.A. Press. Brasil. Bras\u00edlia &#8211; DF. Green Move Festival leva 200 mil pessoas ao Museu da Rep\u00fablica. Show do Legi\u00e3o Urbana com o baixista Dado Villa-Lobos, o baterista Marcelo Bonf\u00e1 e Andr\u00e9 Frateschi (vocal).<\/p>\n"},"alt_text":"","media_type":"image","mime_type":"image\/jpeg","media_details":{"width":1113,"height":650,"file":"2017\/10\/CBPFOT091020170731.jpg","sizes":{"thumbnail":{"file":"CBPFOT091020170731-150x150.jpg","width":150,"height":150,"mime_type":"image\/jpeg","source_url":"https:\/\/blogs.correiobraziliense.com.br\/trilhasonora\/wp-content\/uploads\/sites\/39\/2017\/10\/CBPFOT091020170731-150x150.jpg"},"medium":{"file":"CBPFOT091020170731-300x175.jpg","width":300,"height":175,"mime_type":"image\/jpeg","source_url":"https:\/\/blogs.correiobraziliense.com.br\/trilhasonora\/wp-content\/uploads\/sites\/39\/2017\/10\/CBPFOT091020170731-300x175.jpg"},"medium_large":{"file":"CBPFOT091020170731-768x449.jpg","width":768,"height":449,"mime_type":"image\/jpeg","source_url":"https:\/\/blogs.correiobraziliense.com.br\/trilhasonora\/wp-content\/uploads\/sites\/39\/2017\/10\/CBPFOT091020170731-768x449.jpg"},"large":{"file":"CBPFOT091020170731-1024x598.jpg","width":1024,"height":598,"mime_type":"image\/jpeg","source_url":"https:\/\/blogs.correiobraziliense.com.br\/trilhasonora\/wp-content\/uploads\/sites\/39\/2017\/10\/CBPFOT091020170731-1024x598.jpg"},"sunet-medium-thumb":{"file":"CBPFOT091020170731-550x321.jpg","width":550,"height":321,"mime_type":"image\/jpeg","source_url":"https:\/\/blogs.correiobraziliense.com.br\/trilhasonora\/wp-content\/uploads\/sites\/39\/2017\/10\/CBPFOT091020170731-550x321.jpg"},"sunet-small-thumb":{"file":"CBPFOT091020170731-230x134.jpg","width":230,"height":134,"mime_type":"image\/jpeg","source_url":"https:\/\/blogs.correiobraziliense.com.br\/trilhasonora\/wp-content\/uploads\/sites\/39\/2017\/10\/CBPFOT091020170731-230x134.jpg"},"full":{"file":"CBPFOT091020170731.jpg","width":1113,"height":650,"mime_type":"image\/jpeg","source_url":"https:\/\/blogs.correiobraziliense.com.br\/trilhasonora\/wp-content\/uploads\/sites\/39\/2017\/10\/CBPFOT091020170731.jpg"}},"image_meta":{"aperture":"4","credit":"Ed Alves\/CB\/D.A Press","camera":"NIKON D750","caption":"08\/10\/2017. Cr\u00e9dito: Ed Alves\/CB\/D.A. Press. Brasil. Bras\u00edlia - DF. Green Move Festival leva 200 mil pessoas ao Museu da Rep\u00fablica. Show do Legi\u00e3o Urbana com o baixista Dado Villa-Lobos, o baterista Marcelo Bonf\u00e1 e Andr\u00e9 Frateschi (vocal).","created_timestamp":"1507415141","copyright":"","focal_length":"400","iso":"1250","shutter_speed":"0.003125","title":"","orientation":"0","keywords":[]}},"post":46,"source_url":"https:\/\/blogs.correiobraziliense.com.br\/trilhasonora\/wp-content\/uploads\/sites\/39\/2017\/10\/CBPFOT091020170731.jpg","filename":"CBPFOT091020170731.jpg","filesize":161185,"_links":{"self":[{"href":"https:\/\/blogs.correiobraziliense.com.br\/trilhasonora\/wp-json\/wp\/v2\/media\/48","targetHints":{"allow":["GET"]}}],"collection":[{"href":"https:\/\/blogs.correiobraziliense.com.br\/trilhasonora\/wp-json\/wp\/v2\/media"}],"about":[{"href":"https:\/\/blogs.correiobraziliense.com.br\/trilhasonora\/wp-json\/wp\/v2\/types\/attachment"}],"author":[{"embeddable":true,"href":"https:\/\/blogs.correiobraziliense.com.br\/trilhasonora\/wp-json\/wp\/v2\/users\/84"}],"replies":[{"embeddable":true,"href":"https:\/\/blogs.correiobraziliense.com.br\/trilhasonora\/wp-json\/wp\/v2\/comments?post=48"}],"wp:attached-to":[{"embeddable":true,"post_type":"post","id":46,"href":"https:\/\/blogs.correiobraziliense.com.br\/trilhasonora\/wp-json\/wp\/v2\/posts\/46"}],"curies":[{"name":"wp","href":"https:\/\/api.w.org\/{rel}","templated":true}]}}

<p>08/10/2017. Crédito: Ed Alves/CB/D.A. Press. Brasil. Brasília &#8211; DF. Green Move Festival leva 200 mil pessoas ao Museu da República. Show do Legião Urbana com o baixista Dado Villa-Lobos, o baterista Marcelo Bonfá e André Frateschi (vocal).</p>

08/10/2017. Crédito: Ed Alves/CB/D.A. Press. Brasil. Brasília - DF. Green Move Festival leva 200 mil pessoas ao Museu da República. Show do Legião Urbana com o baixista Dado Villa-Lobos, o baterista Marcelo Bonfá e André Frateschi (vocal).
