{"id":34,"date":"2017-10-04T11:32:22","date_gmt":"2017-10-04T14:32:22","guid":{"rendered":"https:\/\/blogs.correiobraziliense.com.br\/trilhasonora\/wp-content\/uploads\/sites\/39\/2017\/10\/minhatrilha1.jpg"},"modified":"2017-10-04T11:33:42","modified_gmt":"2017-10-04T14:33:42","slug":"coquetel-26-pmb-brasilia","status":"inherit","type":"attachment","link":"https:\/\/blogs.correiobraziliense.com.br\/trilhasonora\/como-comprar-o-livro-minha-trilha-sonora\/coquetel-26-pmb-brasilia\/","title":{"rendered":"Coquetel 26 PMB-Bras\u00edlia"},"author":84,"featured_media":0,"comment_status":"open","ping_status":"closed","template":"","meta":[],"class_list":["post-34","attachment","type-attachment","status-inherit","hentry"],"smush":{"stats":{"percent":5.550638513086358,"bytes":17999,"size_before":324269,"size_after":306270,"time":0.26000000000000006,"api_version":"1.0","lossy":false},"sizes":{"thumbnail":{"percent":7.99,"bytes":865,"size_before":10830,"size_after":9965,"time":0.02},"medium":{"percent":6.82,"bytes":1317,"size_before":19307,"size_after":17990,"time":0.05},"medium_large":{"percent":5.57,"bytes":4939,"size_before":88607,"size_after":83668,"time":0.08},"large":{"percent":4.85,"bytes":6864,"size_before":141576,"size_after":134712,"time":0.08},"sunet-medium-thumb":{"percent":6,"bytes":3094,"size_before":51527,"size_after":48433,"time":0.02},"sunet-small-thumb":{"percent":7.41,"bytes":920,"size_before":12422,"size_after":11502,"time":0.01}}},"description":{"rendered":"<p class=\"attachment\"><a href='https:\/\/blogs.correiobraziliense.com.br\/trilhasonora\/wp-content\/uploads\/sites\/39\/2017\/10\/minhatrilha1.jpg'><img loading=\"lazy\" decoding=\"async\" width=\"300\" height=\"163\" src=\"https:\/\/blogs.correiobraziliense.com.br\/trilhasonora\/wp-content\/uploads\/sites\/39\/2017\/10\/minhatrilha1-300x163.jpg\" class=\"attachment-medium size-medium\" alt=\"\" srcset=\"https:\/\/blogs.correiobraziliense.com.br\/trilhasonora\/wp-content\/uploads\/sites\/39\/2017\/10\/minhatrilha1-300x163.jpg 300w, https:\/\/blogs.correiobraziliense.com.br\/trilhasonora\/wp-content\/uploads\/sites\/39\/2017\/10\/minhatrilha1-768x416.jpg 768w, https:\/\/blogs.correiobraziliense.com.br\/trilhasonora\/wp-content\/uploads\/sites\/39\/2017\/10\/minhatrilha1-1024x555.jpg 1024w, https:\/\/blogs.correiobraziliense.com.br\/trilhasonora\/wp-content\/uploads\/sites\/39\/2017\/10\/minhatrilha1-550x298.jpg 550w, https:\/\/blogs.correiobraziliense.com.br\/trilhasonora\/wp-content\/uploads\/sites\/39\/2017\/10\/minhatrilha1-230x125.jpg 230w, https:\/\/blogs.correiobraziliense.com.br\/trilhasonora\/wp-content\/uploads\/sites\/39\/2017\/10\/minhatrilha1.jpg 1200w\" sizes=\"auto, (max-width: 300px) 100vw, 300px\" \/><\/a><\/p>\n"},"caption":{"rendered":"<p>Credito: Gilberto Evangelista\/Divulga\u00e7\u00e3o. Cantora Z\u00e9lia Duncan, jornalista Irlam Rocha Lima e o cantor Jo\u00e3o Bosco durante Feira do Livro de Bras\u00edlia no Centro de Conven\u00e7\u00f5es Ulysses Guimar\u00e3es.<\/p>\n"},"alt_text":"","media_type":"image","mime_type":"image\/jpeg","media_details":{"width":1200,"height":650,"file":"2017\/10\/minhatrilha1.jpg","sizes":{"thumbnail":{"file":"minhatrilha1-150x150.jpg","width":150,"height":150,"mime_type":"image\/jpeg","source_url":"https:\/\/blogs.correiobraziliense.com.br\/trilhasonora\/wp-content\/uploads\/sites\/39\/2017\/10\/minhatrilha1-150x150.jpg"},"medium":{"file":"minhatrilha1-300x163.jpg","width":300,"height":163,"mime_type":"image\/jpeg","source_url":"https:\/\/blogs.correiobraziliense.com.br\/trilhasonora\/wp-content\/uploads\/sites\/39\/2017\/10\/minhatrilha1-300x163.jpg"},"medium_large":{"file":"minhatrilha1-768x416.jpg","width":768,"height":416,"mime_type":"image\/jpeg","source_url":"https:\/\/blogs.correiobraziliense.com.br\/trilhasonora\/wp-content\/uploads\/sites\/39\/2017\/10\/minhatrilha1-768x416.jpg"},"large":{"file":"minhatrilha1-1024x555.jpg","width":1024,"height":555,"mime_type":"image\/jpeg","source_url":"https:\/\/blogs.correiobraziliense.com.br\/trilhasonora\/wp-content\/uploads\/sites\/39\/2017\/10\/minhatrilha1-1024x555.jpg"},"sunet-medium-thumb":{"file":"minhatrilha1-550x298.jpg","width":550,"height":298,"mime_type":"image\/jpeg","source_url":"https:\/\/blogs.correiobraziliense.com.br\/trilhasonora\/wp-content\/uploads\/sites\/39\/2017\/10\/minhatrilha1-550x298.jpg"},"sunet-small-thumb":{"file":"minhatrilha1-230x125.jpg","width":230,"height":125,"mime_type":"image\/jpeg","source_url":"https:\/\/blogs.correiobraziliense.com.br\/trilhasonora\/wp-content\/uploads\/sites\/39\/2017\/10\/minhatrilha1-230x125.jpg"},"full":{"file":"minhatrilha1.jpg","width":1200,"height":650,"mime_type":"image\/jpeg","source_url":"https:\/\/blogs.correiobraziliense.com.br\/trilhasonora\/wp-content\/uploads\/sites\/39\/2017\/10\/minhatrilha1.jpg"}},"image_meta":{"aperture":"3.2","credit":"Gilberto Evangelista\/Divulga\u00e7\u00e3","camera":"Canon EOS 5D Mark III","caption":"25\/11\/2015. Credito: Gilberto Evangelista\/Divulga\u00e7ao. Cantora Z\u00e9lia Duncan, jornalista Irlam Rocha Lima e o cantor Jo\u00e3o Bosco durante Feira do Livro de Bras\u00edlia no Centro de Conven\u00e7\u00f5es Ulysses Guimar\u00e3es.","created_timestamp":"1448474720","copyright":"\u00a9Gilberto Evangelista2015","focal_length":"24","iso":"1600","shutter_speed":"0.01","title":"Coquetel 26 PMB-Bras\u00edlia","orientation":"0","keywords":["Minha trilha sonora, 40 anos de jornalismo"]}},"post":32,"source_url":"https:\/\/blogs.correiobraziliense.com.br\/trilhasonora\/wp-content\/uploads\/sites\/39\/2017\/10\/minhatrilha1.jpg","filename":"minhatrilha1.jpg","filesize":121860,"_links":{"self":[{"href":"https:\/\/blogs.correiobraziliense.com.br\/trilhasonora\/wp-json\/wp\/v2\/media\/34","targetHints":{"allow":["GET"]}}],"collection":[{"href":"https:\/\/blogs.correiobraziliense.com.br\/trilhasonora\/wp-json\/wp\/v2\/media"}],"about":[{"href":"https:\/\/blogs.correiobraziliense.com.br\/trilhasonora\/wp-json\/wp\/v2\/types\/attachment"}],"author":[{"embeddable":true,"href":"https:\/\/blogs.correiobraziliense.com.br\/trilhasonora\/wp-json\/wp\/v2\/users\/84"}],"replies":[{"embeddable":true,"href":"https:\/\/blogs.correiobraziliense.com.br\/trilhasonora\/wp-json\/wp\/v2\/comments?post=34"}],"wp:attached-to":[{"embeddable":true,"post_type":"post","id":32,"href":"https:\/\/blogs.correiobraziliense.com.br\/trilhasonora\/wp-json\/wp\/v2\/posts\/32"}],"curies":[{"name":"wp","href":"https:\/\/api.w.org\/{rel}","templated":true}]}}

Coquetel 26 PMB-Brasília

<p>Credito: Gilberto Evangelista/Divulgação. Cantora Zélia Duncan, jornalista Irlam Rocha Lima e o cantor João Bosco durante Feira do Livro de Brasília no Centro de Convenções Ulysses Guimarães.</p>

Gilberto Evangelista/Divulgaçã

25/11/2015. Credito: Gilberto Evangelista/Divulgaçao. Cantora Zélia Duncan, jornalista Irlam Rocha Lima e o cantor João Bosco durante Feira do Livro de Brasília no Centro de Convenções Ulysses Guimarães.
