{"id":7271,"date":"2018-07-30T18:07:15","date_gmt":"2018-07-30T21:07:15","guid":{"rendered":"https:\/\/blogs.correiobraziliense.com.br\/proximocapitulo\/wp-content\/uploads\/sites\/27\/2018\/07\/tempo_galeria9.jpg"},"modified":"2018-07-30T18:13:33","modified_gmt":"2018-07-30T21:13:33","slug":"o-tempo-nao-para-9","status":"inherit","type":"attachment","link":"https:\/\/blogs.correiobraziliense.com.br\/proximocapitulo\/o-tempo-nao-para-estreia\/o-tempo-nao-para-9\/","title":{"rendered":"O Tempo N\u00e3o Para"},"author":57,"featured_media":0,"comment_status":"open","ping_status":"closed","template":"","meta":[],"class_list":["post-7271","attachment","type-attachment","status-inherit","hentry"],"smush":{"stats":{"percent":6.027576577362772,"bytes":13814,"size_before":229180,"size_after":215366,"time":0.21000000000000002,"api_version":"1.0","lossy":false},"sizes":{"thumbnail":{"percent":6.57,"bytes":520,"size_before":7913,"size_after":7393,"time":0.02},"medium":{"percent":7.88,"bytes":1241,"size_before":15756,"size_after":14515,"time":0.04},"medium_large":{"percent":6.09,"bytes":3730,"size_before":61262,"size_after":57532,"time":0.08},"large":{"percent":5.15,"bytes":4965,"size_before":96325,"size_after":91360,"time":0.03},"sunet-medium-thumb":{"percent":6.78,"bytes":2548,"size_before":37584,"size_after":35036,"time":0.03},"sunet-small-thumb":{"percent":7.83,"bytes":810,"size_before":10340,"size_after":9530,"time":0.01}}},"description":{"rendered":"<p class=\"attachment\"><a href='https:\/\/blogs.correiobraziliense.com.br\/proximocapitulo\/wp-content\/uploads\/sites\/27\/2018\/07\/tempo_galeria9.jpg'><img loading=\"lazy\" decoding=\"async\" width=\"300\" height=\"163\" src=\"https:\/\/blogs.correiobraziliense.com.br\/proximocapitulo\/wp-content\/uploads\/sites\/27\/2018\/07\/tempo_galeria9-300x163.jpg\" class=\"attachment-medium size-medium\" alt=\"O vil\u00e3o Amadeu marca a volta Luiz Fernando Guimar\u00e3es \u00e0s novelas\" srcset=\"https:\/\/blogs.correiobraziliense.com.br\/proximocapitulo\/wp-content\/uploads\/sites\/27\/2018\/07\/tempo_galeria9-300x163.jpg 300w, https:\/\/blogs.correiobraziliense.com.br\/proximocapitulo\/wp-content\/uploads\/sites\/27\/2018\/07\/tempo_galeria9-768x416.jpg 768w, https:\/\/blogs.correiobraziliense.com.br\/proximocapitulo\/wp-content\/uploads\/sites\/27\/2018\/07\/tempo_galeria9-1024x555.jpg 1024w, https:\/\/blogs.correiobraziliense.com.br\/proximocapitulo\/wp-content\/uploads\/sites\/27\/2018\/07\/tempo_galeria9-550x298.jpg 550w, https:\/\/blogs.correiobraziliense.com.br\/proximocapitulo\/wp-content\/uploads\/sites\/27\/2018\/07\/tempo_galeria9-230x125.jpg 230w, https:\/\/blogs.correiobraziliense.com.br\/proximocapitulo\/wp-content\/uploads\/sites\/27\/2018\/07\/tempo_galeria9.jpg 1200w\" sizes=\"auto, (max-width: 300px) 100vw, 300px\" \/><\/a><\/p>\n<p>O vil\u00e3o Amadeu marca a volta Luiz Fernando Guimar\u00e3es \u00e0s novelas<\/p>\n"},"caption":{"rendered":"<p>O vil\u00e3o Amadeu marca a volta Luiz Fernando Guimar\u00e3es \u00e0s novelas<\/p>\n"},"alt_text":"O vil\u00e3o Amadeu marca a volta Luiz Fernando Guimar\u00e3es \u00e0s novelas","media_type":"image","mime_type":"image\/jpeg","media_details":{"width":1200,"height":650,"file":"2018\/07\/tempo_galeria9.jpg","sizes":{"thumbnail":{"file":"tempo_galeria9-150x150.jpg","width":150,"height":150,"mime_type":"image\/jpeg","source_url":"https:\/\/blogs.correiobraziliense.com.br\/proximocapitulo\/wp-content\/uploads\/sites\/27\/2018\/07\/tempo_galeria9-150x150.jpg"},"medium":{"file":"tempo_galeria9-300x163.jpg","width":300,"height":163,"mime_type":"image\/jpeg","source_url":"https:\/\/blogs.correiobraziliense.com.br\/proximocapitulo\/wp-content\/uploads\/sites\/27\/2018\/07\/tempo_galeria9-300x163.jpg"},"medium_large":{"file":"tempo_galeria9-768x416.jpg","width":768,"height":416,"mime_type":"image\/jpeg","source_url":"https:\/\/blogs.correiobraziliense.com.br\/proximocapitulo\/wp-content\/uploads\/sites\/27\/2018\/07\/tempo_galeria9-768x416.jpg"},"large":{"file":"tempo_galeria9-1024x555.jpg","width":1024,"height":555,"mime_type":"image\/jpeg","source_url":"https:\/\/blogs.correiobraziliense.com.br\/proximocapitulo\/wp-content\/uploads\/sites\/27\/2018\/07\/tempo_galeria9-1024x555.jpg"},"sunet-medium-thumb":{"file":"tempo_galeria9-550x298.jpg","width":550,"height":298,"mime_type":"image\/jpeg","source_url":"https:\/\/blogs.correiobraziliense.com.br\/proximocapitulo\/wp-content\/uploads\/sites\/27\/2018\/07\/tempo_galeria9-550x298.jpg"},"sunet-small-thumb":{"file":"tempo_galeria9-230x125.jpg","width":230,"height":125,"mime_type":"image\/jpeg","source_url":"https:\/\/blogs.correiobraziliense.com.br\/proximocapitulo\/wp-content\/uploads\/sites\/27\/2018\/07\/tempo_galeria9-230x125.jpg"},"full":{"file":"tempo_galeria9.jpg","width":1200,"height":650,"mime_type":"image\/jpeg","source_url":"https:\/\/blogs.correiobraziliense.com.br\/proximocapitulo\/wp-content\/uploads\/sites\/27\/2018\/07\/tempo_galeria9.jpg"}},"image_meta":{"aperture":"3.5","credit":"Mauricio Fidalgo","camera":"NIKON D4S","caption":"Amadeu ( Luiz Fernando Guimar\u00e3es )","created_timestamp":"1531569735","copyright":"TV GLOBO","focal_length":"70","iso":"200","shutter_speed":"0.0025","title":"O Tempo N\u00e3o Para","orientation":"0","keywords":[]}},"post":7262,"source_url":"https:\/\/blogs.correiobraziliense.com.br\/proximocapitulo\/wp-content\/uploads\/sites\/27\/2018\/07\/tempo_galeria9.jpg","filename":"tempo_galeria9.jpg","filesize":111974,"_links":{"self":[{"href":"https:\/\/blogs.correiobraziliense.com.br\/proximocapitulo\/wp-json\/wp\/v2\/media\/7271","targetHints":{"allow":["GET"]}}],"collection":[{"href":"https:\/\/blogs.correiobraziliense.com.br\/proximocapitulo\/wp-json\/wp\/v2\/media"}],"about":[{"href":"https:\/\/blogs.correiobraziliense.com.br\/proximocapitulo\/wp-json\/wp\/v2\/types\/attachment"}],"author":[{"embeddable":true,"href":"https:\/\/blogs.correiobraziliense.com.br\/proximocapitulo\/wp-json\/wp\/v2\/users\/57"}],"replies":[{"embeddable":true,"href":"https:\/\/blogs.correiobraziliense.com.br\/proximocapitulo\/wp-json\/wp\/v2\/comments?post=7271"}],"wp:attached-to":[{"embeddable":true,"post_type":"post","id":7262,"href":"https:\/\/blogs.correiobraziliense.com.br\/proximocapitulo\/wp-json\/wp\/v2\/posts\/7262"}],"curies":[{"name":"wp","href":"https:\/\/api.w.org\/{rel}","templated":true}]}}

O Tempo Não Para

<p class="attachment"><a href='https://blogs.correiobraziliense.com.br/proximocapitulo/wp-content/uploads/sites/27/2018/07/tempo_galeria9.jpg'><img loading="lazy" decoding="async" width="300" height="163" src="https://blogs.correiobraziliense.com.br/proximocapitulo/wp-content/uploads/sites/27/2018/07/tempo_galeria9-300x163.jpg" class="attachment-medium size-medium" alt="O vilão Amadeu marca a volta Luiz Fernando Guimarães às novelas" srcset="https://blogs.correiobraziliense.com.br/proximocapitulo/wp-content/uploads/sites/27/2018/07/tempo_galeria9-300x163.jpg 300w, https://blogs.correiobraziliense.com.br/proximocapitulo/wp-content/uploads/sites/27/2018/07/tempo_galeria9-768x416.jpg 768w, https://blogs.correiobraziliense.com.br/proximocapitulo/wp-content/uploads/sites/27/2018/07/tempo_galeria9-1024x555.jpg 1024w, https://blogs.correiobraziliense.com.br/proximocapitulo/wp-content/uploads/sites/27/2018/07/tempo_galeria9-550x298.jpg 550w, https://blogs.correiobraziliense.com.br/proximocapitulo/wp-content/uploads/sites/27/2018/07/tempo_galeria9-230x125.jpg 230w, https://blogs.correiobraziliense.com.br/proximocapitulo/wp-content/uploads/sites/27/2018/07/tempo_galeria9.jpg 1200w" sizes="auto, (max-width: 300px) 100vw, 300px" /></a></p>
<p>O vilão Amadeu marca a volta Luiz Fernando Guimarães às novelas</p>

<p>O vilão Amadeu marca a volta Luiz Fernando Guimarães às novelas</p>

O vilão Amadeu marca a volta Luiz Fernando Guimarães às novelas

Amadeu ( Luiz Fernando Guimarães )
