{"id":6006,"date":"2018-04-13T15:00:20","date_gmt":"2018-04-13T18:00:20","guid":{"rendered":"https:\/\/blogs.correiobraziliense.com.br\/proximocapitulo\/wp-content\/uploads\/sites\/27\/2018\/04\/CBNFOT110420180159.jpg"},"modified":"2018-04-13T15:00:20","modified_gmt":"2018-04-13T18:00:20","slug":"cbnfot110420180159","status":"inherit","type":"attachment","link":"https:\/\/blogs.correiobraziliense.com.br\/proximocapitulo\/minisserie-mil-dias-saga-da-construcao-de-brasilia\/cbnfot110420180159\/","title":{"rendered":"CBNFOT110420180159"},"author":58,"featured_media":0,"comment_status":"open","ping_status":"closed","template":"","meta":[],"class_list":["post-6006","attachment","type-attachment","status-inherit","hentry"],"smush":{"stats":{"percent":4.670247143962496,"bytes":10261,"size_before":219710,"size_after":209449,"time":0.22999999999999998,"api_version":"1.0","lossy":false},"sizes":{"thumbnail":{"percent":7.59,"bytes":668,"size_before":8805,"size_after":8137,"time":0.03},"medium":{"percent":6.28,"bytes":1182,"size_before":18820,"size_after":17638,"time":0.02},"medium_large":{"percent":4.47,"bytes":3357,"size_before":75017,"size_after":71660,"time":0.08},"sunet-medium-thumb":{"percent":5.17,"bytes":2382,"size_before":46033,"size_after":43651,"time":0.02},"sunet-small-thumb":{"percent":7.49,"bytes":970,"size_before":12947,"size_after":11977,"time":0.03},"full":{"percent":2.93,"bytes":1702,"size_before":58088,"size_after":56386,"time":0.05}}},"description":{"rendered":"<p class=\"attachment\"><a href='https:\/\/blogs.correiobraziliense.com.br\/proximocapitulo\/wp-content\/uploads\/sites\/27\/2018\/04\/CBNFOT110420180159.jpg'><img loading=\"lazy\" decoding=\"async\" width=\"300\" height=\"200\" src=\"https:\/\/blogs.correiobraziliense.com.br\/proximocapitulo\/wp-content\/uploads\/sites\/27\/2018\/04\/CBNFOT110420180159-300x200.jpg\" class=\"attachment-medium size-medium\" alt=\"\" srcset=\"https:\/\/blogs.correiobraziliense.com.br\/proximocapitulo\/wp-content\/uploads\/sites\/27\/2018\/04\/CBNFOT110420180159-300x200.jpg 300w, https:\/\/blogs.correiobraziliense.com.br\/proximocapitulo\/wp-content\/uploads\/sites\/27\/2018\/04\/CBNFOT110420180159-768x512.jpg 768w, https:\/\/blogs.correiobraziliense.com.br\/proximocapitulo\/wp-content\/uploads\/sites\/27\/2018\/04\/CBNFOT110420180159-550x366.jpg 550w, https:\/\/blogs.correiobraziliense.com.br\/proximocapitulo\/wp-content\/uploads\/sites\/27\/2018\/04\/CBNFOT110420180159-230x153.jpg 230w, https:\/\/blogs.correiobraziliense.com.br\/proximocapitulo\/wp-content\/uploads\/sites\/27\/2018\/04\/CBNFOT110420180159.jpg 800w\" sizes=\"auto, (max-width: 300px) 100vw, 300px\" \/><\/a><\/p>\n"},"caption":{"rendered":"<p>2018. Credito: History Channel\/Divulgacao. Cena da miniss\u00e9rie Mil dias: A saga da constru\u00e7\u00e3o de Brasilia.<\/p>\n"},"alt_text":"","media_type":"image","mime_type":"image\/jpeg","media_details":{"width":800,"height":533,"file":"2018\/04\/CBNFOT110420180159.jpg","sizes":{"thumbnail":{"file":"CBNFOT110420180159-150x150.jpg","width":150,"height":150,"mime_type":"image\/jpeg","source_url":"https:\/\/blogs.correiobraziliense.com.br\/proximocapitulo\/wp-content\/uploads\/sites\/27\/2018\/04\/CBNFOT110420180159-150x150.jpg"},"medium":{"file":"CBNFOT110420180159-300x200.jpg","width":300,"height":200,"mime_type":"image\/jpeg","source_url":"https:\/\/blogs.correiobraziliense.com.br\/proximocapitulo\/wp-content\/uploads\/sites\/27\/2018\/04\/CBNFOT110420180159-300x200.jpg"},"medium_large":{"file":"CBNFOT110420180159-768x512.jpg","width":768,"height":512,"mime_type":"image\/jpeg","source_url":"https:\/\/blogs.correiobraziliense.com.br\/proximocapitulo\/wp-content\/uploads\/sites\/27\/2018\/04\/CBNFOT110420180159-768x512.jpg"},"sunet-medium-thumb":{"file":"CBNFOT110420180159-550x366.jpg","width":550,"height":366,"mime_type":"image\/jpeg","source_url":"https:\/\/blogs.correiobraziliense.com.br\/proximocapitulo\/wp-content\/uploads\/sites\/27\/2018\/04\/CBNFOT110420180159-550x366.jpg"},"sunet-small-thumb":{"file":"CBNFOT110420180159-230x153.jpg","width":230,"height":153,"mime_type":"image\/jpeg","source_url":"https:\/\/blogs.correiobraziliense.com.br\/proximocapitulo\/wp-content\/uploads\/sites\/27\/2018\/04\/CBNFOT110420180159-230x153.jpg"},"full":{"file":"CBNFOT110420180159.jpg","width":800,"height":533,"mime_type":"image\/jpeg","source_url":"https:\/\/blogs.correiobraziliense.com.br\/proximocapitulo\/wp-content\/uploads\/sites\/27\/2018\/04\/CBNFOT110420180159.jpg"}},"image_meta":{"aperture":"0","credit":"History Channel\/Divulgacao","camera":"","caption":"2018. Credito: History Channel\/Divulgacao. Cena da miniss\u00e9rie Mil dias: A saga da constru\u00e7\u00e3o de Brasilia.","created_timestamp":"0","copyright":"","focal_length":"0","iso":"0","shutter_speed":"0","title":"","orientation":"0","keywords":[]}},"post":6002,"source_url":"https:\/\/blogs.correiobraziliense.com.br\/proximocapitulo\/wp-content\/uploads\/sites\/27\/2018\/04\/CBNFOT110420180159.jpg","filename":"CBNFOT110420180159.jpg","filesize":56386,"_links":{"self":[{"href":"https:\/\/blogs.correiobraziliense.com.br\/proximocapitulo\/wp-json\/wp\/v2\/media\/6006","targetHints":{"allow":["GET"]}}],"collection":[{"href":"https:\/\/blogs.correiobraziliense.com.br\/proximocapitulo\/wp-json\/wp\/v2\/media"}],"about":[{"href":"https:\/\/blogs.correiobraziliense.com.br\/proximocapitulo\/wp-json\/wp\/v2\/types\/attachment"}],"author":[{"embeddable":true,"href":"https:\/\/blogs.correiobraziliense.com.br\/proximocapitulo\/wp-json\/wp\/v2\/users\/58"}],"replies":[{"embeddable":true,"href":"https:\/\/blogs.correiobraziliense.com.br\/proximocapitulo\/wp-json\/wp\/v2\/comments?post=6006"}],"wp:attached-to":[{"embeddable":true,"post_type":"post","id":6002,"href":"https:\/\/blogs.correiobraziliense.com.br\/proximocapitulo\/wp-json\/wp\/v2\/posts\/6002"}],"curies":[{"name":"wp","href":"https:\/\/api.w.org\/{rel}","templated":true}]}}

<p>2018. Credito: History Channel/Divulgacao. Cena da minissérie Mil dias: A saga da construção de Brasilia.</p>

2018. Credito: History Channel/Divulgacao. Cena da minissérie Mil dias: A saga da construção de Brasilia.
