{"id":3855,"date":"2017-10-09T16:22:00","date_gmt":"2017-10-09T19:22:00","guid":{"rendered":"https:\/\/blogs.correiobraziliense.com.br\/proximocapitulo\/wp-content\/uploads\/sites\/27\/2017\/10\/tempo-de-amar-2.jpg"},"modified":"2017-10-09T16:22:33","modified_gmt":"2017-10-09T19:22:33","slug":"tempo-de-amar-7","status":"inherit","type":"attachment","link":"https:\/\/blogs.correiobraziliense.com.br\/proximocapitulo\/critica-novela-tempo-de-amar\/tempo-de-amar-7\/","title":{"rendered":"Tempo de Amar"},"author":57,"featured_media":0,"comment_status":"open","ping_status":"closed","template":"","meta":[],"class_list":["post-3855","attachment","type-attachment","status-inherit","hentry"],"smush":{"stats":{"percent":5.43787518450075,"bytes":13742,"size_before":252709,"size_after":238967,"time":0.24000000000000002,"api_version":"1.0","lossy":false},"sizes":{"thumbnail":{"percent":7.97,"bytes":744,"size_before":9333,"size_after":8589,"time":0.01},"medium":{"percent":7.39,"bytes":1310,"size_before":17724,"size_after":16414,"time":0.04},"medium_large":{"percent":5.21,"bytes":3545,"size_before":68031,"size_after":64486,"time":0.09},"large":{"percent":4.52,"bytes":4676,"size_before":103506,"size_after":98830,"time":0.04},"sunet-medium-thumb":{"percent":5.96,"bytes":2521,"size_before":42291,"size_after":39770,"time":0.02},"sunet-small-thumb":{"percent":8,"bytes":946,"size_before":11824,"size_after":10878,"time":0.04}}},"description":{"rendered":"<p class=\"attachment\"><a href='https:\/\/blogs.correiobraziliense.com.br\/proximocapitulo\/wp-content\/uploads\/sites\/27\/2017\/10\/tempo-de-amar-2.jpg'><img loading=\"lazy\" decoding=\"async\" width=\"300\" height=\"163\" src=\"https:\/\/blogs.correiobraziliense.com.br\/proximocapitulo\/wp-content\/uploads\/sites\/27\/2017\/10\/tempo-de-amar-2-300x163.jpg\" class=\"attachment-medium size-medium\" alt=\"Cena do primeiro cap\u00edtulo de Tempo de amar\" srcset=\"https:\/\/blogs.correiobraziliense.com.br\/proximocapitulo\/wp-content\/uploads\/sites\/27\/2017\/10\/tempo-de-amar-2-300x163.jpg 300w, https:\/\/blogs.correiobraziliense.com.br\/proximocapitulo\/wp-content\/uploads\/sites\/27\/2017\/10\/tempo-de-amar-2-768x416.jpg 768w, https:\/\/blogs.correiobraziliense.com.br\/proximocapitulo\/wp-content\/uploads\/sites\/27\/2017\/10\/tempo-de-amar-2-1024x555.jpg 1024w, https:\/\/blogs.correiobraziliense.com.br\/proximocapitulo\/wp-content\/uploads\/sites\/27\/2017\/10\/tempo-de-amar-2-550x298.jpg 550w, https:\/\/blogs.correiobraziliense.com.br\/proximocapitulo\/wp-content\/uploads\/sites\/27\/2017\/10\/tempo-de-amar-2-230x125.jpg 230w, https:\/\/blogs.correiobraziliense.com.br\/proximocapitulo\/wp-content\/uploads\/sites\/27\/2017\/10\/tempo-de-amar-2.jpg 1200w\" sizes=\"auto, (max-width: 300px) 100vw, 300px\" \/><\/a><\/p>\n<p>Cena do primeiro cap\u00edtulo de Tempo de amar<\/p>\n"},"caption":{"rendered":"<p>Cena do primeiro cap\u00edtulo de Tempo de amar<\/p>\n"},"alt_text":"Cena do primeiro cap\u00edtulo de Tempo de amar","media_type":"image","mime_type":"image\/jpeg","media_details":{"width":1200,"height":650,"file":"2017\/10\/tempo-de-amar-2.jpg","sizes":{"thumbnail":{"file":"tempo-de-amar-2-150x150.jpg","width":150,"height":150,"mime_type":"image\/jpeg","source_url":"https:\/\/blogs.correiobraziliense.com.br\/proximocapitulo\/wp-content\/uploads\/sites\/27\/2017\/10\/tempo-de-amar-2-150x150.jpg"},"medium":{"file":"tempo-de-amar-2-300x163.jpg","width":300,"height":163,"mime_type":"image\/jpeg","source_url":"https:\/\/blogs.correiobraziliense.com.br\/proximocapitulo\/wp-content\/uploads\/sites\/27\/2017\/10\/tempo-de-amar-2-300x163.jpg"},"medium_large":{"file":"tempo-de-amar-2-768x416.jpg","width":768,"height":416,"mime_type":"image\/jpeg","source_url":"https:\/\/blogs.correiobraziliense.com.br\/proximocapitulo\/wp-content\/uploads\/sites\/27\/2017\/10\/tempo-de-amar-2-768x416.jpg"},"large":{"file":"tempo-de-amar-2-1024x555.jpg","width":1024,"height":555,"mime_type":"image\/jpeg","source_url":"https:\/\/blogs.correiobraziliense.com.br\/proximocapitulo\/wp-content\/uploads\/sites\/27\/2017\/10\/tempo-de-amar-2-1024x555.jpg"},"sunet-medium-thumb":{"file":"tempo-de-amar-2-550x298.jpg","width":550,"height":298,"mime_type":"image\/jpeg","source_url":"https:\/\/blogs.correiobraziliense.com.br\/proximocapitulo\/wp-content\/uploads\/sites\/27\/2017\/10\/tempo-de-amar-2-550x298.jpg"},"sunet-small-thumb":{"file":"tempo-de-amar-2-230x125.jpg","width":230,"height":125,"mime_type":"image\/jpeg","source_url":"https:\/\/blogs.correiobraziliense.com.br\/proximocapitulo\/wp-content\/uploads\/sites\/27\/2017\/10\/tempo-de-amar-2-230x125.jpg"},"full":{"file":"tempo-de-amar-2.jpg","width":1200,"height":650,"mime_type":"image\/jpeg","source_url":"https:\/\/blogs.correiobraziliense.com.br\/proximocapitulo\/wp-content\/uploads\/sites\/27\/2017\/10\/tempo-de-amar-2.jpg"}},"image_meta":{"aperture":"3.5","credit":"","camera":"NIKON D4","caption":"Prociss\u00e3o com a presen\u00e7a de Maria Vit\u00f3ria ( Vit\u00f3ria Strada ), In\u00e1cio ( Bruno Cabrerizo ), Jos\u00e9 Augusto ( Tony Ramos ), Delfina ( Let\u00edcia Sabatella ), Fern\u00e3o ( Jayme Matarazzo ), Henriqueta ( Nivea Maria), Tereza ( Olivia Torres ).","created_timestamp":"1505243463","copyright":"","focal_length":"70","iso":"400","shutter_speed":"0.004","title":"Tempo de Amar","orientation":"0","keywords":[]}},"post":3845,"source_url":"https:\/\/blogs.correiobraziliense.com.br\/proximocapitulo\/wp-content\/uploads\/sites\/27\/2017\/10\/tempo-de-amar-2.jpg","filename":"tempo-de-amar-2.jpg","filesize":86141,"_links":{"self":[{"href":"https:\/\/blogs.correiobraziliense.com.br\/proximocapitulo\/wp-json\/wp\/v2\/media\/3855","targetHints":{"allow":["GET"]}}],"collection":[{"href":"https:\/\/blogs.correiobraziliense.com.br\/proximocapitulo\/wp-json\/wp\/v2\/media"}],"about":[{"href":"https:\/\/blogs.correiobraziliense.com.br\/proximocapitulo\/wp-json\/wp\/v2\/types\/attachment"}],"author":[{"embeddable":true,"href":"https:\/\/blogs.correiobraziliense.com.br\/proximocapitulo\/wp-json\/wp\/v2\/users\/57"}],"replies":[{"embeddable":true,"href":"https:\/\/blogs.correiobraziliense.com.br\/proximocapitulo\/wp-json\/wp\/v2\/comments?post=3855"}],"wp:attached-to":[{"embeddable":true,"post_type":"post","id":3845,"href":"https:\/\/blogs.correiobraziliense.com.br\/proximocapitulo\/wp-json\/wp\/v2\/posts\/3845"}],"curies":[{"name":"wp","href":"https:\/\/api.w.org\/{rel}","templated":true}]}}

<p class="attachment"><a href='https://blogs.correiobraziliense.com.br/proximocapitulo/wp-content/uploads/sites/27/2017/10/tempo-de-amar-2.jpg'><img loading="lazy" decoding="async" width="300" height="163" src="https://blogs.correiobraziliense.com.br/proximocapitulo/wp-content/uploads/sites/27/2017/10/tempo-de-amar-2-300x163.jpg" class="attachment-medium size-medium" alt="Cena do primeiro capítulo de Tempo de amar" srcset="https://blogs.correiobraziliense.com.br/proximocapitulo/wp-content/uploads/sites/27/2017/10/tempo-de-amar-2-300x163.jpg 300w, https://blogs.correiobraziliense.com.br/proximocapitulo/wp-content/uploads/sites/27/2017/10/tempo-de-amar-2-768x416.jpg 768w, https://blogs.correiobraziliense.com.br/proximocapitulo/wp-content/uploads/sites/27/2017/10/tempo-de-amar-2-1024x555.jpg 1024w, https://blogs.correiobraziliense.com.br/proximocapitulo/wp-content/uploads/sites/27/2017/10/tempo-de-amar-2-550x298.jpg 550w, https://blogs.correiobraziliense.com.br/proximocapitulo/wp-content/uploads/sites/27/2017/10/tempo-de-amar-2-230x125.jpg 230w, https://blogs.correiobraziliense.com.br/proximocapitulo/wp-content/uploads/sites/27/2017/10/tempo-de-amar-2.jpg 1200w" sizes="auto, (max-width: 300px) 100vw, 300px" /></a></p>
<p>Cena do primeiro capítulo de Tempo de amar</p>

<p>Cena do primeiro capítulo de Tempo de amar</p>

Cena do primeiro capítulo de Tempo de amar

Procissão com a presença de Maria Vitória ( Vitória Strada ), Inácio ( Bruno Cabrerizo ), José Augusto ( Tony Ramos ), Delfina ( Letícia Sabatella ), Fernão ( Jayme Matarazzo ), Henriqueta ( Nivea Maria), Tereza ( Olivia Torres ).
