{"id":20214,"date":"2022-02-06T11:23:53","date_gmt":"2022-02-06T14:23:53","guid":{"rendered":"https:\/\/blogs.correiobraziliense.com.br\/proximocapitulo\/wp-content\/uploads\/sites\/27\/2022\/02\/ilusao13_eriberto_paloma.jpg"},"modified":"2022-02-06T11:24:41","modified_gmt":"2022-02-06T14:24:41","slug":"alem-da-ilusao-15","status":"inherit","type":"attachment","link":"https:\/\/blogs.correiobraziliense.com.br\/proximocapitulo\/alem-da-ilusao-estreia-nesta-segunda-conheca-os-personagens\/alem-da-ilusao-15\/","title":{"rendered":"Al\u00e9m da Ilus\u00e3o"},"author":57,"featured_media":0,"comment_status":"open","ping_status":"closed","template":"","meta":[],"class_list":["post-20214","attachment","type-attachment","status-inherit","hentry"],"smush":{"stats":{"percent":5.011058841252559,"bytes":14636,"size_before":292074,"size_after":277438,"time":0.34,"api_version":"1.0","lossy":false,"keep_exif":true},"sizes":{"thumbnail":{"percent":5.7,"bytes":402,"size_before":7047,"size_after":6645,"time":0.02},"medium":{"percent":5.49,"bytes":754,"size_before":13729,"size_after":12975,"time":0.01},"medium_large":{"percent":4.96,"bytes":2997,"size_before":60447,"size_after":57450,"time":0.02},"large":{"percent":4.85,"bytes":4891,"size_before":100881,"size_after":95990,"time":0.15},"sunet-gn-thumb":{"percent":5.05,"bytes":3327,"size_before":65880,"size_after":62553,"time":0.08},"sunet-medium-thumb":{"percent":4.96,"bytes":1735,"size_before":34946,"size_after":33211,"time":0.02},"sunet-small-thumb":{"percent":5.8,"bytes":530,"size_before":9144,"size_after":8614,"time":0.04}}},"description":{"rendered":"<p class=\"attachment\"><a href='https:\/\/blogs.correiobraziliense.com.br\/proximocapitulo\/wp-content\/uploads\/sites\/27\/2022\/02\/ilusao13_eriberto_paloma.jpg'><img loading=\"lazy\" decoding=\"async\" width=\"300\" height=\"163\" src=\"https:\/\/blogs.correiobraziliense.com.br\/proximocapitulo\/wp-content\/uploads\/sites\/27\/2022\/02\/ilusao13_eriberto_paloma-300x163.jpg\" class=\"attachment-medium size-medium\" alt=\"\" srcset=\"https:\/\/blogs.correiobraziliense.com.br\/proximocapitulo\/wp-content\/uploads\/sites\/27\/2022\/02\/ilusao13_eriberto_paloma-300x163.jpg 300w, https:\/\/blogs.correiobraziliense.com.br\/proximocapitulo\/wp-content\/uploads\/sites\/27\/2022\/02\/ilusao13_eriberto_paloma-768x416.jpg 768w, https:\/\/blogs.correiobraziliense.com.br\/proximocapitulo\/wp-content\/uploads\/sites\/27\/2022\/02\/ilusao13_eriberto_paloma-1024x555.jpg 1024w, https:\/\/blogs.correiobraziliense.com.br\/proximocapitulo\/wp-content\/uploads\/sites\/27\/2022\/02\/ilusao13_eriberto_paloma-800x433.jpg 800w, https:\/\/blogs.correiobraziliense.com.br\/proximocapitulo\/wp-content\/uploads\/sites\/27\/2022\/02\/ilusao13_eriberto_paloma-550x298.jpg 550w, https:\/\/blogs.correiobraziliense.com.br\/proximocapitulo\/wp-content\/uploads\/sites\/27\/2022\/02\/ilusao13_eriberto_paloma-230x125.jpg 230w, https:\/\/blogs.correiobraziliense.com.br\/proximocapitulo\/wp-content\/uploads\/sites\/27\/2022\/02\/ilusao13_eriberto_paloma.jpg 1200w\" sizes=\"auto, (max-width: 300px) 100vw, 300px\" \/><\/a><\/p>\n"},"caption":{"rendered":"<p>Foto: Paulo Belotte\/ TV Globo. Eriberto Le\u00e3o e Paloma Duarte como Le\u00f4nidas e Helo\u00edsa<\/p>\n"},"alt_text":"","media_type":"image","mime_type":"image\/jpeg","media_details":{"width":1200,"height":650,"file":"2022\/02\/ilusao13_eriberto_paloma.jpg","sizes":{"thumbnail":{"file":"ilusao13_eriberto_paloma-150x150.jpg","width":150,"height":150,"mime_type":"image\/jpeg","source_url":"https:\/\/blogs.correiobraziliense.com.br\/proximocapitulo\/wp-content\/uploads\/sites\/27\/2022\/02\/ilusao13_eriberto_paloma-150x150.jpg"},"medium":{"file":"ilusao13_eriberto_paloma-300x163.jpg","width":300,"height":163,"mime_type":"image\/jpeg","source_url":"https:\/\/blogs.correiobraziliense.com.br\/proximocapitulo\/wp-content\/uploads\/sites\/27\/2022\/02\/ilusao13_eriberto_paloma-300x163.jpg"},"medium_large":{"file":"ilusao13_eriberto_paloma-768x416.jpg","width":768,"height":416,"mime_type":"image\/jpeg","source_url":"https:\/\/blogs.correiobraziliense.com.br\/proximocapitulo\/wp-content\/uploads\/sites\/27\/2022\/02\/ilusao13_eriberto_paloma-768x416.jpg"},"large":{"file":"ilusao13_eriberto_paloma-1024x555.jpg","width":1024,"height":555,"mime_type":"image\/jpeg","source_url":"https:\/\/blogs.correiobraziliense.com.br\/proximocapitulo\/wp-content\/uploads\/sites\/27\/2022\/02\/ilusao13_eriberto_paloma-1024x555.jpg"},"sunet-gn-thumb":{"file":"ilusao13_eriberto_paloma-800x433.jpg","width":800,"height":433,"mime_type":"image\/jpeg","source_url":"https:\/\/blogs.correiobraziliense.com.br\/proximocapitulo\/wp-content\/uploads\/sites\/27\/2022\/02\/ilusao13_eriberto_paloma-800x433.jpg"},"sunet-medium-thumb":{"file":"ilusao13_eriberto_paloma-550x298.jpg","width":550,"height":298,"mime_type":"image\/jpeg","source_url":"https:\/\/blogs.correiobraziliense.com.br\/proximocapitulo\/wp-content\/uploads\/sites\/27\/2022\/02\/ilusao13_eriberto_paloma-550x298.jpg"},"sunet-small-thumb":{"file":"ilusao13_eriberto_paloma-230x125.jpg","width":230,"height":125,"mime_type":"image\/jpeg","source_url":"https:\/\/blogs.correiobraziliense.com.br\/proximocapitulo\/wp-content\/uploads\/sites\/27\/2022\/02\/ilusao13_eriberto_paloma-230x125.jpg"},"full":{"file":"ilusao13_eriberto_paloma.jpg","width":1200,"height":650,"mime_type":"image\/jpeg","source_url":"https:\/\/blogs.correiobraziliense.com.br\/proximocapitulo\/wp-content\/uploads\/sites\/27\/2022\/02\/ilusao13_eriberto_paloma.jpg"}},"image_meta":{"aperture":"4","credit":"PAULO BELOTE","camera":"Canon EOS 6D Mark II","caption":"Le\u00f4nidas ( Eriberto Le\u00e3o ) e Helo\u00edsa ( Paloma Duarte ) *** Local Caption *** Cap 10 \u2013 Cena 11","created_timestamp":"1636400648","copyright":"","focal_length":"70","iso":"6400","shutter_speed":"0.00625","title":"Al\u00e9m da Ilus\u00e3o","orientation":"0"}},"post":20201,"source_url":"https:\/\/blogs.correiobraziliense.com.br\/proximocapitulo\/wp-content\/uploads\/sites\/27\/2022\/02\/ilusao13_eriberto_paloma.jpg","filename":"ilusao13_eriberto_paloma.jpg","filesize":659411,"_links":{"self":[{"href":"https:\/\/blogs.correiobraziliense.com.br\/proximocapitulo\/wp-json\/wp\/v2\/media\/20214","targetHints":{"allow":["GET"]}}],"collection":[{"href":"https:\/\/blogs.correiobraziliense.com.br\/proximocapitulo\/wp-json\/wp\/v2\/media"}],"about":[{"href":"https:\/\/blogs.correiobraziliense.com.br\/proximocapitulo\/wp-json\/wp\/v2\/types\/attachment"}],"author":[{"embeddable":true,"href":"https:\/\/blogs.correiobraziliense.com.br\/proximocapitulo\/wp-json\/wp\/v2\/users\/57"}],"replies":[{"embeddable":true,"href":"https:\/\/blogs.correiobraziliense.com.br\/proximocapitulo\/wp-json\/wp\/v2\/comments?post=20214"}],"wp:attached-to":[{"embeddable":true,"post_type":"post","id":20201,"href":"https:\/\/blogs.correiobraziliense.com.br\/proximocapitulo\/wp-json\/wp\/v2\/posts\/20201"}],"curies":[{"name":"wp","href":"https:\/\/api.w.org\/{rel}","templated":true}]}}

Além da Ilusão

<p>Foto: Paulo Belotte/ TV Globo. Eriberto Leão e Paloma Duarte como Leônidas e Heloísa</p>

Leônidas ( Eriberto Leão ) e Heloísa ( Paloma Duarte ) *** Local Caption *** Cap 10 – Cena 11
