{"id":20149,"date":"2022-01-30T10:34:24","date_gmt":"2022-01-30T13:34:24","guid":{"rendered":"https:\/\/blogs.correiobraziliense.com.br\/proximocapitulo\/wp-content\/uploads\/sites\/27\/2022\/01\/alma_cristina.jpg"},"modified":"2022-01-30T10:34:47","modified_gmt":"2022-01-30T13:34:47","slug":"alma_cristina","status":"inherit","type":"attachment","link":"https:\/\/blogs.correiobraziliense.com.br\/proximocapitulo\/alma-gemea-estreia-no-canal-viva\/alma_cristina\/","title":{"rendered":"alma_cristina"},"author":57,"featured_media":0,"comment_status":"open","ping_status":"closed","template":"","meta":[],"class_list":["post-20149","attachment","type-attachment","status-inherit","hentry"],"smush":{"stats":{"percent":4.469875695423946,"bytes":14229,"size_before":318331,"size_after":304102,"time":0.22,"api_version":"1.0","lossy":false,"keep_exif":true},"sizes":{"thumbnail":{"percent":6.14,"bytes":492,"size_before":8011,"size_after":7519,"time":0.01},"medium":{"percent":5.57,"bytes":847,"size_before":15212,"size_after":14365,"time":0.02},"medium_large":{"percent":4.29,"bytes":2866,"size_before":66838,"size_after":63972,"time":0.02},"large":{"percent":3.94,"bytes":4171,"size_before":105786,"size_after":101615,"time":0.09},"sunet-gn-thumb":{"percent":4.46,"bytes":3231,"size_before":72489,"size_after":69258,"time":0.03},"sunet-medium-thumb":{"percent":5.09,"bytes":2044,"size_before":40175,"size_after":38131,"time":0.02},"sunet-small-thumb":{"percent":5.89,"bytes":578,"size_before":9820,"size_after":9242,"time":0.03}}},"description":{"rendered":"<p class=\"attachment\"><a href='https:\/\/blogs.correiobraziliense.com.br\/proximocapitulo\/wp-content\/uploads\/sites\/27\/2022\/01\/alma_cristina.jpg'><img loading=\"lazy\" decoding=\"async\" width=\"300\" height=\"163\" src=\"https:\/\/blogs.correiobraziliense.com.br\/proximocapitulo\/wp-content\/uploads\/sites\/27\/2022\/01\/alma_cristina-300x163.jpg\" class=\"attachment-medium size-medium\" alt=\"\" srcset=\"https:\/\/blogs.correiobraziliense.com.br\/proximocapitulo\/wp-content\/uploads\/sites\/27\/2022\/01\/alma_cristina-300x163.jpg 300w, https:\/\/blogs.correiobraziliense.com.br\/proximocapitulo\/wp-content\/uploads\/sites\/27\/2022\/01\/alma_cristina-768x416.jpg 768w, https:\/\/blogs.correiobraziliense.com.br\/proximocapitulo\/wp-content\/uploads\/sites\/27\/2022\/01\/alma_cristina-1024x555.jpg 1024w, https:\/\/blogs.correiobraziliense.com.br\/proximocapitulo\/wp-content\/uploads\/sites\/27\/2022\/01\/alma_cristina-800x433.jpg 800w, https:\/\/blogs.correiobraziliense.com.br\/proximocapitulo\/wp-content\/uploads\/sites\/27\/2022\/01\/alma_cristina-550x298.jpg 550w, https:\/\/blogs.correiobraziliense.com.br\/proximocapitulo\/wp-content\/uploads\/sites\/27\/2022\/01\/alma_cristina-230x125.jpg 230w, https:\/\/blogs.correiobraziliense.com.br\/proximocapitulo\/wp-content\/uploads\/sites\/27\/2022\/01\/alma_cristina.jpg 1200w\" sizes=\"auto, (max-width: 300px) 100vw, 300px\" \/><\/a><\/p>\n"},"caption":{"rendered":"<p>Foto: TV Globo\/ Divulga\u00e7\u00e3o, Fl\u00e1via Alessandra como Cristina<\/p>\n"},"alt_text":"","media_type":"image","mime_type":"image\/jpeg","media_details":{"width":1200,"height":650,"file":"2022\/01\/alma_cristina.jpg","sizes":{"thumbnail":{"file":"alma_cristina-150x150.jpg","width":150,"height":150,"mime_type":"image\/jpeg","source_url":"https:\/\/blogs.correiobraziliense.com.br\/proximocapitulo\/wp-content\/uploads\/sites\/27\/2022\/01\/alma_cristina-150x150.jpg"},"medium":{"file":"alma_cristina-300x163.jpg","width":300,"height":163,"mime_type":"image\/jpeg","source_url":"https:\/\/blogs.correiobraziliense.com.br\/proximocapitulo\/wp-content\/uploads\/sites\/27\/2022\/01\/alma_cristina-300x163.jpg"},"medium_large":{"file":"alma_cristina-768x416.jpg","width":768,"height":416,"mime_type":"image\/jpeg","source_url":"https:\/\/blogs.correiobraziliense.com.br\/proximocapitulo\/wp-content\/uploads\/sites\/27\/2022\/01\/alma_cristina-768x416.jpg"},"large":{"file":"alma_cristina-1024x555.jpg","width":1024,"height":555,"mime_type":"image\/jpeg","source_url":"https:\/\/blogs.correiobraziliense.com.br\/proximocapitulo\/wp-content\/uploads\/sites\/27\/2022\/01\/alma_cristina-1024x555.jpg"},"sunet-gn-thumb":{"file":"alma_cristina-800x433.jpg","width":800,"height":433,"mime_type":"image\/jpeg","source_url":"https:\/\/blogs.correiobraziliense.com.br\/proximocapitulo\/wp-content\/uploads\/sites\/27\/2022\/01\/alma_cristina-800x433.jpg"},"sunet-medium-thumb":{"file":"alma_cristina-550x298.jpg","width":550,"height":298,"mime_type":"image\/jpeg","source_url":"https:\/\/blogs.correiobraziliense.com.br\/proximocapitulo\/wp-content\/uploads\/sites\/27\/2022\/01\/alma_cristina-550x298.jpg"},"sunet-small-thumb":{"file":"alma_cristina-230x125.jpg","width":230,"height":125,"mime_type":"image\/jpeg","source_url":"https:\/\/blogs.correiobraziliense.com.br\/proximocapitulo\/wp-content\/uploads\/sites\/27\/2022\/01\/alma_cristina-230x125.jpg"},"full":{"file":"alma_cristina.jpg","width":1200,"height":650,"mime_type":"image\/jpeg","source_url":"https:\/\/blogs.correiobraziliense.com.br\/proximocapitulo\/wp-content\/uploads\/sites\/27\/2022\/01\/alma_cristina.jpg"}},"image_meta":{"aperture":"0","credit":"","camera":"","caption":"","created_timestamp":"0","copyright":"","focal_length":"0","iso":"0","shutter_speed":"0","title":"","orientation":"0"}},"post":20139,"source_url":"https:\/\/blogs.correiobraziliense.com.br\/proximocapitulo\/wp-content\/uploads\/sites\/27\/2022\/01\/alma_cristina.jpg","filename":"alma_cristina.jpg","filesize":636161,"_links":{"self":[{"href":"https:\/\/blogs.correiobraziliense.com.br\/proximocapitulo\/wp-json\/wp\/v2\/media\/20149","targetHints":{"allow":["GET"]}}],"collection":[{"href":"https:\/\/blogs.correiobraziliense.com.br\/proximocapitulo\/wp-json\/wp\/v2\/media"}],"about":[{"href":"https:\/\/blogs.correiobraziliense.com.br\/proximocapitulo\/wp-json\/wp\/v2\/types\/attachment"}],"author":[{"embeddable":true,"href":"https:\/\/blogs.correiobraziliense.com.br\/proximocapitulo\/wp-json\/wp\/v2\/users\/57"}],"replies":[{"embeddable":true,"href":"https:\/\/blogs.correiobraziliense.com.br\/proximocapitulo\/wp-json\/wp\/v2\/comments?post=20149"}],"wp:attached-to":[{"embeddable":true,"post_type":"post","id":20139,"href":"https:\/\/blogs.correiobraziliense.com.br\/proximocapitulo\/wp-json\/wp\/v2\/posts\/20139"}],"curies":[{"name":"wp","href":"https:\/\/api.w.org\/{rel}","templated":true}]}}

<p>Foto: TV Globo/ Divulgação, Flávia Alessandra como Cristina</p>
