{"id":19885,"date":"2021-12-25T20:44:11","date_gmt":"2021-12-25T23:44:11","guid":{"rendered":"https:\/\/blogs.correiobraziliense.com.br\/proximocapitulo\/wp-content\/uploads\/sites\/27\/2021\/12\/Sara-Vidal-7.jpg"},"modified":"2021-12-25T20:44:57","modified_gmt":"2021-12-25T23:44:57","slug":"sara-vidal-7","status":"inherit","type":"attachment","link":"https:\/\/blogs.correiobraziliense.com.br\/proximocapitulo\/sara-vidal-sobre-o-pai-vladimir-brichta-melhor-escola-para-um-iniciante\/sara-vidal-7\/","title":{"rendered":"Sara Vidal"},"author":74,"featured_media":0,"comment_status":"open","ping_status":"closed","template":"","meta":[],"class_list":["post-19885","attachment","type-attachment","status-inherit","hentry"],"smush":{"stats":{"percent":5.820506214980357,"bytes":10845,"size_before":186324,"size_after":175479,"time":0.13,"api_version":"1.0","lossy":false,"keep_exif":true},"sizes":{"thumbnail":{"percent":4.97,"bytes":271,"size_before":5457,"size_after":5186,"time":0.01},"medium":{"percent":4.49,"bytes":362,"size_before":8066,"size_after":7704,"time":0.01},"medium_large":{"percent":5.39,"bytes":2054,"size_before":38107,"size_after":36053,"time":0.02},"large":{"percent":6.56,"bytes":4373,"size_before":66663,"size_after":62290,"time":0.04},"sunet-gn-thumb":{"percent":5.7,"bytes":2374,"size_before":41649,"size_after":39275,"time":0.02},"sunet-medium-thumb":{"percent":5.47,"bytes":1137,"size_before":20772,"size_after":19635,"time":0.02},"sunet-small-thumb":{"percent":4.88,"bytes":274,"size_before":5610,"size_after":5336,"time":0.01}}},"description":{"rendered":"<p class=\"attachment\"><a href='https:\/\/blogs.correiobraziliense.com.br\/proximocapitulo\/wp-content\/uploads\/sites\/27\/2021\/12\/Sara-Vidal-7.jpg'><img loading=\"lazy\" decoding=\"async\" width=\"300\" height=\"179\" src=\"https:\/\/blogs.correiobraziliense.com.br\/proximocapitulo\/wp-content\/uploads\/sites\/27\/2021\/12\/Sara-Vidal-7-300x179.jpg\" class=\"attachment-medium size-medium\" alt=\"Sara Vidal\" srcset=\"https:\/\/blogs.correiobraziliense.com.br\/proximocapitulo\/wp-content\/uploads\/sites\/27\/2021\/12\/Sara-Vidal-7-300x179.jpg 300w, https:\/\/blogs.correiobraziliense.com.br\/proximocapitulo\/wp-content\/uploads\/sites\/27\/2021\/12\/Sara-Vidal-7-768x458.jpg 768w, https:\/\/blogs.correiobraziliense.com.br\/proximocapitulo\/wp-content\/uploads\/sites\/27\/2021\/12\/Sara-Vidal-7-1024x610.jpg 1024w, https:\/\/blogs.correiobraziliense.com.br\/proximocapitulo\/wp-content\/uploads\/sites\/27\/2021\/12\/Sara-Vidal-7-800x477.jpg 800w, https:\/\/blogs.correiobraziliense.com.br\/proximocapitulo\/wp-content\/uploads\/sites\/27\/2021\/12\/Sara-Vidal-7-550x328.jpg 550w, https:\/\/blogs.correiobraziliense.com.br\/proximocapitulo\/wp-content\/uploads\/sites\/27\/2021\/12\/Sara-Vidal-7-230x137.jpg 230w, https:\/\/blogs.correiobraziliense.com.br\/proximocapitulo\/wp-content\/uploads\/sites\/27\/2021\/12\/Sara-Vidal-7.jpg 1200w\" sizes=\"auto, (max-width: 300px) 100vw, 300px\" \/><\/a><\/p>\n<p>Sara Vidal<\/p>\n"},"caption":{"rendered":"<p>Cr\u00e9dito: divulga\u00e7\u00e3o<\/p>\n"},"alt_text":"Sara Vidal","media_type":"image","mime_type":"image\/jpeg","media_details":{"width":1200,"height":715,"file":"2021\/12\/Sara-Vidal-7.jpg","sizes":{"thumbnail":{"file":"Sara-Vidal-7-150x150.jpg","width":150,"height":150,"mime_type":"image\/jpeg","source_url":"https:\/\/blogs.correiobraziliense.com.br\/proximocapitulo\/wp-content\/uploads\/sites\/27\/2021\/12\/Sara-Vidal-7-150x150.jpg"},"medium":{"file":"Sara-Vidal-7-300x179.jpg","width":300,"height":179,"mime_type":"image\/jpeg","source_url":"https:\/\/blogs.correiobraziliense.com.br\/proximocapitulo\/wp-content\/uploads\/sites\/27\/2021\/12\/Sara-Vidal-7-300x179.jpg"},"medium_large":{"file":"Sara-Vidal-7-768x458.jpg","width":768,"height":458,"mime_type":"image\/jpeg","source_url":"https:\/\/blogs.correiobraziliense.com.br\/proximocapitulo\/wp-content\/uploads\/sites\/27\/2021\/12\/Sara-Vidal-7-768x458.jpg"},"large":{"file":"Sara-Vidal-7-1024x610.jpg","width":1024,"height":610,"mime_type":"image\/jpeg","source_url":"https:\/\/blogs.correiobraziliense.com.br\/proximocapitulo\/wp-content\/uploads\/sites\/27\/2021\/12\/Sara-Vidal-7-1024x610.jpg"},"sunet-gn-thumb":{"file":"Sara-Vidal-7-800x477.jpg","width":800,"height":477,"mime_type":"image\/jpeg","source_url":"https:\/\/blogs.correiobraziliense.com.br\/proximocapitulo\/wp-content\/uploads\/sites\/27\/2021\/12\/Sara-Vidal-7-800x477.jpg"},"sunet-medium-thumb":{"file":"Sara-Vidal-7-550x328.jpg","width":550,"height":328,"mime_type":"image\/jpeg","source_url":"https:\/\/blogs.correiobraziliense.com.br\/proximocapitulo\/wp-content\/uploads\/sites\/27\/2021\/12\/Sara-Vidal-7-550x328.jpg"},"sunet-small-thumb":{"file":"Sara-Vidal-7-230x137.jpg","width":230,"height":137,"mime_type":"image\/jpeg","source_url":"https:\/\/blogs.correiobraziliense.com.br\/proximocapitulo\/wp-content\/uploads\/sites\/27\/2021\/12\/Sara-Vidal-7-230x137.jpg"},"full":{"file":"Sara-Vidal-7.jpg","width":1200,"height":715,"mime_type":"image\/jpeg","source_url":"https:\/\/blogs.correiobraziliense.com.br\/proximocapitulo\/wp-content\/uploads\/sites\/27\/2021\/12\/Sara-Vidal-7.jpg"}},"image_meta":{"aperture":"0","credit":"","camera":"","caption":"","created_timestamp":"0","copyright":"@Jeffsegenreich","focal_length":"0","iso":"0","shutter_speed":"0","title":"","orientation":"0"}},"post":19882,"source_url":"https:\/\/blogs.correiobraziliense.com.br\/proximocapitulo\/wp-content\/uploads\/sites\/27\/2021\/12\/Sara-Vidal-7.jpg","filename":"Sara-Vidal-7.jpg","filesize":219001,"_links":{"self":[{"href":"https:\/\/blogs.correiobraziliense.com.br\/proximocapitulo\/wp-json\/wp\/v2\/media\/19885","targetHints":{"allow":["GET"]}}],"collection":[{"href":"https:\/\/blogs.correiobraziliense.com.br\/proximocapitulo\/wp-json\/wp\/v2\/media"}],"about":[{"href":"https:\/\/blogs.correiobraziliense.com.br\/proximocapitulo\/wp-json\/wp\/v2\/types\/attachment"}],"author":[{"embeddable":true,"href":"https:\/\/blogs.correiobraziliense.com.br\/proximocapitulo\/wp-json\/wp\/v2\/users\/74"}],"replies":[{"embeddable":true,"href":"https:\/\/blogs.correiobraziliense.com.br\/proximocapitulo\/wp-json\/wp\/v2\/comments?post=19885"}],"wp:attached-to":[{"embeddable":true,"post_type":"post","id":19882,"href":"https:\/\/blogs.correiobraziliense.com.br\/proximocapitulo\/wp-json\/wp\/v2\/posts\/19882"}],"curies":[{"name":"wp","href":"https:\/\/api.w.org\/{rel}","templated":true}]}}

<p>Crédito: divulgação</p>
