{"id":19884,"date":"2021-12-25T20:44:09","date_gmt":"2021-12-25T23:44:09","guid":{"rendered":"https:\/\/blogs.correiobraziliense.com.br\/proximocapitulo\/wp-content\/uploads\/sites\/27\/2021\/12\/Sara-Vidal-6.jpg"},"modified":"2021-12-25T20:44:55","modified_gmt":"2021-12-25T23:44:55","slug":"sara-vidal-6","status":"inherit","type":"attachment","link":"https:\/\/blogs.correiobraziliense.com.br\/proximocapitulo\/sara-vidal-sobre-o-pai-vladimir-brichta-melhor-escola-para-um-iniciante\/sara-vidal-6\/","title":{"rendered":"Sara Vidal"},"author":74,"featured_media":0,"comment_status":"open","ping_status":"closed","template":"","meta":[],"class_list":["post-19884","attachment","type-attachment","status-inherit","hentry"],"smush":{"stats":{"percent":4.622420789658044,"bytes":13988,"size_before":302612,"size_after":288624,"time":0.12000000000000001,"api_version":"1.0","lossy":false,"keep_exif":true},"sizes":{"thumbnail":{"percent":5.48,"bytes":335,"size_before":6117,"size_after":5782,"time":0.01},"medium":{"percent":4.36,"bytes":506,"size_before":11602,"size_after":11096,"time":0.01},"medium_large":{"percent":4.49,"bytes":2850,"size_before":63442,"size_after":60592,"time":0.02},"large":{"percent":4.79,"bytes":5328,"size_before":111245,"size_after":105917,"time":0.03},"sunet-gn-thumb":{"percent":4.64,"bytes":3238,"size_before":69822,"size_after":66584,"time":0.02},"sunet-medium-thumb":{"percent":4.33,"bytes":1438,"size_before":33209,"size_after":31771,"time":0.02},"sunet-small-thumb":{"percent":4.08,"bytes":293,"size_before":7175,"size_after":6882,"time":0.01}}},"description":{"rendered":"<p class=\"attachment\"><a href='https:\/\/blogs.correiobraziliense.com.br\/proximocapitulo\/wp-content\/uploads\/sites\/27\/2021\/12\/Sara-Vidal-6.jpg'><img loading=\"lazy\" decoding=\"async\" width=\"300\" height=\"209\" src=\"https:\/\/blogs.correiobraziliense.com.br\/proximocapitulo\/wp-content\/uploads\/sites\/27\/2021\/12\/Sara-Vidal-6-300x209.jpg\" class=\"attachment-medium size-medium\" alt=\"Sara Vidal\" srcset=\"https:\/\/blogs.correiobraziliense.com.br\/proximocapitulo\/wp-content\/uploads\/sites\/27\/2021\/12\/Sara-Vidal-6-300x209.jpg 300w, https:\/\/blogs.correiobraziliense.com.br\/proximocapitulo\/wp-content\/uploads\/sites\/27\/2021\/12\/Sara-Vidal-6-768x535.jpg 768w, https:\/\/blogs.correiobraziliense.com.br\/proximocapitulo\/wp-content\/uploads\/sites\/27\/2021\/12\/Sara-Vidal-6-1024x713.jpg 1024w, https:\/\/blogs.correiobraziliense.com.br\/proximocapitulo\/wp-content\/uploads\/sites\/27\/2021\/12\/Sara-Vidal-6-800x557.jpg 800w, https:\/\/blogs.correiobraziliense.com.br\/proximocapitulo\/wp-content\/uploads\/sites\/27\/2021\/12\/Sara-Vidal-6-550x383.jpg 550w, https:\/\/blogs.correiobraziliense.com.br\/proximocapitulo\/wp-content\/uploads\/sites\/27\/2021\/12\/Sara-Vidal-6-230x160.jpg 230w, https:\/\/blogs.correiobraziliense.com.br\/proximocapitulo\/wp-content\/uploads\/sites\/27\/2021\/12\/Sara-Vidal-6.jpg 1200w\" sizes=\"auto, (max-width: 300px) 100vw, 300px\" \/><\/a><\/p>\n<p>Sara Vidal<\/p>\n"},"caption":{"rendered":"<p>Cr\u00e9dito: divulga\u00e7\u00e3o<\/p>\n"},"alt_text":"Sara Vidal","media_type":"image","mime_type":"image\/jpeg","media_details":{"width":1200,"height":836,"file":"2021\/12\/Sara-Vidal-6.jpg","sizes":{"thumbnail":{"file":"Sara-Vidal-6-150x150.jpg","width":150,"height":150,"mime_type":"image\/jpeg","source_url":"https:\/\/blogs.correiobraziliense.com.br\/proximocapitulo\/wp-content\/uploads\/sites\/27\/2021\/12\/Sara-Vidal-6-150x150.jpg"},"medium":{"file":"Sara-Vidal-6-300x209.jpg","width":300,"height":209,"mime_type":"image\/jpeg","source_url":"https:\/\/blogs.correiobraziliense.com.br\/proximocapitulo\/wp-content\/uploads\/sites\/27\/2021\/12\/Sara-Vidal-6-300x209.jpg"},"medium_large":{"file":"Sara-Vidal-6-768x535.jpg","width":768,"height":535,"mime_type":"image\/jpeg","source_url":"https:\/\/blogs.correiobraziliense.com.br\/proximocapitulo\/wp-content\/uploads\/sites\/27\/2021\/12\/Sara-Vidal-6-768x535.jpg"},"large":{"file":"Sara-Vidal-6-1024x713.jpg","width":1024,"height":713,"mime_type":"image\/jpeg","source_url":"https:\/\/blogs.correiobraziliense.com.br\/proximocapitulo\/wp-content\/uploads\/sites\/27\/2021\/12\/Sara-Vidal-6-1024x713.jpg"},"sunet-gn-thumb":{"file":"Sara-Vidal-6-800x557.jpg","width":800,"height":557,"mime_type":"image\/jpeg","source_url":"https:\/\/blogs.correiobraziliense.com.br\/proximocapitulo\/wp-content\/uploads\/sites\/27\/2021\/12\/Sara-Vidal-6-800x557.jpg"},"sunet-medium-thumb":{"file":"Sara-Vidal-6-550x383.jpg","width":550,"height":383,"mime_type":"image\/jpeg","source_url":"https:\/\/blogs.correiobraziliense.com.br\/proximocapitulo\/wp-content\/uploads\/sites\/27\/2021\/12\/Sara-Vidal-6-550x383.jpg"},"sunet-small-thumb":{"file":"Sara-Vidal-6-230x160.jpg","width":230,"height":160,"mime_type":"image\/jpeg","source_url":"https:\/\/blogs.correiobraziliense.com.br\/proximocapitulo\/wp-content\/uploads\/sites\/27\/2021\/12\/Sara-Vidal-6-230x160.jpg"},"full":{"file":"Sara-Vidal-6.jpg","width":1200,"height":836,"mime_type":"image\/jpeg","source_url":"https:\/\/blogs.correiobraziliense.com.br\/proximocapitulo\/wp-content\/uploads\/sites\/27\/2021\/12\/Sara-Vidal-6.jpg"}},"image_meta":{"aperture":"0","credit":"","camera":"","caption":"","created_timestamp":"0","copyright":"@Jeffsegenreich","focal_length":"0","iso":"0","shutter_speed":"0","title":"","orientation":"0"}},"post":19882,"source_url":"https:\/\/blogs.correiobraziliense.com.br\/proximocapitulo\/wp-content\/uploads\/sites\/27\/2021\/12\/Sara-Vidal-6.jpg","filename":"Sara-Vidal-6.jpg","filesize":342783,"_links":{"self":[{"href":"https:\/\/blogs.correiobraziliense.com.br\/proximocapitulo\/wp-json\/wp\/v2\/media\/19884","targetHints":{"allow":["GET"]}}],"collection":[{"href":"https:\/\/blogs.correiobraziliense.com.br\/proximocapitulo\/wp-json\/wp\/v2\/media"}],"about":[{"href":"https:\/\/blogs.correiobraziliense.com.br\/proximocapitulo\/wp-json\/wp\/v2\/types\/attachment"}],"author":[{"embeddable":true,"href":"https:\/\/blogs.correiobraziliense.com.br\/proximocapitulo\/wp-json\/wp\/v2\/users\/74"}],"replies":[{"embeddable":true,"href":"https:\/\/blogs.correiobraziliense.com.br\/proximocapitulo\/wp-json\/wp\/v2\/comments?post=19884"}],"wp:attached-to":[{"embeddable":true,"post_type":"post","id":19882,"href":"https:\/\/blogs.correiobraziliense.com.br\/proximocapitulo\/wp-json\/wp\/v2\/posts\/19882"}],"curies":[{"name":"wp","href":"https:\/\/api.w.org\/{rel}","templated":true}]}}

<p>Crédito: divulgação</p>
