{"id":19708,"date":"2021-12-04T18:34:18","date_gmt":"2021-12-04T21:34:18","guid":{"rendered":"https:\/\/blogs.correiobraziliense.com.br\/proximocapitulo\/wp-content\/uploads\/sites\/27\/2021\/12\/cravo_taumaturgo.jpg"},"modified":"2021-12-04T18:35:54","modified_gmt":"2021-12-04T21:35:54","slug":"cravo_taumaturgo","status":"inherit","type":"attachment","link":"https:\/\/blogs.correiobraziliense.com.br\/proximocapitulo\/o-cravo-e-a-rosa-inaugura-horario-de-reprises-de-novela-na-globo-nesta-segunda\/cravo_taumaturgo\/","title":{"rendered":"cravo_taumaturgo"},"author":57,"featured_media":0,"comment_status":"open","ping_status":"closed","template":"","meta":[],"class_list":["post-19708","attachment","type-attachment","status-inherit","hentry"],"smush":{"stats":{"percent":4.6770761963145935,"bytes":10376,"size_before":221848,"size_after":211472,"time":0.24999999999999997,"api_version":"1.0","lossy":false,"keep_exif":true},"sizes":{"thumbnail":{"percent":4.35,"bytes":243,"size_before":5583,"size_after":5340,"time":0.03},"medium":{"percent":4.64,"bytes":478,"size_before":10293,"size_after":9815,"time":0.01},"medium_large":{"percent":4.77,"bytes":2189,"size_before":45871,"size_after":43682,"time":0.06},"large":{"percent":4.82,"bytes":3725,"size_before":77250,"size_after":73525,"time":0.09},"sunet-gn-thumb":{"percent":4.58,"bytes":2287,"size_before":49954,"size_after":47667,"time":0.02},"sunet-medium-thumb":{"percent":4.23,"bytes":1099,"size_before":25976,"size_after":24877,"time":0.02},"sunet-small-thumb":{"percent":5.13,"bytes":355,"size_before":6921,"size_after":6566,"time":0.02}}},"description":{"rendered":"<p class=\"attachment\"><a href='https:\/\/blogs.correiobraziliense.com.br\/proximocapitulo\/wp-content\/uploads\/sites\/27\/2021\/12\/cravo_taumaturgo.jpg'><img loading=\"lazy\" decoding=\"async\" width=\"300\" height=\"163\" src=\"https:\/\/blogs.correiobraziliense.com.br\/proximocapitulo\/wp-content\/uploads\/sites\/27\/2021\/12\/cravo_taumaturgo-300x163.jpg\" class=\"attachment-medium size-medium\" alt=\"Taumaturgo Ferreira como Janu\u00e1rio na novela O cravo e a rosa\" srcset=\"https:\/\/blogs.correiobraziliense.com.br\/proximocapitulo\/wp-content\/uploads\/sites\/27\/2021\/12\/cravo_taumaturgo-300x163.jpg 300w, https:\/\/blogs.correiobraziliense.com.br\/proximocapitulo\/wp-content\/uploads\/sites\/27\/2021\/12\/cravo_taumaturgo-768x416.jpg 768w, https:\/\/blogs.correiobraziliense.com.br\/proximocapitulo\/wp-content\/uploads\/sites\/27\/2021\/12\/cravo_taumaturgo-1024x555.jpg 1024w, https:\/\/blogs.correiobraziliense.com.br\/proximocapitulo\/wp-content\/uploads\/sites\/27\/2021\/12\/cravo_taumaturgo-800x433.jpg 800w, https:\/\/blogs.correiobraziliense.com.br\/proximocapitulo\/wp-content\/uploads\/sites\/27\/2021\/12\/cravo_taumaturgo-550x298.jpg 550w, https:\/\/blogs.correiobraziliense.com.br\/proximocapitulo\/wp-content\/uploads\/sites\/27\/2021\/12\/cravo_taumaturgo-230x125.jpg 230w, https:\/\/blogs.correiobraziliense.com.br\/proximocapitulo\/wp-content\/uploads\/sites\/27\/2021\/12\/cravo_taumaturgo.jpg 1200w\" sizes=\"auto, (max-width: 300px) 100vw, 300px\" \/><\/a><\/p>\n<p>Taumaturgo Ferreira como Janu\u00e1rio na novela O cravo e a rosa<\/p>\n"},"caption":{"rendered":"<p>Globo\/ Divulga\u00e7\u00e3o. Taumaturgo Ferreira como Janu\u00e1rio<\/p>\n"},"alt_text":"Taumaturgo Ferreira como Janu\u00e1rio na novela O cravo e a rosa","media_type":"image","mime_type":"image\/jpeg","media_details":{"width":1200,"height":650,"file":"2021\/12\/cravo_taumaturgo.jpg","sizes":{"thumbnail":{"file":"cravo_taumaturgo-150x150.jpg","width":150,"height":150,"mime_type":"image\/jpeg","source_url":"https:\/\/blogs.correiobraziliense.com.br\/proximocapitulo\/wp-content\/uploads\/sites\/27\/2021\/12\/cravo_taumaturgo-150x150.jpg"},"medium":{"file":"cravo_taumaturgo-300x163.jpg","width":300,"height":163,"mime_type":"image\/jpeg","source_url":"https:\/\/blogs.correiobraziliense.com.br\/proximocapitulo\/wp-content\/uploads\/sites\/27\/2021\/12\/cravo_taumaturgo-300x163.jpg"},"medium_large":{"file":"cravo_taumaturgo-768x416.jpg","width":768,"height":416,"mime_type":"image\/jpeg","source_url":"https:\/\/blogs.correiobraziliense.com.br\/proximocapitulo\/wp-content\/uploads\/sites\/27\/2021\/12\/cravo_taumaturgo-768x416.jpg"},"large":{"file":"cravo_taumaturgo-1024x555.jpg","width":1024,"height":555,"mime_type":"image\/jpeg","source_url":"https:\/\/blogs.correiobraziliense.com.br\/proximocapitulo\/wp-content\/uploads\/sites\/27\/2021\/12\/cravo_taumaturgo-1024x555.jpg"},"sunet-gn-thumb":{"file":"cravo_taumaturgo-800x433.jpg","width":800,"height":433,"mime_type":"image\/jpeg","source_url":"https:\/\/blogs.correiobraziliense.com.br\/proximocapitulo\/wp-content\/uploads\/sites\/27\/2021\/12\/cravo_taumaturgo-800x433.jpg"},"sunet-medium-thumb":{"file":"cravo_taumaturgo-550x298.jpg","width":550,"height":298,"mime_type":"image\/jpeg","source_url":"https:\/\/blogs.correiobraziliense.com.br\/proximocapitulo\/wp-content\/uploads\/sites\/27\/2021\/12\/cravo_taumaturgo-550x298.jpg"},"sunet-small-thumb":{"file":"cravo_taumaturgo-230x125.jpg","width":230,"height":125,"mime_type":"image\/jpeg","source_url":"https:\/\/blogs.correiobraziliense.com.br\/proximocapitulo\/wp-content\/uploads\/sites\/27\/2021\/12\/cravo_taumaturgo-230x125.jpg"},"full":{"file":"cravo_taumaturgo.jpg","width":1200,"height":650,"mime_type":"image\/jpeg","source_url":"https:\/\/blogs.correiobraziliense.com.br\/proximocapitulo\/wp-content\/uploads\/sites\/27\/2021\/12\/cravo_taumaturgo.jpg"}},"image_meta":{"aperture":"0","credit":"","camera":"","caption":"","created_timestamp":"0","copyright":"","focal_length":"0","iso":"0","shutter_speed":"0","title":"","orientation":"0"}},"post":19706,"source_url":"https:\/\/blogs.correiobraziliense.com.br\/proximocapitulo\/wp-content\/uploads\/sites\/27\/2021\/12\/cravo_taumaturgo.jpg","filename":"cravo_taumaturgo.jpg","filesize":488107,"_links":{"self":[{"href":"https:\/\/blogs.correiobraziliense.com.br\/proximocapitulo\/wp-json\/wp\/v2\/media\/19708","targetHints":{"allow":["GET"]}}],"collection":[{"href":"https:\/\/blogs.correiobraziliense.com.br\/proximocapitulo\/wp-json\/wp\/v2\/media"}],"about":[{"href":"https:\/\/blogs.correiobraziliense.com.br\/proximocapitulo\/wp-json\/wp\/v2\/types\/attachment"}],"author":[{"embeddable":true,"href":"https:\/\/blogs.correiobraziliense.com.br\/proximocapitulo\/wp-json\/wp\/v2\/users\/57"}],"replies":[{"embeddable":true,"href":"https:\/\/blogs.correiobraziliense.com.br\/proximocapitulo\/wp-json\/wp\/v2\/comments?post=19708"}],"wp:attached-to":[{"embeddable":true,"post_type":"post","id":19706,"href":"https:\/\/blogs.correiobraziliense.com.br\/proximocapitulo\/wp-json\/wp\/v2\/posts\/19706"}],"curies":[{"name":"wp","href":"https:\/\/api.w.org\/{rel}","templated":true}]}}

<p class="attachment"><a href='https://blogs.correiobraziliense.com.br/proximocapitulo/wp-content/uploads/sites/27/2021/12/cravo_taumaturgo.jpg'><img loading="lazy" decoding="async" width="300" height="163" src="https://blogs.correiobraziliense.com.br/proximocapitulo/wp-content/uploads/sites/27/2021/12/cravo_taumaturgo-300x163.jpg" class="attachment-medium size-medium" alt="Taumaturgo Ferreira como Januário na novela O cravo e a rosa" srcset="https://blogs.correiobraziliense.com.br/proximocapitulo/wp-content/uploads/sites/27/2021/12/cravo_taumaturgo-300x163.jpg 300w, https://blogs.correiobraziliense.com.br/proximocapitulo/wp-content/uploads/sites/27/2021/12/cravo_taumaturgo-768x416.jpg 768w, https://blogs.correiobraziliense.com.br/proximocapitulo/wp-content/uploads/sites/27/2021/12/cravo_taumaturgo-1024x555.jpg 1024w, https://blogs.correiobraziliense.com.br/proximocapitulo/wp-content/uploads/sites/27/2021/12/cravo_taumaturgo-800x433.jpg 800w, https://blogs.correiobraziliense.com.br/proximocapitulo/wp-content/uploads/sites/27/2021/12/cravo_taumaturgo-550x298.jpg 550w, https://blogs.correiobraziliense.com.br/proximocapitulo/wp-content/uploads/sites/27/2021/12/cravo_taumaturgo-230x125.jpg 230w, https://blogs.correiobraziliense.com.br/proximocapitulo/wp-content/uploads/sites/27/2021/12/cravo_taumaturgo.jpg 1200w" sizes="auto, (max-width: 300px) 100vw, 300px" /></a></p>
<p>Taumaturgo Ferreira como Januário na novela O cravo e a rosa</p>

<p>Globo/ Divulgação. Taumaturgo Ferreira como Januário</p>

Taumaturgo Ferreira como Januário na novela O cravo e a rosa
