{"id":18282,"date":"2021-07-04T18:46:29","date_gmt":"2021-07-04T21:46:29","guid":{"rendered":"https:\/\/blogs.correiobraziliense.com.br\/proximocapitulo\/wp-content\/uploads\/sites\/27\/2021\/07\/paraiso_fabio_alessandra.jpg"},"modified":"2021-07-04T18:47:33","modified_gmt":"2021-07-04T21:47:33","slug":"paraiso_fabio_alessandra","status":"inherit","type":"attachment","link":"https:\/\/blogs.correiobraziliense.com.br\/proximocapitulo\/e-hoje-paraiso-tropical-chega-ao-viva-trazendo-bons-personagens-de-volta\/paraiso_fabio_alessandra\/","title":{"rendered":"paraiso_fabio_alessandra"},"author":57,"featured_media":0,"comment_status":"open","ping_status":"closed","template":"","meta":[],"class_list":["post-18282","attachment","type-attachment","status-inherit","hentry"],"smush":{"stats":{"percent":3.234949236634474,"bytes":5490,"size_before":169709,"size_after":164219,"time":0.18,"api_version":"1.0","lossy":false,"keep_exif":true},"sizes":{"thumbnail":{"percent":3.09,"bytes":153,"size_before":4950,"size_after":4797,"time":0.01},"medium":{"percent":2.18,"bytes":185,"size_before":8474,"size_after":8289,"time":0.01},"medium_large":{"percent":2.68,"bytes":924,"size_before":34471,"size_after":33547,"time":0.04},"large":{"percent":4.23,"bytes":2460,"size_before":58102,"size_after":55642,"time":0.05},"sunet-gn-thumb":{"percent":3.16,"bytes":1192,"size_before":37734,"size_after":36542,"time":0.02},"sunet-medium-thumb":{"percent":2.07,"bytes":419,"size_before":20199,"size_after":19780,"time":0.02},"sunet-small-thumb":{"percent":2.72,"bytes":157,"size_before":5779,"size_after":5622,"time":0.03}}},"description":{"rendered":"<p class=\"attachment\"><a href='https:\/\/blogs.correiobraziliense.com.br\/proximocapitulo\/wp-content\/uploads\/sites\/27\/2021\/07\/paraiso_fabio_alessandra.jpg'><img loading=\"lazy\" decoding=\"async\" width=\"300\" height=\"163\" src=\"https:\/\/blogs.correiobraziliense.com.br\/proximocapitulo\/wp-content\/uploads\/sites\/27\/2021\/07\/paraiso_fabio_alessandra-300x163.jpg\" class=\"attachment-medium size-medium\" alt=\"Fabio Assun\u00e7\u00e3o e Alessandra Negrini como Daniel e Paula na novela Para\u00edso tropical\" srcset=\"https:\/\/blogs.correiobraziliense.com.br\/proximocapitulo\/wp-content\/uploads\/sites\/27\/2021\/07\/paraiso_fabio_alessandra-300x163.jpg 300w, https:\/\/blogs.correiobraziliense.com.br\/proximocapitulo\/wp-content\/uploads\/sites\/27\/2021\/07\/paraiso_fabio_alessandra-768x416.jpg 768w, https:\/\/blogs.correiobraziliense.com.br\/proximocapitulo\/wp-content\/uploads\/sites\/27\/2021\/07\/paraiso_fabio_alessandra-1024x555.jpg 1024w, https:\/\/blogs.correiobraziliense.com.br\/proximocapitulo\/wp-content\/uploads\/sites\/27\/2021\/07\/paraiso_fabio_alessandra-800x433.jpg 800w, https:\/\/blogs.correiobraziliense.com.br\/proximocapitulo\/wp-content\/uploads\/sites\/27\/2021\/07\/paraiso_fabio_alessandra-550x298.jpg 550w, https:\/\/blogs.correiobraziliense.com.br\/proximocapitulo\/wp-content\/uploads\/sites\/27\/2021\/07\/paraiso_fabio_alessandra-230x125.jpg 230w, https:\/\/blogs.correiobraziliense.com.br\/proximocapitulo\/wp-content\/uploads\/sites\/27\/2021\/07\/paraiso_fabio_alessandra.jpg 1200w\" sizes=\"auto, (max-width: 300px) 100vw, 300px\" \/><\/a><\/p>\n<p>Fabio Assun\u00e7\u00e3o e Alessandra Negrini como Daniel e Paula na novela Para\u00edso tropical<\/p>\n"},"caption":{"rendered":"<p>Foto: Arquivo\/TV Globo. Fabio Assun\u00e7\u00e3o e Alessandra Negrini como Daniel e Paula<\/p>\n"},"alt_text":"Fabio Assun\u00e7\u00e3o e Alessandra Negrini como Daniel e Paula na novela Para\u00edso tropical","media_type":"image","mime_type":"image\/jpeg","media_details":{"width":1200,"height":650,"file":"2021\/07\/paraiso_fabio_alessandra.jpg","sizes":{"thumbnail":{"file":"paraiso_fabio_alessandra-150x150.jpg","width":150,"height":150,"mime_type":"image\/jpeg","source_url":"https:\/\/blogs.correiobraziliense.com.br\/proximocapitulo\/wp-content\/uploads\/sites\/27\/2021\/07\/paraiso_fabio_alessandra-150x150.jpg"},"medium":{"file":"paraiso_fabio_alessandra-300x163.jpg","width":300,"height":163,"mime_type":"image\/jpeg","source_url":"https:\/\/blogs.correiobraziliense.com.br\/proximocapitulo\/wp-content\/uploads\/sites\/27\/2021\/07\/paraiso_fabio_alessandra-300x163.jpg"},"medium_large":{"file":"paraiso_fabio_alessandra-768x416.jpg","width":768,"height":416,"mime_type":"image\/jpeg","source_url":"https:\/\/blogs.correiobraziliense.com.br\/proximocapitulo\/wp-content\/uploads\/sites\/27\/2021\/07\/paraiso_fabio_alessandra-768x416.jpg"},"large":{"file":"paraiso_fabio_alessandra-1024x555.jpg","width":1024,"height":555,"mime_type":"image\/jpeg","source_url":"https:\/\/blogs.correiobraziliense.com.br\/proximocapitulo\/wp-content\/uploads\/sites\/27\/2021\/07\/paraiso_fabio_alessandra-1024x555.jpg"},"sunet-gn-thumb":{"file":"paraiso_fabio_alessandra-800x433.jpg","width":800,"height":433,"mime_type":"image\/jpeg","source_url":"https:\/\/blogs.correiobraziliense.com.br\/proximocapitulo\/wp-content\/uploads\/sites\/27\/2021\/07\/paraiso_fabio_alessandra-800x433.jpg"},"sunet-medium-thumb":{"file":"paraiso_fabio_alessandra-550x298.jpg","width":550,"height":298,"mime_type":"image\/jpeg","source_url":"https:\/\/blogs.correiobraziliense.com.br\/proximocapitulo\/wp-content\/uploads\/sites\/27\/2021\/07\/paraiso_fabio_alessandra-550x298.jpg"},"sunet-small-thumb":{"file":"paraiso_fabio_alessandra-230x125.jpg","width":230,"height":125,"mime_type":"image\/jpeg","source_url":"https:\/\/blogs.correiobraziliense.com.br\/proximocapitulo\/wp-content\/uploads\/sites\/27\/2021\/07\/paraiso_fabio_alessandra-230x125.jpg"},"full":{"file":"paraiso_fabio_alessandra.jpg","width":1200,"height":650,"mime_type":"image\/jpeg","source_url":"https:\/\/blogs.correiobraziliense.com.br\/proximocapitulo\/wp-content\/uploads\/sites\/27\/2021\/07\/paraiso_fabio_alessandra.jpg"}},"image_meta":{"aperture":"0","credit":"Arquivo\/TV Globo","camera":"","caption":".  - . Pauta: Novela Paraiso tropical. 12\/01\/2007. Credito: Arquivo\/TV Globo. Atores Fabio Assuncao e Alessandra Negrini em cena da novela Paraiso tropical.","created_timestamp":"0","copyright":"","focal_length":"0","iso":"0","shutter_speed":"0","title":"","orientation":"0"}},"post":18281,"source_url":"https:\/\/blogs.correiobraziliense.com.br\/proximocapitulo\/wp-content\/uploads\/sites\/27\/2021\/07\/paraiso_fabio_alessandra.jpg","filename":"paraiso_fabio_alessandra.jpg","filesize":87203,"_links":{"self":[{"href":"https:\/\/blogs.correiobraziliense.com.br\/proximocapitulo\/wp-json\/wp\/v2\/media\/18282","targetHints":{"allow":["GET"]}}],"collection":[{"href":"https:\/\/blogs.correiobraziliense.com.br\/proximocapitulo\/wp-json\/wp\/v2\/media"}],"about":[{"href":"https:\/\/blogs.correiobraziliense.com.br\/proximocapitulo\/wp-json\/wp\/v2\/types\/attachment"}],"author":[{"embeddable":true,"href":"https:\/\/blogs.correiobraziliense.com.br\/proximocapitulo\/wp-json\/wp\/v2\/users\/57"}],"replies":[{"embeddable":true,"href":"https:\/\/blogs.correiobraziliense.com.br\/proximocapitulo\/wp-json\/wp\/v2\/comments?post=18282"}],"wp:attached-to":[{"embeddable":true,"post_type":"post","id":18281,"href":"https:\/\/blogs.correiobraziliense.com.br\/proximocapitulo\/wp-json\/wp\/v2\/posts\/18281"}],"curies":[{"name":"wp","href":"https:\/\/api.w.org\/{rel}","templated":true}]}}

<p class="attachment"><a href='https://blogs.correiobraziliense.com.br/proximocapitulo/wp-content/uploads/sites/27/2021/07/paraiso_fabio_alessandra.jpg'><img loading="lazy" decoding="async" width="300" height="163" src="https://blogs.correiobraziliense.com.br/proximocapitulo/wp-content/uploads/sites/27/2021/07/paraiso_fabio_alessandra-300x163.jpg" class="attachment-medium size-medium" alt="Fabio Assunção e Alessandra Negrini como Daniel e Paula na novela Paraíso tropical" srcset="https://blogs.correiobraziliense.com.br/proximocapitulo/wp-content/uploads/sites/27/2021/07/paraiso_fabio_alessandra-300x163.jpg 300w, https://blogs.correiobraziliense.com.br/proximocapitulo/wp-content/uploads/sites/27/2021/07/paraiso_fabio_alessandra-768x416.jpg 768w, https://blogs.correiobraziliense.com.br/proximocapitulo/wp-content/uploads/sites/27/2021/07/paraiso_fabio_alessandra-1024x555.jpg 1024w, https://blogs.correiobraziliense.com.br/proximocapitulo/wp-content/uploads/sites/27/2021/07/paraiso_fabio_alessandra-800x433.jpg 800w, https://blogs.correiobraziliense.com.br/proximocapitulo/wp-content/uploads/sites/27/2021/07/paraiso_fabio_alessandra-550x298.jpg 550w, https://blogs.correiobraziliense.com.br/proximocapitulo/wp-content/uploads/sites/27/2021/07/paraiso_fabio_alessandra-230x125.jpg 230w, https://blogs.correiobraziliense.com.br/proximocapitulo/wp-content/uploads/sites/27/2021/07/paraiso_fabio_alessandra.jpg 1200w" sizes="auto, (max-width: 300px) 100vw, 300px" /></a></p>
<p>Fabio Assunção e Alessandra Negrini como Daniel e Paula na novela Paraíso tropical</p>

<p>Foto: Arquivo/TV Globo. Fabio Assunção e Alessandra Negrini como Daniel e Paula</p>

Fabio Assunção e Alessandra Negrini como Daniel e Paula na novela Paraíso tropical
