{"id":18137,"date":"2021-06-18T18:36:07","date_gmt":"2021-06-18T21:36:07","guid":{"rendered":"https:\/\/blogs.correiobraziliense.com.br\/proximocapitulo\/wp-content\/uploads\/sites\/27\/2021\/06\/leticia_segundo_sol.jpg"},"modified":"2021-06-18T18:36:57","modified_gmt":"2021-06-18T21:36:57","slug":"leticia_segundo_sol","status":"inherit","type":"attachment","link":"https:\/\/blogs.correiobraziliense.com.br\/proximocapitulo\/precisamos-falar-de-leticia-colin-e-nao-e-de-hoje\/leticia_segundo_sol\/","title":{"rendered":"leticia_segundo_sol"},"author":57,"featured_media":0,"comment_status":"open","ping_status":"closed","template":"","meta":[],"class_list":["post-18137","attachment","type-attachment","status-inherit","hentry"],"smush":{"stats":{"percent":4.163423812312951,"bytes":5189,"size_before":124633,"size_after":119444,"time":0.21000000000000002,"api_version":"1.0","lossy":false,"keep_exif":true},"sizes":{"thumbnail":{"percent":3.32,"bytes":136,"size_before":4091,"size_after":3955,"time":0.01},"medium":{"percent":2.07,"bytes":127,"size_before":6141,"size_after":6014,"time":0.02},"medium_large":{"percent":4.12,"bytes":1040,"size_before":25231,"size_after":24191,"time":0.06},"large":{"percent":5.17,"bytes":2185,"size_before":42286,"size_after":40101,"time":0.02},"sunet-gn-thumb":{"percent":4.29,"bytes":1196,"size_before":27894,"size_after":26698,"time":0.08},"sunet-medium-thumb":{"percent":2.9,"bytes":428,"size_before":14753,"size_after":14325,"time":0.01},"sunet-small-thumb":{"percent":1.82,"bytes":77,"size_before":4237,"size_after":4160,"time":0.01}}},"description":{"rendered":"<p class=\"attachment\"><a href='https:\/\/blogs.correiobraziliense.com.br\/proximocapitulo\/wp-content\/uploads\/sites\/27\/2021\/06\/leticia_segundo_sol.jpg'><img loading=\"lazy\" decoding=\"async\" width=\"300\" height=\"163\" src=\"https:\/\/blogs.correiobraziliense.com.br\/proximocapitulo\/wp-content\/uploads\/sites\/27\/2021\/06\/leticia_segundo_sol-300x163.jpg\" class=\"attachment-medium size-medium\" alt=\"\" srcset=\"https:\/\/blogs.correiobraziliense.com.br\/proximocapitulo\/wp-content\/uploads\/sites\/27\/2021\/06\/leticia_segundo_sol-300x163.jpg 300w, https:\/\/blogs.correiobraziliense.com.br\/proximocapitulo\/wp-content\/uploads\/sites\/27\/2021\/06\/leticia_segundo_sol-768x416.jpg 768w, https:\/\/blogs.correiobraziliense.com.br\/proximocapitulo\/wp-content\/uploads\/sites\/27\/2021\/06\/leticia_segundo_sol-1024x555.jpg 1024w, https:\/\/blogs.correiobraziliense.com.br\/proximocapitulo\/wp-content\/uploads\/sites\/27\/2021\/06\/leticia_segundo_sol-800x433.jpg 800w, https:\/\/blogs.correiobraziliense.com.br\/proximocapitulo\/wp-content\/uploads\/sites\/27\/2021\/06\/leticia_segundo_sol-550x298.jpg 550w, https:\/\/blogs.correiobraziliense.com.br\/proximocapitulo\/wp-content\/uploads\/sites\/27\/2021\/06\/leticia_segundo_sol-230x125.jpg 230w, https:\/\/blogs.correiobraziliense.com.br\/proximocapitulo\/wp-content\/uploads\/sites\/27\/2021\/06\/leticia_segundo_sol.jpg 1200w\" sizes=\"auto, (max-width: 300px) 100vw, 300px\" \/><\/a><\/p>\n"},"caption":{"rendered":"<p>A Rosa de Segundo sol<\/p>\n"},"alt_text":"","media_type":"image","mime_type":"image\/jpeg","media_details":{"width":1200,"height":650,"file":"2021\/06\/leticia_segundo_sol.jpg","sizes":{"thumbnail":{"file":"leticia_segundo_sol-150x150.jpg","width":150,"height":150,"mime_type":"image\/jpeg","source_url":"https:\/\/blogs.correiobraziliense.com.br\/proximocapitulo\/wp-content\/uploads\/sites\/27\/2021\/06\/leticia_segundo_sol-150x150.jpg"},"medium":{"file":"leticia_segundo_sol-300x163.jpg","width":300,"height":163,"mime_type":"image\/jpeg","source_url":"https:\/\/blogs.correiobraziliense.com.br\/proximocapitulo\/wp-content\/uploads\/sites\/27\/2021\/06\/leticia_segundo_sol-300x163.jpg"},"medium_large":{"file":"leticia_segundo_sol-768x416.jpg","width":768,"height":416,"mime_type":"image\/jpeg","source_url":"https:\/\/blogs.correiobraziliense.com.br\/proximocapitulo\/wp-content\/uploads\/sites\/27\/2021\/06\/leticia_segundo_sol-768x416.jpg"},"large":{"file":"leticia_segundo_sol-1024x555.jpg","width":1024,"height":555,"mime_type":"image\/jpeg","source_url":"https:\/\/blogs.correiobraziliense.com.br\/proximocapitulo\/wp-content\/uploads\/sites\/27\/2021\/06\/leticia_segundo_sol-1024x555.jpg"},"sunet-gn-thumb":{"file":"leticia_segundo_sol-800x433.jpg","width":800,"height":433,"mime_type":"image\/jpeg","source_url":"https:\/\/blogs.correiobraziliense.com.br\/proximocapitulo\/wp-content\/uploads\/sites\/27\/2021\/06\/leticia_segundo_sol-800x433.jpg"},"sunet-medium-thumb":{"file":"leticia_segundo_sol-550x298.jpg","width":550,"height":298,"mime_type":"image\/jpeg","source_url":"https:\/\/blogs.correiobraziliense.com.br\/proximocapitulo\/wp-content\/uploads\/sites\/27\/2021\/06\/leticia_segundo_sol-550x298.jpg"},"sunet-small-thumb":{"file":"leticia_segundo_sol-230x125.jpg","width":230,"height":125,"mime_type":"image\/jpeg","source_url":"https:\/\/blogs.correiobraziliense.com.br\/proximocapitulo\/wp-content\/uploads\/sites\/27\/2021\/06\/leticia_segundo_sol-230x125.jpg"},"full":{"file":"leticia_segundo_sol.jpg","width":1200,"height":650,"mime_type":"image\/jpeg","source_url":"https:\/\/blogs.correiobraziliense.com.br\/proximocapitulo\/wp-content\/uploads\/sites\/27\/2021\/06\/leticia_segundo_sol.jpg"}},"image_meta":{"aperture":"0","credit":"","camera":"","caption":"Rosa (Leticia Colin) conta para Valentim (Danilo Mesquita) que o filho que ela est\u00e1 esperando \u00e9 de \u00cdcaro.","created_timestamp":"0","copyright":"Artur Meninea","focal_length":"0","iso":"0","shutter_speed":"0","title":"","orientation":"0"}},"post":18134,"source_url":"https:\/\/blogs.correiobraziliense.com.br\/proximocapitulo\/wp-content\/uploads\/sites\/27\/2021\/06\/leticia_segundo_sol.jpg","filename":"leticia_segundo_sol.jpg","filesize":69340,"_links":{"self":[{"href":"https:\/\/blogs.correiobraziliense.com.br\/proximocapitulo\/wp-json\/wp\/v2\/media\/18137","targetHints":{"allow":["GET"]}}],"collection":[{"href":"https:\/\/blogs.correiobraziliense.com.br\/proximocapitulo\/wp-json\/wp\/v2\/media"}],"about":[{"href":"https:\/\/blogs.correiobraziliense.com.br\/proximocapitulo\/wp-json\/wp\/v2\/types\/attachment"}],"author":[{"embeddable":true,"href":"https:\/\/blogs.correiobraziliense.com.br\/proximocapitulo\/wp-json\/wp\/v2\/users\/57"}],"replies":[{"embeddable":true,"href":"https:\/\/blogs.correiobraziliense.com.br\/proximocapitulo\/wp-json\/wp\/v2\/comments?post=18137"}],"wp:attached-to":[{"embeddable":true,"post_type":"post","id":18134,"href":"https:\/\/blogs.correiobraziliense.com.br\/proximocapitulo\/wp-json\/wp\/v2\/posts\/18134"}],"curies":[{"name":"wp","href":"https:\/\/api.w.org\/{rel}","templated":true}]}}

Rosa (Leticia Colin) conta para Valentim (Danilo Mesquita) que o filho que ela está esperando é de Ícaro.
