{"id":18135,"date":"2021-06-18T18:36:01","date_gmt":"2021-06-18T21:36:01","guid":{"rendered":"https:\/\/blogs.correiobraziliense.com.br\/proximocapitulo\/wp-content\/uploads\/sites\/27\/2021\/06\/leticia_onde_mora_coracao2.jpg"},"modified":"2021-06-18T18:36:26","modified_gmt":"2021-06-18T21:36:26","slug":"institucional-79","status":"inherit","type":"attachment","link":"https:\/\/blogs.correiobraziliense.com.br\/proximocapitulo\/precisamos-falar-de-leticia-colin-e-nao-e-de-hoje\/institucional-79\/","title":{"rendered":"Institucional"},"author":57,"featured_media":0,"comment_status":"open","ping_status":"closed","template":"","meta":[],"class_list":["post-18135","attachment","type-attachment","status-inherit","hentry"],"smush":{"stats":{"percent":4.860464551438263,"bytes":12007,"size_before":247034,"size_after":235027,"time":0.22,"api_version":"1.0","lossy":false,"keep_exif":true},"sizes":{"thumbnail":{"percent":5.91,"bytes":411,"size_before":6960,"size_after":6549,"time":0.03},"medium":{"percent":5.03,"bytes":610,"size_before":12124,"size_after":11514,"time":0.02},"medium_large":{"percent":4.93,"bytes":2532,"size_before":51312,"size_after":48780,"time":0.02},"large":{"percent":4.57,"bytes":3784,"size_before":82788,"size_after":79004,"time":0.08},"sunet-gn-thumb":{"percent":4.98,"bytes":2769,"size_before":55630,"size_after":52861,"time":0.02},"sunet-medium-thumb":{"percent":4.88,"bytes":1469,"size_before":30078,"size_after":28609,"time":0.03},"sunet-small-thumb":{"percent":5.31,"bytes":432,"size_before":8142,"size_after":7710,"time":0.02}}},"description":{"rendered":"<p class=\"attachment\"><a href='https:\/\/blogs.correiobraziliense.com.br\/proximocapitulo\/wp-content\/uploads\/sites\/27\/2021\/06\/leticia_onde_mora_coracao2.jpg'><img loading=\"lazy\" decoding=\"async\" width=\"300\" height=\"163\" src=\"https:\/\/blogs.correiobraziliense.com.br\/proximocapitulo\/wp-content\/uploads\/sites\/27\/2021\/06\/leticia_onde_mora_coracao2-300x163.jpg\" class=\"attachment-medium size-medium\" alt=\"\" srcset=\"https:\/\/blogs.correiobraziliense.com.br\/proximocapitulo\/wp-content\/uploads\/sites\/27\/2021\/06\/leticia_onde_mora_coracao2-300x163.jpg 300w, https:\/\/blogs.correiobraziliense.com.br\/proximocapitulo\/wp-content\/uploads\/sites\/27\/2021\/06\/leticia_onde_mora_coracao2-768x416.jpg 768w, https:\/\/blogs.correiobraziliense.com.br\/proximocapitulo\/wp-content\/uploads\/sites\/27\/2021\/06\/leticia_onde_mora_coracao2-1024x555.jpg 1024w, https:\/\/blogs.correiobraziliense.com.br\/proximocapitulo\/wp-content\/uploads\/sites\/27\/2021\/06\/leticia_onde_mora_coracao2-800x433.jpg 800w, https:\/\/blogs.correiobraziliense.com.br\/proximocapitulo\/wp-content\/uploads\/sites\/27\/2021\/06\/leticia_onde_mora_coracao2-550x298.jpg 550w, https:\/\/blogs.correiobraziliense.com.br\/proximocapitulo\/wp-content\/uploads\/sites\/27\/2021\/06\/leticia_onde_mora_coracao2-230x125.jpg 230w, https:\/\/blogs.correiobraziliense.com.br\/proximocapitulo\/wp-content\/uploads\/sites\/27\/2021\/06\/leticia_onde_mora_coracao2.jpg 1200w\" sizes=\"auto, (max-width: 300px) 100vw, 300px\" \/><\/a><\/p>\n"},"caption":{"rendered":"<p>Como Amanda em Onde est\u00e1 meu cora\u00e7\u00e3o<\/p>\n"},"alt_text":"","media_type":"image","mime_type":"image\/jpeg","media_details":{"width":1200,"height":650,"file":"2021\/06\/leticia_onde_mora_coracao2.jpg","sizes":{"thumbnail":{"file":"leticia_onde_mora_coracao2-150x150.jpg","width":150,"height":150,"mime_type":"image\/jpeg","source_url":"https:\/\/blogs.correiobraziliense.com.br\/proximocapitulo\/wp-content\/uploads\/sites\/27\/2021\/06\/leticia_onde_mora_coracao2-150x150.jpg"},"medium":{"file":"leticia_onde_mora_coracao2-300x163.jpg","width":300,"height":163,"mime_type":"image\/jpeg","source_url":"https:\/\/blogs.correiobraziliense.com.br\/proximocapitulo\/wp-content\/uploads\/sites\/27\/2021\/06\/leticia_onde_mora_coracao2-300x163.jpg"},"medium_large":{"file":"leticia_onde_mora_coracao2-768x416.jpg","width":768,"height":416,"mime_type":"image\/jpeg","source_url":"https:\/\/blogs.correiobraziliense.com.br\/proximocapitulo\/wp-content\/uploads\/sites\/27\/2021\/06\/leticia_onde_mora_coracao2-768x416.jpg"},"large":{"file":"leticia_onde_mora_coracao2-1024x555.jpg","width":1024,"height":555,"mime_type":"image\/jpeg","source_url":"https:\/\/blogs.correiobraziliense.com.br\/proximocapitulo\/wp-content\/uploads\/sites\/27\/2021\/06\/leticia_onde_mora_coracao2-1024x555.jpg"},"sunet-gn-thumb":{"file":"leticia_onde_mora_coracao2-800x433.jpg","width":800,"height":433,"mime_type":"image\/jpeg","source_url":"https:\/\/blogs.correiobraziliense.com.br\/proximocapitulo\/wp-content\/uploads\/sites\/27\/2021\/06\/leticia_onde_mora_coracao2-800x433.jpg"},"sunet-medium-thumb":{"file":"leticia_onde_mora_coracao2-550x298.jpg","width":550,"height":298,"mime_type":"image\/jpeg","source_url":"https:\/\/blogs.correiobraziliense.com.br\/proximocapitulo\/wp-content\/uploads\/sites\/27\/2021\/06\/leticia_onde_mora_coracao2-550x298.jpg"},"sunet-small-thumb":{"file":"leticia_onde_mora_coracao2-230x125.jpg","width":230,"height":125,"mime_type":"image\/jpeg","source_url":"https:\/\/blogs.correiobraziliense.com.br\/proximocapitulo\/wp-content\/uploads\/sites\/27\/2021\/06\/leticia_onde_mora_coracao2-230x125.jpg"},"full":{"file":"leticia_onde_mora_coracao2.jpg","width":1200,"height":650,"mime_type":"image\/jpeg","source_url":"https:\/\/blogs.correiobraziliense.com.br\/proximocapitulo\/wp-content\/uploads\/sites\/27\/2021\/06\/leticia_onde_mora_coracao2.jpg"}},"image_meta":{"aperture":"0","credit":"","camera":"","caption":"Amanda ( Let\u00edcia Colin )","created_timestamp":"0","copyright":"","focal_length":"0","iso":"0","shutter_speed":"0","title":"Institucional","orientation":"0"}},"post":18134,"source_url":"https:\/\/blogs.correiobraziliense.com.br\/proximocapitulo\/wp-content\/uploads\/sites\/27\/2021\/06\/leticia_onde_mora_coracao2.jpg","filename":"leticia_onde_mora_coracao2.jpg","filesize":120485,"_links":{"self":[{"href":"https:\/\/blogs.correiobraziliense.com.br\/proximocapitulo\/wp-json\/wp\/v2\/media\/18135","targetHints":{"allow":["GET"]}}],"collection":[{"href":"https:\/\/blogs.correiobraziliense.com.br\/proximocapitulo\/wp-json\/wp\/v2\/media"}],"about":[{"href":"https:\/\/blogs.correiobraziliense.com.br\/proximocapitulo\/wp-json\/wp\/v2\/types\/attachment"}],"author":[{"embeddable":true,"href":"https:\/\/blogs.correiobraziliense.com.br\/proximocapitulo\/wp-json\/wp\/v2\/users\/57"}],"replies":[{"embeddable":true,"href":"https:\/\/blogs.correiobraziliense.com.br\/proximocapitulo\/wp-json\/wp\/v2\/comments?post=18135"}],"wp:attached-to":[{"embeddable":true,"post_type":"post","id":18134,"href":"https:\/\/blogs.correiobraziliense.com.br\/proximocapitulo\/wp-json\/wp\/v2\/posts\/18134"}],"curies":[{"name":"wp","href":"https:\/\/api.w.org\/{rel}","templated":true}]}}

<p>Como Amanda em Onde está meu coração</p>

Amanda ( Letícia Colin )
