{"id":18025,"date":"2021-06-03T17:47:50","date_gmt":"2021-06-03T20:47:50","guid":{"rendered":"https:\/\/blogs.correiobraziliense.com.br\/proximocapitulo\/wp-content\/uploads\/sites\/27\/2021\/06\/sessao_manu.jpg"},"modified":"2021-06-03T17:48:17","modified_gmt":"2021-06-03T20:48:17","slug":"sessao_manu","status":"inherit","type":"attachment","link":"https:\/\/blogs.correiobraziliense.com.br\/proximocapitulo\/quinta-temporada-de-sessao-de-terapia-chega-a-flor-da-pele\/sessao_manu\/","title":{"rendered":"sessao_manu"},"author":57,"featured_media":0,"comment_status":"open","ping_status":"closed","template":"","meta":[],"class_list":["post-18025","attachment","type-attachment","status-inherit","hentry"],"smush":{"stats":{"percent":2.9042851187385264,"bytes":3971,"size_before":136729,"size_after":132758,"time":0.33,"api_version":"1.0","lossy":false,"keep_exif":true},"sizes":{"thumbnail":{"percent":3.53,"bytes":153,"size_before":4330,"size_after":4177,"time":0.02},"medium":{"percent":2.78,"bytes":203,"size_before":7294,"size_after":7091,"time":0.04},"medium_large":{"percent":2.52,"bytes":703,"size_before":27860,"size_after":27157,"time":0.02},"large":{"percent":3.39,"bytes":1522,"size_before":44941,"size_after":43419,"time":0.12},"sunet-gn-thumb":{"percent":2.81,"bytes":852,"size_before":30337,"size_after":29485,"time":0.08},"sunet-medium-thumb":{"percent":2.29,"bytes":388,"size_before":16945,"size_after":16557,"time":0.04},"sunet-small-thumb":{"percent":2.99,"bytes":150,"size_before":5022,"size_after":4872,"time":0.01}}},"description":{"rendered":"<p class=\"attachment\"><a href='https:\/\/blogs.correiobraziliense.com.br\/proximocapitulo\/wp-content\/uploads\/sites\/27\/2021\/06\/sessao_manu.jpg'><img loading=\"lazy\" decoding=\"async\" width=\"300\" height=\"163\" src=\"https:\/\/blogs.correiobraziliense.com.br\/proximocapitulo\/wp-content\/uploads\/sites\/27\/2021\/06\/sessao_manu-300x163.jpg\" class=\"attachment-medium size-medium\" alt=\"Let\u00edcia Colin como Manu na s\u00e9rie Sess\u00e3o de terapia\" srcset=\"https:\/\/blogs.correiobraziliense.com.br\/proximocapitulo\/wp-content\/uploads\/sites\/27\/2021\/06\/sessao_manu-300x163.jpg 300w, https:\/\/blogs.correiobraziliense.com.br\/proximocapitulo\/wp-content\/uploads\/sites\/27\/2021\/06\/sessao_manu-768x416.jpg 768w, https:\/\/blogs.correiobraziliense.com.br\/proximocapitulo\/wp-content\/uploads\/sites\/27\/2021\/06\/sessao_manu-1024x555.jpg 1024w, https:\/\/blogs.correiobraziliense.com.br\/proximocapitulo\/wp-content\/uploads\/sites\/27\/2021\/06\/sessao_manu-800x433.jpg 800w, https:\/\/blogs.correiobraziliense.com.br\/proximocapitulo\/wp-content\/uploads\/sites\/27\/2021\/06\/sessao_manu-550x298.jpg 550w, https:\/\/blogs.correiobraziliense.com.br\/proximocapitulo\/wp-content\/uploads\/sites\/27\/2021\/06\/sessao_manu-230x125.jpg 230w, https:\/\/blogs.correiobraziliense.com.br\/proximocapitulo\/wp-content\/uploads\/sites\/27\/2021\/06\/sessao_manu.jpg 1200w\" sizes=\"auto, (max-width: 300px) 100vw, 300px\" \/><\/a><\/p>\n<p>Let\u00edcia Colin como Manu na s\u00e9rie Sess\u00e3o de terapia<\/p>\n"},"caption":{"rendered":"<p>Let\u00edcia Colin como Manu<\/p>\n"},"alt_text":"Let\u00edcia Colin como Manu na s\u00e9rie Sess\u00e3o de terapia","media_type":"image","mime_type":"image\/jpeg","media_details":{"width":1200,"height":650,"file":"2021\/06\/sessao_manu.jpg","sizes":{"thumbnail":{"file":"sessao_manu-150x150.jpg","width":150,"height":150,"mime_type":"image\/jpeg","source_url":"https:\/\/blogs.correiobraziliense.com.br\/proximocapitulo\/wp-content\/uploads\/sites\/27\/2021\/06\/sessao_manu-150x150.jpg"},"medium":{"file":"sessao_manu-300x163.jpg","width":300,"height":163,"mime_type":"image\/jpeg","source_url":"https:\/\/blogs.correiobraziliense.com.br\/proximocapitulo\/wp-content\/uploads\/sites\/27\/2021\/06\/sessao_manu-300x163.jpg"},"medium_large":{"file":"sessao_manu-768x416.jpg","width":768,"height":416,"mime_type":"image\/jpeg","source_url":"https:\/\/blogs.correiobraziliense.com.br\/proximocapitulo\/wp-content\/uploads\/sites\/27\/2021\/06\/sessao_manu-768x416.jpg"},"large":{"file":"sessao_manu-1024x555.jpg","width":1024,"height":555,"mime_type":"image\/jpeg","source_url":"https:\/\/blogs.correiobraziliense.com.br\/proximocapitulo\/wp-content\/uploads\/sites\/27\/2021\/06\/sessao_manu-1024x555.jpg"},"sunet-gn-thumb":{"file":"sessao_manu-800x433.jpg","width":800,"height":433,"mime_type":"image\/jpeg","source_url":"https:\/\/blogs.correiobraziliense.com.br\/proximocapitulo\/wp-content\/uploads\/sites\/27\/2021\/06\/sessao_manu-800x433.jpg"},"sunet-medium-thumb":{"file":"sessao_manu-550x298.jpg","width":550,"height":298,"mime_type":"image\/jpeg","source_url":"https:\/\/blogs.correiobraziliense.com.br\/proximocapitulo\/wp-content\/uploads\/sites\/27\/2021\/06\/sessao_manu-550x298.jpg"},"sunet-small-thumb":{"file":"sessao_manu-230x125.jpg","width":230,"height":125,"mime_type":"image\/jpeg","source_url":"https:\/\/blogs.correiobraziliense.com.br\/proximocapitulo\/wp-content\/uploads\/sites\/27\/2021\/06\/sessao_manu-230x125.jpg"},"full":{"file":"sessao_manu.jpg","width":1200,"height":650,"mime_type":"image\/jpeg","source_url":"https:\/\/blogs.correiobraziliense.com.br\/proximocapitulo\/wp-content\/uploads\/sites\/27\/2021\/06\/sessao_manu.jpg"}},"image_meta":{"aperture":"2.8","credit":"HelenaBarreto","camera":"Canon EOS 6D","caption":"","created_timestamp":"1602697526","copyright":"","focal_length":"54","iso":"1250","shutter_speed":"0.008","title":"","orientation":"0"}},"post":18024,"source_url":"https:\/\/blogs.correiobraziliense.com.br\/proximocapitulo\/wp-content\/uploads\/sites\/27\/2021\/06\/sessao_manu.jpg","filename":"sessao_manu.jpg","filesize":75116,"_links":{"self":[{"href":"https:\/\/blogs.correiobraziliense.com.br\/proximocapitulo\/wp-json\/wp\/v2\/media\/18025","targetHints":{"allow":["GET"]}}],"collection":[{"href":"https:\/\/blogs.correiobraziliense.com.br\/proximocapitulo\/wp-json\/wp\/v2\/media"}],"about":[{"href":"https:\/\/blogs.correiobraziliense.com.br\/proximocapitulo\/wp-json\/wp\/v2\/types\/attachment"}],"author":[{"embeddable":true,"href":"https:\/\/blogs.correiobraziliense.com.br\/proximocapitulo\/wp-json\/wp\/v2\/users\/57"}],"replies":[{"embeddable":true,"href":"https:\/\/blogs.correiobraziliense.com.br\/proximocapitulo\/wp-json\/wp\/v2\/comments?post=18025"}],"wp:attached-to":[{"embeddable":true,"post_type":"post","id":18024,"href":"https:\/\/blogs.correiobraziliense.com.br\/proximocapitulo\/wp-json\/wp\/v2\/posts\/18024"}],"curies":[{"name":"wp","href":"https:\/\/api.w.org\/{rel}","templated":true}]}}

<p class="attachment"><a href='https://blogs.correiobraziliense.com.br/proximocapitulo/wp-content/uploads/sites/27/2021/06/sessao_manu.jpg'><img loading="lazy" decoding="async" width="300" height="163" src="https://blogs.correiobraziliense.com.br/proximocapitulo/wp-content/uploads/sites/27/2021/06/sessao_manu-300x163.jpg" class="attachment-medium size-medium" alt="Letícia Colin como Manu na série Sessão de terapia" srcset="https://blogs.correiobraziliense.com.br/proximocapitulo/wp-content/uploads/sites/27/2021/06/sessao_manu-300x163.jpg 300w, https://blogs.correiobraziliense.com.br/proximocapitulo/wp-content/uploads/sites/27/2021/06/sessao_manu-768x416.jpg 768w, https://blogs.correiobraziliense.com.br/proximocapitulo/wp-content/uploads/sites/27/2021/06/sessao_manu-1024x555.jpg 1024w, https://blogs.correiobraziliense.com.br/proximocapitulo/wp-content/uploads/sites/27/2021/06/sessao_manu-800x433.jpg 800w, https://blogs.correiobraziliense.com.br/proximocapitulo/wp-content/uploads/sites/27/2021/06/sessao_manu-550x298.jpg 550w, https://blogs.correiobraziliense.com.br/proximocapitulo/wp-content/uploads/sites/27/2021/06/sessao_manu-230x125.jpg 230w, https://blogs.correiobraziliense.com.br/proximocapitulo/wp-content/uploads/sites/27/2021/06/sessao_manu.jpg 1200w" sizes="auto, (max-width: 300px) 100vw, 300px" /></a></p>
<p>Letícia Colin como Manu na série Sessão de terapia</p>

<p>Letícia Colin como Manu</p>

Letícia Colin como Manu na série Sessão de terapia
