{"id":17594,"date":"2021-04-12T10:28:05","date_gmt":"2021-04-12T13:28:05","guid":{"rendered":"https:\/\/blogs.correiobraziliense.com.br\/proximocapitulo\/wp-content\/uploads\/sites\/27\/2021\/04\/salvador_wilker.jpg"},"modified":"2021-04-12T10:30:20","modified_gmt":"2021-04-12T13:30:20","slug":"salvador_wilker","status":"inherit","type":"attachment","link":"https:\/\/blogs.correiobraziliense.com.br\/proximocapitulo\/sassa-mutema-e-o-salvador-da-patria-chegam-ao-viva-nesta-segunda-feira\/salvador_wilker\/","title":{"rendered":"salvador_wilker"},"author":57,"featured_media":0,"comment_status":"open","ping_status":"closed","template":"","meta":[],"class_list":["post-17594","attachment","type-attachment","status-inherit","hentry"],"smush":{"stats":{"percent":6.3699884906392805,"bytes":18707,"size_before":293674,"size_after":274967,"time":0.41000000000000003,"api_version":"1.0","lossy":false,"keep_exif":true},"sizes":{"thumbnail":{"percent":4.08,"bytes":219,"size_before":5366,"size_after":5147,"time":0.02},"medium":{"percent":4.6,"bytes":405,"size_before":8812,"size_after":8407,"time":0.01},"medium_large":{"percent":7.14,"bytes":4394,"size_before":61571,"size_after":57177,"time":0.04},"large":{"percent":5.54,"bytes":6237,"size_before":112618,"size_after":106381,"time":0.05},"sunet-gn-thumb":{"percent":7.14,"bytes":4972,"size_before":69658,"size_after":64686,"time":0.2},"sunet-medium-thumb":{"percent":7.5,"bytes":2250,"size_before":29995,"size_after":27745,"time":0.08},"sunet-small-thumb":{"percent":4.07,"bytes":230,"size_before":5654,"size_after":5424,"time":0.01}}},"description":{"rendered":"<p class=\"attachment\"><a href='https:\/\/blogs.correiobraziliense.com.br\/proximocapitulo\/wp-content\/uploads\/sites\/27\/2021\/04\/salvador_wilker.jpg'><img loading=\"lazy\" decoding=\"async\" width=\"300\" height=\"163\" src=\"https:\/\/blogs.correiobraziliense.com.br\/proximocapitulo\/wp-content\/uploads\/sites\/27\/2021\/04\/salvador_wilker-300x163.jpg\" class=\"attachment-medium size-medium\" alt=\"Jos\u00e9 Wilker como Jo\u00e3o Matos em O salvador da p\u00e1tria\" srcset=\"https:\/\/blogs.correiobraziliense.com.br\/proximocapitulo\/wp-content\/uploads\/sites\/27\/2021\/04\/salvador_wilker-300x163.jpg 300w, https:\/\/blogs.correiobraziliense.com.br\/proximocapitulo\/wp-content\/uploads\/sites\/27\/2021\/04\/salvador_wilker-768x416.jpg 768w, https:\/\/blogs.correiobraziliense.com.br\/proximocapitulo\/wp-content\/uploads\/sites\/27\/2021\/04\/salvador_wilker-1024x555.jpg 1024w, https:\/\/blogs.correiobraziliense.com.br\/proximocapitulo\/wp-content\/uploads\/sites\/27\/2021\/04\/salvador_wilker-800x433.jpg 800w, https:\/\/blogs.correiobraziliense.com.br\/proximocapitulo\/wp-content\/uploads\/sites\/27\/2021\/04\/salvador_wilker-550x298.jpg 550w, https:\/\/blogs.correiobraziliense.com.br\/proximocapitulo\/wp-content\/uploads\/sites\/27\/2021\/04\/salvador_wilker-230x125.jpg 230w, https:\/\/blogs.correiobraziliense.com.br\/proximocapitulo\/wp-content\/uploads\/sites\/27\/2021\/04\/salvador_wilker.jpg 1200w\" sizes=\"auto, (max-width: 300px) 100vw, 300px\" \/><\/a><\/p>\n<p>Jos\u00e9 Wilker como Jo\u00e3o Matos em O salvador da p\u00e1tria<\/p>\n"},"caption":{"rendered":"<p>Jos\u00e9 Wilker como Jo\u00e3o Matos<\/p>\n"},"alt_text":"Jos\u00e9 Wilker como Jo\u00e3o Matos em O salvador da p\u00e1tria","media_type":"image","mime_type":"image\/jpeg","media_details":{"width":1200,"height":650,"file":"2021\/04\/salvador_wilker.jpg","sizes":{"thumbnail":{"file":"salvador_wilker-150x150.jpg","width":150,"height":150,"mime_type":"image\/jpeg","source_url":"https:\/\/blogs.correiobraziliense.com.br\/proximocapitulo\/wp-content\/uploads\/sites\/27\/2021\/04\/salvador_wilker-150x150.jpg"},"medium":{"file":"salvador_wilker-300x163.jpg","width":300,"height":163,"mime_type":"image\/jpeg","source_url":"https:\/\/blogs.correiobraziliense.com.br\/proximocapitulo\/wp-content\/uploads\/sites\/27\/2021\/04\/salvador_wilker-300x163.jpg"},"medium_large":{"file":"salvador_wilker-768x416.jpg","width":768,"height":416,"mime_type":"image\/jpeg","source_url":"https:\/\/blogs.correiobraziliense.com.br\/proximocapitulo\/wp-content\/uploads\/sites\/27\/2021\/04\/salvador_wilker-768x416.jpg"},"large":{"file":"salvador_wilker-1024x555.jpg","width":1024,"height":555,"mime_type":"image\/jpeg","source_url":"https:\/\/blogs.correiobraziliense.com.br\/proximocapitulo\/wp-content\/uploads\/sites\/27\/2021\/04\/salvador_wilker-1024x555.jpg"},"sunet-gn-thumb":{"file":"salvador_wilker-800x433.jpg","width":800,"height":433,"mime_type":"image\/jpeg","source_url":"https:\/\/blogs.correiobraziliense.com.br\/proximocapitulo\/wp-content\/uploads\/sites\/27\/2021\/04\/salvador_wilker-800x433.jpg"},"sunet-medium-thumb":{"file":"salvador_wilker-550x298.jpg","width":550,"height":298,"mime_type":"image\/jpeg","source_url":"https:\/\/blogs.correiobraziliense.com.br\/proximocapitulo\/wp-content\/uploads\/sites\/27\/2021\/04\/salvador_wilker-550x298.jpg"},"sunet-small-thumb":{"file":"salvador_wilker-230x125.jpg","width":230,"height":125,"mime_type":"image\/jpeg","source_url":"https:\/\/blogs.correiobraziliense.com.br\/proximocapitulo\/wp-content\/uploads\/sites\/27\/2021\/04\/salvador_wilker-230x125.jpg"},"full":{"file":"salvador_wilker.jpg","width":1200,"height":650,"mime_type":"image\/jpeg","source_url":"https:\/\/blogs.correiobraziliense.com.br\/proximocapitulo\/wp-content\/uploads\/sites\/27\/2021\/04\/salvador_wilker.jpg"}},"image_meta":{"aperture":"0","credit":"Arquivo\/TV Globo","camera":"","caption":".  - . Pauta: Novela O Salvador da Patria. Credito: Arquivo\/TV Globo. Ator Jose Wilker na novela O Salvador da Patria.18 fev. 2007. TV, p. 6.","created_timestamp":"0","copyright":"","focal_length":"0","iso":"0","shutter_speed":"0","title":"","orientation":"0"}},"post":17590,"source_url":"https:\/\/blogs.correiobraziliense.com.br\/proximocapitulo\/wp-content\/uploads\/sites\/27\/2021\/04\/salvador_wilker.jpg","filename":"salvador_wilker.jpg","filesize":176633,"_links":{"self":[{"href":"https:\/\/blogs.correiobraziliense.com.br\/proximocapitulo\/wp-json\/wp\/v2\/media\/17594","targetHints":{"allow":["GET"]}}],"collection":[{"href":"https:\/\/blogs.correiobraziliense.com.br\/proximocapitulo\/wp-json\/wp\/v2\/media"}],"about":[{"href":"https:\/\/blogs.correiobraziliense.com.br\/proximocapitulo\/wp-json\/wp\/v2\/types\/attachment"}],"author":[{"embeddable":true,"href":"https:\/\/blogs.correiobraziliense.com.br\/proximocapitulo\/wp-json\/wp\/v2\/users\/57"}],"replies":[{"embeddable":true,"href":"https:\/\/blogs.correiobraziliense.com.br\/proximocapitulo\/wp-json\/wp\/v2\/comments?post=17594"}],"wp:attached-to":[{"embeddable":true,"post_type":"post","id":17590,"href":"https:\/\/blogs.correiobraziliense.com.br\/proximocapitulo\/wp-json\/wp\/v2\/posts\/17590"}],"curies":[{"name":"wp","href":"https:\/\/api.w.org\/{rel}","templated":true}]}}

<p class="attachment"><a href='https://blogs.correiobraziliense.com.br/proximocapitulo/wp-content/uploads/sites/27/2021/04/salvador_wilker.jpg'><img loading="lazy" decoding="async" width="300" height="163" src="https://blogs.correiobraziliense.com.br/proximocapitulo/wp-content/uploads/sites/27/2021/04/salvador_wilker-300x163.jpg" class="attachment-medium size-medium" alt="José Wilker como João Matos em O salvador da pátria" srcset="https://blogs.correiobraziliense.com.br/proximocapitulo/wp-content/uploads/sites/27/2021/04/salvador_wilker-300x163.jpg 300w, https://blogs.correiobraziliense.com.br/proximocapitulo/wp-content/uploads/sites/27/2021/04/salvador_wilker-768x416.jpg 768w, https://blogs.correiobraziliense.com.br/proximocapitulo/wp-content/uploads/sites/27/2021/04/salvador_wilker-1024x555.jpg 1024w, https://blogs.correiobraziliense.com.br/proximocapitulo/wp-content/uploads/sites/27/2021/04/salvador_wilker-800x433.jpg 800w, https://blogs.correiobraziliense.com.br/proximocapitulo/wp-content/uploads/sites/27/2021/04/salvador_wilker-550x298.jpg 550w, https://blogs.correiobraziliense.com.br/proximocapitulo/wp-content/uploads/sites/27/2021/04/salvador_wilker-230x125.jpg 230w, https://blogs.correiobraziliense.com.br/proximocapitulo/wp-content/uploads/sites/27/2021/04/salvador_wilker.jpg 1200w" sizes="auto, (max-width: 300px) 100vw, 300px" /></a></p>
<p>José Wilker como João Matos em O salvador da pátria</p>

<p>José Wilker como João Matos</p>

José Wilker como João Matos em O salvador da pátria
