{"id":17593,"date":"2021-04-12T10:28:02","date_gmt":"2021-04-12T13:28:02","guid":{"rendered":"https:\/\/blogs.correiobraziliense.com.br\/proximocapitulo\/wp-content\/uploads\/sites\/27\/2021\/04\/salvador_maite.jpg"},"modified":"2021-04-12T10:29:37","modified_gmt":"2021-04-12T13:29:37","slug":"salvador_maite","status":"inherit","type":"attachment","link":"https:\/\/blogs.correiobraziliense.com.br\/proximocapitulo\/sassa-mutema-e-o-salvador-da-patria-chegam-ao-viva-nesta-segunda-feira\/salvador_maite\/","title":{"rendered":"salvador_maite"},"author":57,"featured_media":0,"comment_status":"open","ping_status":"closed","template":"","meta":[],"class_list":["post-17593","attachment","type-attachment","status-inherit","hentry"],"smush":{"stats":{"percent":4.539253188082723,"bytes":8817,"size_before":194239,"size_after":185422,"time":0.44000000000000006,"api_version":"1.0","lossy":false,"keep_exif":true},"sizes":{"thumbnail":{"percent":5.06,"bytes":274,"size_before":5411,"size_after":5137,"time":0.02},"medium":{"percent":4.62,"bytes":408,"size_before":8832,"size_after":8424,"time":0.02},"medium_large":{"percent":4.66,"bytes":1926,"size_before":41316,"size_after":39390,"time":0.03},"large":{"percent":3.99,"bytes":2558,"size_before":64049,"size_after":61491,"time":0.21},"sunet-gn-thumb":{"percent":4.67,"bytes":2091,"size_before":44806,"size_after":42715,"time":0.04},"sunet-medium-thumb":{"percent":5.5,"bytes":1331,"size_before":24197,"size_after":22866,"time":0.1},"sunet-small-thumb":{"percent":4.07,"bytes":229,"size_before":5628,"size_after":5399,"time":0.02}}},"description":{"rendered":"<p class=\"attachment\"><a href='https:\/\/blogs.correiobraziliense.com.br\/proximocapitulo\/wp-content\/uploads\/sites\/27\/2021\/04\/salvador_maite.jpg'><img loading=\"lazy\" decoding=\"async\" width=\"300\" height=\"163\" src=\"https:\/\/blogs.correiobraziliense.com.br\/proximocapitulo\/wp-content\/uploads\/sites\/27\/2021\/04\/salvador_maite-300x163.jpg\" class=\"attachment-medium size-medium\" alt=\"Mait\u00ea Proen\u00e7a como a &quot;professorinha&quot; Clotilde em O salvador da p\u00e1tria\" srcset=\"https:\/\/blogs.correiobraziliense.com.br\/proximocapitulo\/wp-content\/uploads\/sites\/27\/2021\/04\/salvador_maite-300x163.jpg 300w, https:\/\/blogs.correiobraziliense.com.br\/proximocapitulo\/wp-content\/uploads\/sites\/27\/2021\/04\/salvador_maite-768x416.jpg 768w, https:\/\/blogs.correiobraziliense.com.br\/proximocapitulo\/wp-content\/uploads\/sites\/27\/2021\/04\/salvador_maite-1024x555.jpg 1024w, https:\/\/blogs.correiobraziliense.com.br\/proximocapitulo\/wp-content\/uploads\/sites\/27\/2021\/04\/salvador_maite-800x433.jpg 800w, https:\/\/blogs.correiobraziliense.com.br\/proximocapitulo\/wp-content\/uploads\/sites\/27\/2021\/04\/salvador_maite-550x298.jpg 550w, https:\/\/blogs.correiobraziliense.com.br\/proximocapitulo\/wp-content\/uploads\/sites\/27\/2021\/04\/salvador_maite-230x125.jpg 230w, https:\/\/blogs.correiobraziliense.com.br\/proximocapitulo\/wp-content\/uploads\/sites\/27\/2021\/04\/salvador_maite.jpg 1200w\" sizes=\"auto, (max-width: 300px) 100vw, 300px\" \/><\/a><\/p>\n"},"caption":{"rendered":"<p>Mait\u00ea Proen\u00e7a como a &#8220;professorinha&#8221; Clotilde<\/p>\n"},"alt_text":"Mait\u00ea Proen\u00e7a como a \"professorinha\" Clotilde em O salvador da p\u00e1tria","media_type":"image","mime_type":"image\/jpeg","media_details":{"width":1200,"height":650,"file":"2021\/04\/salvador_maite.jpg","sizes":{"thumbnail":{"file":"salvador_maite-150x150.jpg","width":150,"height":150,"mime_type":"image\/jpeg","source_url":"https:\/\/blogs.correiobraziliense.com.br\/proximocapitulo\/wp-content\/uploads\/sites\/27\/2021\/04\/salvador_maite-150x150.jpg"},"medium":{"file":"salvador_maite-300x163.jpg","width":300,"height":163,"mime_type":"image\/jpeg","source_url":"https:\/\/blogs.correiobraziliense.com.br\/proximocapitulo\/wp-content\/uploads\/sites\/27\/2021\/04\/salvador_maite-300x163.jpg"},"medium_large":{"file":"salvador_maite-768x416.jpg","width":768,"height":416,"mime_type":"image\/jpeg","source_url":"https:\/\/blogs.correiobraziliense.com.br\/proximocapitulo\/wp-content\/uploads\/sites\/27\/2021\/04\/salvador_maite-768x416.jpg"},"large":{"file":"salvador_maite-1024x555.jpg","width":1024,"height":555,"mime_type":"image\/jpeg","source_url":"https:\/\/blogs.correiobraziliense.com.br\/proximocapitulo\/wp-content\/uploads\/sites\/27\/2021\/04\/salvador_maite-1024x555.jpg"},"sunet-gn-thumb":{"file":"salvador_maite-800x433.jpg","width":800,"height":433,"mime_type":"image\/jpeg","source_url":"https:\/\/blogs.correiobraziliense.com.br\/proximocapitulo\/wp-content\/uploads\/sites\/27\/2021\/04\/salvador_maite-800x433.jpg"},"sunet-medium-thumb":{"file":"salvador_maite-550x298.jpg","width":550,"height":298,"mime_type":"image\/jpeg","source_url":"https:\/\/blogs.correiobraziliense.com.br\/proximocapitulo\/wp-content\/uploads\/sites\/27\/2021\/04\/salvador_maite-550x298.jpg"},"sunet-small-thumb":{"file":"salvador_maite-230x125.jpg","width":230,"height":125,"mime_type":"image\/jpeg","source_url":"https:\/\/blogs.correiobraziliense.com.br\/proximocapitulo\/wp-content\/uploads\/sites\/27\/2021\/04\/salvador_maite-230x125.jpg"},"full":{"file":"salvador_maite.jpg","width":1200,"height":650,"mime_type":"image\/jpeg","source_url":"https:\/\/blogs.correiobraziliense.com.br\/proximocapitulo\/wp-content\/uploads\/sites\/27\/2021\/04\/salvador_maite.jpg"}},"image_meta":{"aperture":"0","credit":"","camera":"","caption":"","created_timestamp":"0","copyright":"","focal_length":"0","iso":"0","shutter_speed":"0","title":"","orientation":"0"}},"post":17590,"source_url":"https:\/\/blogs.correiobraziliense.com.br\/proximocapitulo\/wp-content\/uploads\/sites\/27\/2021\/04\/salvador_maite.jpg","filename":"salvador_maite.jpg","filesize":82320,"_links":{"self":[{"href":"https:\/\/blogs.correiobraziliense.com.br\/proximocapitulo\/wp-json\/wp\/v2\/media\/17593","targetHints":{"allow":["GET"]}}],"collection":[{"href":"https:\/\/blogs.correiobraziliense.com.br\/proximocapitulo\/wp-json\/wp\/v2\/media"}],"about":[{"href":"https:\/\/blogs.correiobraziliense.com.br\/proximocapitulo\/wp-json\/wp\/v2\/types\/attachment"}],"author":[{"embeddable":true,"href":"https:\/\/blogs.correiobraziliense.com.br\/proximocapitulo\/wp-json\/wp\/v2\/users\/57"}],"replies":[{"embeddable":true,"href":"https:\/\/blogs.correiobraziliense.com.br\/proximocapitulo\/wp-json\/wp\/v2\/comments?post=17593"}],"wp:attached-to":[{"embeddable":true,"post_type":"post","id":17590,"href":"https:\/\/blogs.correiobraziliense.com.br\/proximocapitulo\/wp-json\/wp\/v2\/posts\/17590"}],"curies":[{"name":"wp","href":"https:\/\/api.w.org\/{rel}","templated":true}]}}

<p class="attachment"><a href='https://blogs.correiobraziliense.com.br/proximocapitulo/wp-content/uploads/sites/27/2021/04/salvador_maite.jpg'><img loading="lazy" decoding="async" width="300" height="163" src="https://blogs.correiobraziliense.com.br/proximocapitulo/wp-content/uploads/sites/27/2021/04/salvador_maite-300x163.jpg" class="attachment-medium size-medium" alt="Maitê Proença como a &quot;professorinha&quot; Clotilde em O salvador da pátria" srcset="https://blogs.correiobraziliense.com.br/proximocapitulo/wp-content/uploads/sites/27/2021/04/salvador_maite-300x163.jpg 300w, https://blogs.correiobraziliense.com.br/proximocapitulo/wp-content/uploads/sites/27/2021/04/salvador_maite-768x416.jpg 768w, https://blogs.correiobraziliense.com.br/proximocapitulo/wp-content/uploads/sites/27/2021/04/salvador_maite-1024x555.jpg 1024w, https://blogs.correiobraziliense.com.br/proximocapitulo/wp-content/uploads/sites/27/2021/04/salvador_maite-800x433.jpg 800w, https://blogs.correiobraziliense.com.br/proximocapitulo/wp-content/uploads/sites/27/2021/04/salvador_maite-550x298.jpg 550w, https://blogs.correiobraziliense.com.br/proximocapitulo/wp-content/uploads/sites/27/2021/04/salvador_maite-230x125.jpg 230w, https://blogs.correiobraziliense.com.br/proximocapitulo/wp-content/uploads/sites/27/2021/04/salvador_maite.jpg 1200w" sizes="auto, (max-width: 300px) 100vw, 300px" /></a></p>

<p>Maitê Proença como a &#8220;professorinha&#8221; Clotilde</p>

Maitê Proença como a "professorinha" Clotilde em O salvador da pátria
