{"id":17591,"date":"2021-04-12T10:27:55","date_gmt":"2021-04-12T13:27:55","guid":{"rendered":"https:\/\/blogs.correiobraziliense.com.br\/proximocapitulo\/wp-content\/uploads\/sites\/27\/2021\/04\/salvador_lucia.jpg"},"modified":"2021-04-12T10:28:43","modified_gmt":"2021-04-12T13:28:43","slug":"salvador_lucia","status":"inherit","type":"attachment","link":"https:\/\/blogs.correiobraziliense.com.br\/proximocapitulo\/sassa-mutema-e-o-salvador-da-patria-chegam-ao-viva-nesta-segunda-feira\/salvador_lucia\/","title":{"rendered":"salvador_lucia"},"author":57,"featured_media":0,"comment_status":"open","ping_status":"closed","template":"","meta":[],"class_list":["post-17591","attachment","type-attachment","status-inherit","hentry"],"smush":{"stats":{"percent":6.099433039277892,"bytes":14900,"size_before":244285,"size_after":229385,"time":0.5900000000000001,"api_version":"1.0","lossy":false,"keep_exif":true},"sizes":{"thumbnail":{"percent":5.71,"bytes":339,"size_before":5935,"size_after":5596,"time":0.01},"medium":{"percent":5.16,"bytes":585,"size_before":11346,"size_after":10761,"time":0.03},"medium_large":{"percent":6.1,"bytes":3114,"size_before":51083,"size_after":47969,"time":0.11},"large":{"percent":6.51,"bytes":5467,"size_before":84002,"size_after":78535,"time":0.09},"sunet-gn-thumb":{"percent":6.17,"bytes":3399,"size_before":55110,"size_after":51711,"time":0.07},"sunet-medium-thumb":{"percent":5.43,"bytes":1591,"size_before":29301,"size_after":27710,"time":0.22},"sunet-small-thumb":{"percent":5.39,"bytes":405,"size_before":7508,"size_after":7103,"time":0.06}}},"description":{"rendered":"<p class=\"attachment\"><a href='https:\/\/blogs.correiobraziliense.com.br\/proximocapitulo\/wp-content\/uploads\/sites\/27\/2021\/04\/salvador_lucia.jpg'><img loading=\"lazy\" decoding=\"async\" width=\"300\" height=\"163\" src=\"https:\/\/blogs.correiobraziliense.com.br\/proximocapitulo\/wp-content\/uploads\/sites\/27\/2021\/04\/salvador_lucia-300x163.jpg\" class=\"attachment-medium size-medium\" alt=\"L\u00facia Ver\u00edssimo como B\u00e1rbara em O salvador da p\u00e1tria\" srcset=\"https:\/\/blogs.correiobraziliense.com.br\/proximocapitulo\/wp-content\/uploads\/sites\/27\/2021\/04\/salvador_lucia-300x163.jpg 300w, https:\/\/blogs.correiobraziliense.com.br\/proximocapitulo\/wp-content\/uploads\/sites\/27\/2021\/04\/salvador_lucia-768x416.jpg 768w, https:\/\/blogs.correiobraziliense.com.br\/proximocapitulo\/wp-content\/uploads\/sites\/27\/2021\/04\/salvador_lucia-1024x555.jpg 1024w, https:\/\/blogs.correiobraziliense.com.br\/proximocapitulo\/wp-content\/uploads\/sites\/27\/2021\/04\/salvador_lucia-800x433.jpg 800w, https:\/\/blogs.correiobraziliense.com.br\/proximocapitulo\/wp-content\/uploads\/sites\/27\/2021\/04\/salvador_lucia-550x298.jpg 550w, https:\/\/blogs.correiobraziliense.com.br\/proximocapitulo\/wp-content\/uploads\/sites\/27\/2021\/04\/salvador_lucia-230x125.jpg 230w, https:\/\/blogs.correiobraziliense.com.br\/proximocapitulo\/wp-content\/uploads\/sites\/27\/2021\/04\/salvador_lucia.jpg 1200w\" sizes=\"auto, (max-width: 300px) 100vw, 300px\" \/><\/a><\/p>\n<p>L\u00facia Ver\u00edssimo como B\u00e1rbara em O salvador da p\u00e1tria<\/p>\n"},"caption":{"rendered":"<p>L\u00facia Ver\u00edssimo como B\u00e1rbara<\/p>\n"},"alt_text":"L\u00facia Ver\u00edssimo como B\u00e1rbara em O salvador da p\u00e1tria","media_type":"image","mime_type":"image\/jpeg","media_details":{"width":1200,"height":650,"file":"2021\/04\/salvador_lucia.jpg","sizes":{"thumbnail":{"file":"salvador_lucia-150x150.jpg","width":150,"height":150,"mime_type":"image\/jpeg","source_url":"https:\/\/blogs.correiobraziliense.com.br\/proximocapitulo\/wp-content\/uploads\/sites\/27\/2021\/04\/salvador_lucia-150x150.jpg"},"medium":{"file":"salvador_lucia-300x163.jpg","width":300,"height":163,"mime_type":"image\/jpeg","source_url":"https:\/\/blogs.correiobraziliense.com.br\/proximocapitulo\/wp-content\/uploads\/sites\/27\/2021\/04\/salvador_lucia-300x163.jpg"},"medium_large":{"file":"salvador_lucia-768x416.jpg","width":768,"height":416,"mime_type":"image\/jpeg","source_url":"https:\/\/blogs.correiobraziliense.com.br\/proximocapitulo\/wp-content\/uploads\/sites\/27\/2021\/04\/salvador_lucia-768x416.jpg"},"large":{"file":"salvador_lucia-1024x555.jpg","width":1024,"height":555,"mime_type":"image\/jpeg","source_url":"https:\/\/blogs.correiobraziliense.com.br\/proximocapitulo\/wp-content\/uploads\/sites\/27\/2021\/04\/salvador_lucia-1024x555.jpg"},"sunet-gn-thumb":{"file":"salvador_lucia-800x433.jpg","width":800,"height":433,"mime_type":"image\/jpeg","source_url":"https:\/\/blogs.correiobraziliense.com.br\/proximocapitulo\/wp-content\/uploads\/sites\/27\/2021\/04\/salvador_lucia-800x433.jpg"},"sunet-medium-thumb":{"file":"salvador_lucia-550x298.jpg","width":550,"height":298,"mime_type":"image\/jpeg","source_url":"https:\/\/blogs.correiobraziliense.com.br\/proximocapitulo\/wp-content\/uploads\/sites\/27\/2021\/04\/salvador_lucia-550x298.jpg"},"sunet-small-thumb":{"file":"salvador_lucia-230x125.jpg","width":230,"height":125,"mime_type":"image\/jpeg","source_url":"https:\/\/blogs.correiobraziliense.com.br\/proximocapitulo\/wp-content\/uploads\/sites\/27\/2021\/04\/salvador_lucia-230x125.jpg"},"full":{"file":"salvador_lucia.jpg","width":1200,"height":650,"mime_type":"image\/jpeg","source_url":"https:\/\/blogs.correiobraziliense.com.br\/proximocapitulo\/wp-content\/uploads\/sites\/27\/2021\/04\/salvador_lucia.jpg"}},"image_meta":{"aperture":"0","credit":"","camera":"","caption":"","created_timestamp":"0","copyright":"","focal_length":"0","iso":"0","shutter_speed":"0","title":"","orientation":"0"}},"post":17590,"source_url":"https:\/\/blogs.correiobraziliense.com.br\/proximocapitulo\/wp-content\/uploads\/sites\/27\/2021\/04\/salvador_lucia.jpg","filename":"salvador_lucia.jpg","filesize":117110,"_links":{"self":[{"href":"https:\/\/blogs.correiobraziliense.com.br\/proximocapitulo\/wp-json\/wp\/v2\/media\/17591","targetHints":{"allow":["GET"]}}],"collection":[{"href":"https:\/\/blogs.correiobraziliense.com.br\/proximocapitulo\/wp-json\/wp\/v2\/media"}],"about":[{"href":"https:\/\/blogs.correiobraziliense.com.br\/proximocapitulo\/wp-json\/wp\/v2\/types\/attachment"}],"author":[{"embeddable":true,"href":"https:\/\/blogs.correiobraziliense.com.br\/proximocapitulo\/wp-json\/wp\/v2\/users\/57"}],"replies":[{"embeddable":true,"href":"https:\/\/blogs.correiobraziliense.com.br\/proximocapitulo\/wp-json\/wp\/v2\/comments?post=17591"}],"wp:attached-to":[{"embeddable":true,"post_type":"post","id":17590,"href":"https:\/\/blogs.correiobraziliense.com.br\/proximocapitulo\/wp-json\/wp\/v2\/posts\/17590"}],"curies":[{"name":"wp","href":"https:\/\/api.w.org\/{rel}","templated":true}]}}

<p class="attachment"><a href='https://blogs.correiobraziliense.com.br/proximocapitulo/wp-content/uploads/sites/27/2021/04/salvador_lucia.jpg'><img loading="lazy" decoding="async" width="300" height="163" src="https://blogs.correiobraziliense.com.br/proximocapitulo/wp-content/uploads/sites/27/2021/04/salvador_lucia-300x163.jpg" class="attachment-medium size-medium" alt="Lúcia Veríssimo como Bárbara em O salvador da pátria" srcset="https://blogs.correiobraziliense.com.br/proximocapitulo/wp-content/uploads/sites/27/2021/04/salvador_lucia-300x163.jpg 300w, https://blogs.correiobraziliense.com.br/proximocapitulo/wp-content/uploads/sites/27/2021/04/salvador_lucia-768x416.jpg 768w, https://blogs.correiobraziliense.com.br/proximocapitulo/wp-content/uploads/sites/27/2021/04/salvador_lucia-1024x555.jpg 1024w, https://blogs.correiobraziliense.com.br/proximocapitulo/wp-content/uploads/sites/27/2021/04/salvador_lucia-800x433.jpg 800w, https://blogs.correiobraziliense.com.br/proximocapitulo/wp-content/uploads/sites/27/2021/04/salvador_lucia-550x298.jpg 550w, https://blogs.correiobraziliense.com.br/proximocapitulo/wp-content/uploads/sites/27/2021/04/salvador_lucia-230x125.jpg 230w, https://blogs.correiobraziliense.com.br/proximocapitulo/wp-content/uploads/sites/27/2021/04/salvador_lucia.jpg 1200w" sizes="auto, (max-width: 300px) 100vw, 300px" /></a></p>
<p>Lúcia Veríssimo como Bárbara em O salvador da pátria</p>

<p>Lúcia Veríssimo como Bárbara</p>

Lúcia Veríssimo como Bárbara em O salvador da pátria
