{"id":17104,"date":"2021-02-13T11:32:43","date_gmt":"2021-02-13T14:32:43","guid":{"rendered":"https:\/\/blogs.correiobraziliense.com.br\/proximocapitulo\/wp-content\/uploads\/sites\/27\/2021\/02\/bem_amado5.jpg"},"modified":"2021-02-13T11:35:22","modified_gmt":"2021-02-13T14:35:22","slug":"o-bem-amado-3","status":"inherit","type":"attachment","link":"https:\/\/blogs.correiobraziliense.com.br\/proximocapitulo\/classico-o-bem-amado-entra-no-catalogo-de-novelas-do-globoplay\/o-bem-amado-3\/","title":{"rendered":"O Bem Amado"},"author":57,"featured_media":0,"comment_status":"open","ping_status":"closed","template":"","meta":[],"class_list":["post-17104","attachment","type-attachment","status-inherit","hentry"],"smush":{"stats":{"percent":3.572150976981269,"bytes":8830,"size_before":247190,"size_after":238360,"time":0.22000000000000003,"api_version":"1.0","lossy":false,"keep_exif":true},"sizes":{"thumbnail":{"percent":1.07,"bytes":121,"size_before":11351,"size_after":11230,"time":0.02},"medium":{"percent":1.61,"bytes":244,"size_before":15129,"size_after":14885,"time":0.03},"medium_large":{"percent":3.89,"bytes":1894,"size_before":48678,"size_after":46784,"time":0.03},"large":{"percent":4.38,"bytes":3406,"size_before":77741,"size_after":74335,"time":0.03},"sunet-gn-thumb":{"percent":4,"bytes":2085,"size_before":52117,"size_after":50032,"time":0.05},"sunet-medium-thumb":{"percent":3.18,"bytes":958,"size_before":30091,"size_after":29133,"time":0.05},"sunet-small-thumb":{"percent":1.01,"bytes":122,"size_before":12083,"size_after":11961,"time":0.01}}},"description":{"rendered":"<p class=\"attachment\"><a href='https:\/\/blogs.correiobraziliense.com.br\/proximocapitulo\/wp-content\/uploads\/sites\/27\/2021\/02\/bem_amado5.jpg'><img loading=\"lazy\" decoding=\"async\" width=\"300\" height=\"163\" src=\"https:\/\/blogs.correiobraziliense.com.br\/proximocapitulo\/wp-content\/uploads\/sites\/27\/2021\/02\/bem_amado5-300x163.jpg\" class=\"attachment-medium size-medium\" alt=\"Milton Gon\u00e7alves como Zel\u00e3o na novela O bem amado&#039;\" srcset=\"https:\/\/blogs.correiobraziliense.com.br\/proximocapitulo\/wp-content\/uploads\/sites\/27\/2021\/02\/bem_amado5-300x163.jpg 300w, https:\/\/blogs.correiobraziliense.com.br\/proximocapitulo\/wp-content\/uploads\/sites\/27\/2021\/02\/bem_amado5-768x416.jpg 768w, https:\/\/blogs.correiobraziliense.com.br\/proximocapitulo\/wp-content\/uploads\/sites\/27\/2021\/02\/bem_amado5-1024x555.jpg 1024w, https:\/\/blogs.correiobraziliense.com.br\/proximocapitulo\/wp-content\/uploads\/sites\/27\/2021\/02\/bem_amado5-800x433.jpg 800w, https:\/\/blogs.correiobraziliense.com.br\/proximocapitulo\/wp-content\/uploads\/sites\/27\/2021\/02\/bem_amado5-550x298.jpg 550w, https:\/\/blogs.correiobraziliense.com.br\/proximocapitulo\/wp-content\/uploads\/sites\/27\/2021\/02\/bem_amado5-230x125.jpg 230w, https:\/\/blogs.correiobraziliense.com.br\/proximocapitulo\/wp-content\/uploads\/sites\/27\/2021\/02\/bem_amado5.jpg 1200w\" sizes=\"auto, (max-width: 300px) 100vw, 300px\" \/><\/a><\/p>\n<p>Milton Gon\u00e7alves como Zel\u00e3o na novela O bem amado<\/p>\n"},"caption":{"rendered":"<p>Milton Gon\u00e7alves como Zel\u00e3o<\/p>\n"},"alt_text":"Milton Gon\u00e7alves como Zel\u00e3o na novela O bem amado'","media_type":"image","mime_type":"image\/jpeg","media_details":{"width":1200,"height":650,"file":"2021\/02\/bem_amado5.jpg","sizes":{"thumbnail":{"file":"bem_amado5-150x150.jpg","width":150,"height":150,"mime_type":"image\/jpeg","source_url":"https:\/\/blogs.correiobraziliense.com.br\/proximocapitulo\/wp-content\/uploads\/sites\/27\/2021\/02\/bem_amado5-150x150.jpg"},"medium":{"file":"bem_amado5-300x163.jpg","width":300,"height":163,"mime_type":"image\/jpeg","source_url":"https:\/\/blogs.correiobraziliense.com.br\/proximocapitulo\/wp-content\/uploads\/sites\/27\/2021\/02\/bem_amado5-300x163.jpg"},"medium_large":{"file":"bem_amado5-768x416.jpg","width":768,"height":416,"mime_type":"image\/jpeg","source_url":"https:\/\/blogs.correiobraziliense.com.br\/proximocapitulo\/wp-content\/uploads\/sites\/27\/2021\/02\/bem_amado5-768x416.jpg"},"large":{"file":"bem_amado5-1024x555.jpg","width":1024,"height":555,"mime_type":"image\/jpeg","source_url":"https:\/\/blogs.correiobraziliense.com.br\/proximocapitulo\/wp-content\/uploads\/sites\/27\/2021\/02\/bem_amado5-1024x555.jpg"},"sunet-gn-thumb":{"file":"bem_amado5-800x433.jpg","width":800,"height":433,"mime_type":"image\/jpeg","source_url":"https:\/\/blogs.correiobraziliense.com.br\/proximocapitulo\/wp-content\/uploads\/sites\/27\/2021\/02\/bem_amado5-800x433.jpg"},"sunet-medium-thumb":{"file":"bem_amado5-550x298.jpg","width":550,"height":298,"mime_type":"image\/jpeg","source_url":"https:\/\/blogs.correiobraziliense.com.br\/proximocapitulo\/wp-content\/uploads\/sites\/27\/2021\/02\/bem_amado5-550x298.jpg"},"sunet-small-thumb":{"file":"bem_amado5-230x125.jpg","width":230,"height":125,"mime_type":"image\/jpeg","source_url":"https:\/\/blogs.correiobraziliense.com.br\/proximocapitulo\/wp-content\/uploads\/sites\/27\/2021\/02\/bem_amado5-230x125.jpg"},"full":{"file":"bem_amado5.jpg","width":1200,"height":650,"mime_type":"image\/jpeg","source_url":"https:\/\/blogs.correiobraziliense.com.br\/proximocapitulo\/wp-content\/uploads\/sites\/27\/2021\/02\/bem_amado5.jpg"}},"image_meta":{"aperture":"0","credit":"TV Globo\/Divulga\u00e7\u00e3o","camera":"","caption":"Cr\u00e9dito: TV Globo\/Divulga\u00e7\u00e3o. Ator Milton Gon\u00e7alves em cena da novela O bem amado.","created_timestamp":"0","copyright":"","focal_length":"0","iso":"0","shutter_speed":"0","title":"O Bem Amado","orientation":"0"}},"post":17099,"source_url":"https:\/\/blogs.correiobraziliense.com.br\/proximocapitulo\/wp-content\/uploads\/sites\/27\/2021\/02\/bem_amado5.jpg","filename":"bem_amado5.jpg","filesize":421798,"_links":{"self":[{"href":"https:\/\/blogs.correiobraziliense.com.br\/proximocapitulo\/wp-json\/wp\/v2\/media\/17104","targetHints":{"allow":["GET"]}}],"collection":[{"href":"https:\/\/blogs.correiobraziliense.com.br\/proximocapitulo\/wp-json\/wp\/v2\/media"}],"about":[{"href":"https:\/\/blogs.correiobraziliense.com.br\/proximocapitulo\/wp-json\/wp\/v2\/types\/attachment"}],"author":[{"embeddable":true,"href":"https:\/\/blogs.correiobraziliense.com.br\/proximocapitulo\/wp-json\/wp\/v2\/users\/57"}],"replies":[{"embeddable":true,"href":"https:\/\/blogs.correiobraziliense.com.br\/proximocapitulo\/wp-json\/wp\/v2\/comments?post=17104"}],"wp:attached-to":[{"embeddable":true,"post_type":"post","id":17099,"href":"https:\/\/blogs.correiobraziliense.com.br\/proximocapitulo\/wp-json\/wp\/v2\/posts\/17099"}],"curies":[{"name":"wp","href":"https:\/\/api.w.org\/{rel}","templated":true}]}}

<p class="attachment"><a href='https://blogs.correiobraziliense.com.br/proximocapitulo/wp-content/uploads/sites/27/2021/02/bem_amado5.jpg'><img loading="lazy" decoding="async" width="300" height="163" src="https://blogs.correiobraziliense.com.br/proximocapitulo/wp-content/uploads/sites/27/2021/02/bem_amado5-300x163.jpg" class="attachment-medium size-medium" alt="Milton Gonçalves como Zelão na novela O bem amado&#039;" srcset="https://blogs.correiobraziliense.com.br/proximocapitulo/wp-content/uploads/sites/27/2021/02/bem_amado5-300x163.jpg 300w, https://blogs.correiobraziliense.com.br/proximocapitulo/wp-content/uploads/sites/27/2021/02/bem_amado5-768x416.jpg 768w, https://blogs.correiobraziliense.com.br/proximocapitulo/wp-content/uploads/sites/27/2021/02/bem_amado5-1024x555.jpg 1024w, https://blogs.correiobraziliense.com.br/proximocapitulo/wp-content/uploads/sites/27/2021/02/bem_amado5-800x433.jpg 800w, https://blogs.correiobraziliense.com.br/proximocapitulo/wp-content/uploads/sites/27/2021/02/bem_amado5-550x298.jpg 550w, https://blogs.correiobraziliense.com.br/proximocapitulo/wp-content/uploads/sites/27/2021/02/bem_amado5-230x125.jpg 230w, https://blogs.correiobraziliense.com.br/proximocapitulo/wp-content/uploads/sites/27/2021/02/bem_amado5.jpg 1200w" sizes="auto, (max-width: 300px) 100vw, 300px" /></a></p>
<p>Milton Gonçalves como Zelão na novela O bem amado</p>

<p>Milton Gonçalves como Zelão</p>

Milton Gonçalves como Zelão na novela O bem amado'

TV Globo/Divulgação

Crédito: TV Globo/Divulgação. Ator Milton Gonçalves em cena da novela O bem amado.
