{"id":15615,"date":"2020-10-10T15:43:17","date_gmt":"2020-10-10T18:43:17","guid":{"rendered":"https:\/\/blogs.correiobraziliense.com.br\/proximocapitulo\/wp-content\/uploads\/sites\/27\/2020\/10\/haja_coracao4.jpg"},"modified":"2020-10-10T15:49:44","modified_gmt":"2020-10-10T18:49:44","slug":"haja-coracao-10","status":"inherit","type":"attachment","link":"https:\/\/blogs.correiobraziliense.com.br\/proximocapitulo\/haja-coracao-volta-na-globo-relembre-os-personagens\/haja-coracao-10\/","title":{"rendered":"Haja Cora\u00e7\u00e3o"},"author":57,"featured_media":0,"comment_status":"open","ping_status":"closed","template":"","meta":[],"class_list":["post-15615","attachment","type-attachment","status-inherit","hentry"],"smush":{"stats":{"percent":0.6473217905542372,"bytes":2395,"size_before":369986,"size_after":367591,"time":0.18000000000000002,"api_version":"1.0","lossy":false,"keep_exif":true},"sizes":{"thumbnail":{"percent":0,"bytes":0,"size_before":39630,"size_after":39630,"time":0.01},"medium":{"percent":0.09,"bytes":41,"size_before":44168,"size_after":44127,"time":0.03},"medium_large":{"percent":0.91,"bytes":721,"size_before":78869,"size_after":78148,"time":0.06},"large":{"percent":1.25,"bytes":1333,"size_before":106395,"size_after":105062,"time":0.04},"sunet-medium-thumb":{"percent":0.49,"bytes":298,"size_before":60427,"size_after":60129,"time":0.03},"sunet-small-thumb":{"percent":0,"bytes":2,"size_before":40497,"size_after":40495,"time":0.01}}},"description":{"rendered":"<p class=\"attachment\"><a href='https:\/\/blogs.correiobraziliense.com.br\/proximocapitulo\/wp-content\/uploads\/sites\/27\/2020\/10\/haja_coracao4.jpg'><img loading=\"lazy\" decoding=\"async\" width=\"300\" height=\"163\" src=\"https:\/\/blogs.correiobraziliense.com.br\/proximocapitulo\/wp-content\/uploads\/sites\/27\/2020\/10\/haja_coracao4-300x163.jpg\" class=\"attachment-medium size-medium\" alt=\"Marcelo M\u00e9dici e Cl\u00e1udia Jimenez como Agilson e Lucr\u00e9cia em Haja cora\u00e7\u00e3o\" srcset=\"https:\/\/blogs.correiobraziliense.com.br\/proximocapitulo\/wp-content\/uploads\/sites\/27\/2020\/10\/haja_coracao4-300x163.jpg 300w, https:\/\/blogs.correiobraziliense.com.br\/proximocapitulo\/wp-content\/uploads\/sites\/27\/2020\/10\/haja_coracao4-768x416.jpg 768w, https:\/\/blogs.correiobraziliense.com.br\/proximocapitulo\/wp-content\/uploads\/sites\/27\/2020\/10\/haja_coracao4-1024x555.jpg 1024w, https:\/\/blogs.correiobraziliense.com.br\/proximocapitulo\/wp-content\/uploads\/sites\/27\/2020\/10\/haja_coracao4-550x298.jpg 550w, https:\/\/blogs.correiobraziliense.com.br\/proximocapitulo\/wp-content\/uploads\/sites\/27\/2020\/10\/haja_coracao4-230x125.jpg 230w, https:\/\/blogs.correiobraziliense.com.br\/proximocapitulo\/wp-content\/uploads\/sites\/27\/2020\/10\/haja_coracao4.jpg 1200w\" sizes=\"auto, (max-width: 300px) 100vw, 300px\" \/><\/a><\/p>\n<p>Marcelo M\u00e9dici e Cl\u00e1udia Jimenez como Agilson e Lucr\u00e9cia em Haja cora\u00e7\u00e3o<\/p>\n"},"caption":{"rendered":"<p>Foto: Ram\u00f3n Vasconcelos\/ Globo. Marcelo M\u00e9dici e Cl\u00e1udia Jimenez como Agilson e Lucr\u00e9cia<\/p>\n"},"alt_text":"Marcelo M\u00e9dici e Cl\u00e1udia Jimenez como Agilson e Lucr\u00e9cia em Haja cora\u00e7\u00e3o","media_type":"image","mime_type":"image\/jpeg","media_details":{"width":1200,"height":650,"file":"2020\/10\/haja_coracao4.jpg","sizes":{"thumbnail":{"file":"haja_coracao4-150x150.jpg","width":150,"height":150,"mime_type":"image\/jpeg","source_url":"https:\/\/blogs.correiobraziliense.com.br\/proximocapitulo\/wp-content\/uploads\/sites\/27\/2020\/10\/haja_coracao4-150x150.jpg"},"medium":{"file":"haja_coracao4-300x163.jpg","width":300,"height":163,"mime_type":"image\/jpeg","source_url":"https:\/\/blogs.correiobraziliense.com.br\/proximocapitulo\/wp-content\/uploads\/sites\/27\/2020\/10\/haja_coracao4-300x163.jpg"},"medium_large":{"file":"haja_coracao4-768x416.jpg","width":768,"height":416,"mime_type":"image\/jpeg","source_url":"https:\/\/blogs.correiobraziliense.com.br\/proximocapitulo\/wp-content\/uploads\/sites\/27\/2020\/10\/haja_coracao4-768x416.jpg"},"large":{"file":"haja_coracao4-1024x555.jpg","width":1024,"height":555,"mime_type":"image\/jpeg","source_url":"https:\/\/blogs.correiobraziliense.com.br\/proximocapitulo\/wp-content\/uploads\/sites\/27\/2020\/10\/haja_coracao4-1024x555.jpg"},"sunet-medium-thumb":{"file":"haja_coracao4-550x298.jpg","width":550,"height":298,"mime_type":"image\/jpeg","source_url":"https:\/\/blogs.correiobraziliense.com.br\/proximocapitulo\/wp-content\/uploads\/sites\/27\/2020\/10\/haja_coracao4-550x298.jpg"},"sunet-small-thumb":{"file":"haja_coracao4-230x125.jpg","width":230,"height":125,"mime_type":"image\/jpeg","source_url":"https:\/\/blogs.correiobraziliense.com.br\/proximocapitulo\/wp-content\/uploads\/sites\/27\/2020\/10\/haja_coracao4-230x125.jpg"},"full":{"file":"haja_coracao4.jpg","width":1200,"height":650,"mime_type":"image\/jpeg","source_url":"https:\/\/blogs.correiobraziliense.com.br\/proximocapitulo\/wp-content\/uploads\/sites\/27\/2020\/10\/haja_coracao4.jpg"}},"image_meta":{"aperture":"3.5","credit":"Ramon Vasconcelos\/Rede Globo","camera":"NIKON D4","caption":"Agilson (Marcelo M\u00e9dici) e Lucr\u00e9cia (Claudia Jimenez)","created_timestamp":"1456765059","copyright":"ramon vasconcelos","focal_length":"200","iso":"200","shutter_speed":"0.005","title":"Haja Cora\u00e7\u00e3o","orientation":"0","keywords":["Haja Cora\u00e7\u00e3o","grava\u00e7\u00e3o. novela"]}},"post":15609,"source_url":"https:\/\/blogs.correiobraziliense.com.br\/proximocapitulo\/wp-content\/uploads\/sites\/27\/2020\/10\/haja_coracao4.jpg","filename":"haja_coracao4.jpg","filesize":301488,"_links":{"self":[{"href":"https:\/\/blogs.correiobraziliense.com.br\/proximocapitulo\/wp-json\/wp\/v2\/media\/15615","targetHints":{"allow":["GET"]}}],"collection":[{"href":"https:\/\/blogs.correiobraziliense.com.br\/proximocapitulo\/wp-json\/wp\/v2\/media"}],"about":[{"href":"https:\/\/blogs.correiobraziliense.com.br\/proximocapitulo\/wp-json\/wp\/v2\/types\/attachment"}],"author":[{"embeddable":true,"href":"https:\/\/blogs.correiobraziliense.com.br\/proximocapitulo\/wp-json\/wp\/v2\/users\/57"}],"replies":[{"embeddable":true,"href":"https:\/\/blogs.correiobraziliense.com.br\/proximocapitulo\/wp-json\/wp\/v2\/comments?post=15615"}],"wp:attached-to":[{"embeddable":true,"post_type":"post","id":15609,"href":"https:\/\/blogs.correiobraziliense.com.br\/proximocapitulo\/wp-json\/wp\/v2\/posts\/15609"}],"curies":[{"name":"wp","href":"https:\/\/api.w.org\/{rel}","templated":true}]}}

Haja Coração

<p class="attachment"><a href='https://blogs.correiobraziliense.com.br/proximocapitulo/wp-content/uploads/sites/27/2020/10/haja_coracao4.jpg'><img loading="lazy" decoding="async" width="300" height="163" src="https://blogs.correiobraziliense.com.br/proximocapitulo/wp-content/uploads/sites/27/2020/10/haja_coracao4-300x163.jpg" class="attachment-medium size-medium" alt="Marcelo Médici e Cláudia Jimenez como Agilson e Lucrécia em Haja coração" srcset="https://blogs.correiobraziliense.com.br/proximocapitulo/wp-content/uploads/sites/27/2020/10/haja_coracao4-300x163.jpg 300w, https://blogs.correiobraziliense.com.br/proximocapitulo/wp-content/uploads/sites/27/2020/10/haja_coracao4-768x416.jpg 768w, https://blogs.correiobraziliense.com.br/proximocapitulo/wp-content/uploads/sites/27/2020/10/haja_coracao4-1024x555.jpg 1024w, https://blogs.correiobraziliense.com.br/proximocapitulo/wp-content/uploads/sites/27/2020/10/haja_coracao4-550x298.jpg 550w, https://blogs.correiobraziliense.com.br/proximocapitulo/wp-content/uploads/sites/27/2020/10/haja_coracao4-230x125.jpg 230w, https://blogs.correiobraziliense.com.br/proximocapitulo/wp-content/uploads/sites/27/2020/10/haja_coracao4.jpg 1200w" sizes="auto, (max-width: 300px) 100vw, 300px" /></a></p>
<p>Marcelo Médici e Cláudia Jimenez como Agilson e Lucrécia em Haja coração</p>

<p>Foto: Ramón Vasconcelos/ Globo. Marcelo Médici e Cláudia Jimenez como Agilson e Lucrécia</p>

Marcelo Médici e Cláudia Jimenez como Agilson e Lucrécia em Haja coração

Agilson (Marcelo Médici) e Lucrécia (Claudia Jimenez)

gravação. novela
