{"id":15311,"date":"2020-09-19T11:37:39","date_gmt":"2020-09-19T14:37:39","guid":{"rendered":"https:\/\/blogs.correiobraziliense.com.br\/proximocapitulo\/wp-content\/uploads\/sites\/27\/2020\/09\/CBNFOT160920100029.jpg"},"modified":"2020-09-19T11:38:46","modified_gmt":"2020-09-19T14:38:46","slug":"cbnfot160920100029","status":"inherit","type":"attachment","link":"https:\/\/blogs.correiobraziliense.com.br\/proximocapitulo\/aos-70-anos-a-televisao-brasileira-mira-o-futuro\/cbnfot160920100029\/","title":{"rendered":"CBNFOT160920100029"},"author":57,"featured_media":0,"comment_status":"open","ping_status":"closed","template":"","meta":[],"class_list":["post-15311","attachment","type-attachment","status-inherit","hentry"],"smush":{"stats":{"percent":2.769665811671608,"bytes":7483,"size_before":270177,"size_after":262694,"time":0.26,"api_version":"1.0","lossy":false,"keep_exif":true},"sizes":{"thumbnail":{"percent":0,"bytes":0,"size_before":5702,"size_after":5702,"time":0.03},"medium":{"percent":1.17,"bytes":139,"size_before":11847,"size_after":11708,"time":0.01},"medium_large":{"percent":2.96,"bytes":2786,"size_before":94116,"size_after":91330,"time":0.07},"large":{"percent":3,"bytes":2789,"size_before":93012,"size_after":90223,"time":0.03},"sunet-medium-thumb":{"percent":3.03,"bytes":1602,"size_before":52947,"size_after":51345,"time":0.11},"sunet-small-thumb":{"percent":1.33,"bytes":167,"size_before":12553,"size_after":12386,"time":0.01}}},"description":{"rendered":"<p class=\"attachment\"><a href='https:\/\/blogs.correiobraziliense.com.br\/proximocapitulo\/wp-content\/uploads\/sites\/27\/2020\/09\/CBNFOT160920100029.jpg'><img loading=\"lazy\" decoding=\"async\" width=\"223\" height=\"300\" src=\"https:\/\/blogs.correiobraziliense.com.br\/proximocapitulo\/wp-content\/uploads\/sites\/27\/2020\/09\/CBNFOT160920100029-223x300.jpg\" class=\"attachment-medium size-medium\" alt=\"\" srcset=\"https:\/\/blogs.correiobraziliense.com.br\/proximocapitulo\/wp-content\/uploads\/sites\/27\/2020\/09\/CBNFOT160920100029-223x300.jpg 223w, https:\/\/blogs.correiobraziliense.com.br\/proximocapitulo\/wp-content\/uploads\/sites\/27\/2020\/09\/CBNFOT160920100029-768x1032.jpg 768w, https:\/\/blogs.correiobraziliense.com.br\/proximocapitulo\/wp-content\/uploads\/sites\/27\/2020\/09\/CBNFOT160920100029-762x1024.jpg 762w, https:\/\/blogs.correiobraziliense.com.br\/proximocapitulo\/wp-content\/uploads\/sites\/27\/2020\/09\/CBNFOT160920100029-550x739.jpg 550w, https:\/\/blogs.correiobraziliense.com.br\/proximocapitulo\/wp-content\/uploads\/sites\/27\/2020\/09\/CBNFOT160920100029-230x309.jpg 230w, https:\/\/blogs.correiobraziliense.com.br\/proximocapitulo\/wp-content\/uploads\/sites\/27\/2020\/09\/CBNFOT160920100029.jpg 800w\" sizes=\"auto, (max-width: 223px) 100vw, 223px\" \/><\/a><\/p>\n"},"caption":{"rendered":"<p>Arquivo O Cruzeiro\/EM\/D.A Press<br \/>\nCrian\u00e7a fantasiada como o indiozinho da Tupi durante a inaugura\u00e7\u00e3o da TV Tupi<\/p>\n"},"alt_text":"","media_type":"image","mime_type":"image\/jpeg","media_details":{"width":800,"height":1075,"file":"2020\/09\/CBNFOT160920100029.jpg","sizes":{"thumbnail":{"file":"CBNFOT160920100029-150x150.jpg","width":150,"height":150,"mime_type":"image\/jpeg","source_url":"https:\/\/blogs.correiobraziliense.com.br\/proximocapitulo\/wp-content\/uploads\/sites\/27\/2020\/09\/CBNFOT160920100029-150x150.jpg"},"medium":{"file":"CBNFOT160920100029-223x300.jpg","width":223,"height":300,"mime_type":"image\/jpeg","source_url":"https:\/\/blogs.correiobraziliense.com.br\/proximocapitulo\/wp-content\/uploads\/sites\/27\/2020\/09\/CBNFOT160920100029-223x300.jpg"},"medium_large":{"file":"CBNFOT160920100029-768x1032.jpg","width":768,"height":1032,"mime_type":"image\/jpeg","source_url":"https:\/\/blogs.correiobraziliense.com.br\/proximocapitulo\/wp-content\/uploads\/sites\/27\/2020\/09\/CBNFOT160920100029-768x1032.jpg"},"large":{"file":"CBNFOT160920100029-762x1024.jpg","width":762,"height":1024,"mime_type":"image\/jpeg","source_url":"https:\/\/blogs.correiobraziliense.com.br\/proximocapitulo\/wp-content\/uploads\/sites\/27\/2020\/09\/CBNFOT160920100029-762x1024.jpg"},"sunet-medium-thumb":{"file":"CBNFOT160920100029-550x739.jpg","width":550,"height":739,"mime_type":"image\/jpeg","source_url":"https:\/\/blogs.correiobraziliense.com.br\/proximocapitulo\/wp-content\/uploads\/sites\/27\/2020\/09\/CBNFOT160920100029-550x739.jpg"},"sunet-small-thumb":{"file":"CBNFOT160920100029-230x309.jpg","width":230,"height":309,"mime_type":"image\/jpeg","source_url":"https:\/\/blogs.correiobraziliense.com.br\/proximocapitulo\/wp-content\/uploads\/sites\/27\/2020\/09\/CBNFOT160920100029-230x309.jpg"},"full":{"file":"CBNFOT160920100029.jpg","width":800,"height":1075,"mime_type":"image\/jpeg","source_url":"https:\/\/blogs.correiobraziliense.com.br\/proximocapitulo\/wp-content\/uploads\/sites\/27\/2020\/09\/CBNFOT160920100029.jpg"}},"image_meta":{"aperture":"0","credit":"Arquivo O Cruzeiro\/EM\/D.A Press","camera":"","caption":"Cr\u00e9dito: Arquivo O Cruzeiro\/EM\/D.A Press. Crian\u00e7a fantasiada como o indiozinho da Tupi junto a c\u00e2mera de televis\u00e3o, durante a inaugura\u00e7\u00e3o da TV Tupi.","created_timestamp":"0","copyright":"","focal_length":"0","iso":"0","shutter_speed":"0","title":"","orientation":"0"}},"post":15309,"source_url":"https:\/\/blogs.correiobraziliense.com.br\/proximocapitulo\/wp-content\/uploads\/sites\/27\/2020\/09\/CBNFOT160920100029.jpg","filename":"CBNFOT160920100029.jpg","filesize":106980,"_links":{"self":[{"href":"https:\/\/blogs.correiobraziliense.com.br\/proximocapitulo\/wp-json\/wp\/v2\/media\/15311","targetHints":{"allow":["GET"]}}],"collection":[{"href":"https:\/\/blogs.correiobraziliense.com.br\/proximocapitulo\/wp-json\/wp\/v2\/media"}],"about":[{"href":"https:\/\/blogs.correiobraziliense.com.br\/proximocapitulo\/wp-json\/wp\/v2\/types\/attachment"}],"author":[{"embeddable":true,"href":"https:\/\/blogs.correiobraziliense.com.br\/proximocapitulo\/wp-json\/wp\/v2\/users\/57"}],"replies":[{"embeddable":true,"href":"https:\/\/blogs.correiobraziliense.com.br\/proximocapitulo\/wp-json\/wp\/v2\/comments?post=15311"}],"wp:attached-to":[{"embeddable":true,"post_type":"post","id":15309,"href":"https:\/\/blogs.correiobraziliense.com.br\/proximocapitulo\/wp-json\/wp\/v2\/posts\/15309"}],"curies":[{"name":"wp","href":"https:\/\/api.w.org\/{rel}","templated":true}]}}

<p>Arquivo O Cruzeiro/EM/D.A Press<br />
Criança fantasiada como o indiozinho da Tupi durante a inauguração da TV Tupi</p>

Crédito: Arquivo O Cruzeiro/EM/D.A Press. Criança fantasiada como o indiozinho da Tupi junto a câmera de televisão, durante a inauguração da TV Tupi.
