{"id":15200,"date":"2020-09-08T16:17:22","date_gmt":"2020-09-08T19:17:22","guid":{"rendered":"https:\/\/blogs.correiobraziliense.com.br\/proximocapitulo\/wp-content\/uploads\/sites\/27\/2020\/09\/carol.jpg"},"modified":"2020-09-08T16:20:49","modified_gmt":"2020-09-08T19:20:49","slug":"carol","status":"inherit","type":"attachment","link":"https:\/\/blogs.correiobraziliense.com.br\/proximocapitulo\/quem-voce-quer-ver-como-a-proxima-juma-de-pantanal-responda-nossa-enquete\/carol\/","title":{"rendered":"carol"},"author":57,"featured_media":0,"comment_status":"open","ping_status":"closed","template":"","meta":[],"class_list":["post-15200","attachment","type-attachment","status-inherit","hentry"],"smush":{"stats":{"percent":2.9154567884657347,"bytes":3474,"size_before":119158,"size_after":115684,"time":0.09999999999999999,"api_version":"1.0","lossy":false,"keep_exif":true},"sizes":{"thumbnail":{"percent":0.19,"bytes":11,"size_before":5809,"size_after":5798,"time":0.02},"medium":{"percent":0.84,"bytes":62,"size_before":7414,"size_after":7352,"time":0.01},"medium_large":{"percent":3.5,"bytes":1119,"size_before":31957,"size_after":30838,"time":0.02},"large":{"percent":3.46,"bytes":1736,"size_before":50184,"size_after":48448,"time":0.03},"sunet-medium-thumb":{"percent":2.9,"bytes":546,"size_before":18851,"size_after":18305,"time":0.01},"sunet-small-thumb":{"percent":0,"bytes":0,"size_before":4943,"size_after":4943,"time":0.01}}},"description":{"rendered":"<p class=\"attachment\"><a href='https:\/\/blogs.correiobraziliense.com.br\/proximocapitulo\/wp-content\/uploads\/sites\/27\/2020\/09\/carol.jpg'><img loading=\"lazy\" decoding=\"async\" width=\"300\" height=\"163\" src=\"https:\/\/blogs.correiobraziliense.com.br\/proximocapitulo\/wp-content\/uploads\/sites\/27\/2020\/09\/carol-300x163.jpg\" class=\"attachment-medium size-medium\" alt=\"Atriz Carol Macedo\" srcset=\"https:\/\/blogs.correiobraziliense.com.br\/proximocapitulo\/wp-content\/uploads\/sites\/27\/2020\/09\/carol-300x163.jpg 300w, https:\/\/blogs.correiobraziliense.com.br\/proximocapitulo\/wp-content\/uploads\/sites\/27\/2020\/09\/carol-768x416.jpg 768w, https:\/\/blogs.correiobraziliense.com.br\/proximocapitulo\/wp-content\/uploads\/sites\/27\/2020\/09\/carol-1024x555.jpg 1024w, https:\/\/blogs.correiobraziliense.com.br\/proximocapitulo\/wp-content\/uploads\/sites\/27\/2020\/09\/carol-550x298.jpg 550w, https:\/\/blogs.correiobraziliense.com.br\/proximocapitulo\/wp-content\/uploads\/sites\/27\/2020\/09\/carol-230x125.jpg 230w, https:\/\/blogs.correiobraziliense.com.br\/proximocapitulo\/wp-content\/uploads\/sites\/27\/2020\/09\/carol.jpg 1200w\" sizes=\"auto, (max-width: 300px) 100vw, 300px\" \/><\/a><\/p>\n<p>Atriz Carol Macedo<\/p>\n"},"caption":{"rendered":"<p>Cr\u00e9ditos: Raquel Cunha\/Divulga\u00e7\u00e3o. Carol Macedo<\/p>\n"},"alt_text":"Atriz Carol Macedo","media_type":"image","mime_type":"image\/jpeg","media_details":{"width":1200,"height":650,"file":"2020\/09\/carol.jpg","sizes":{"thumbnail":{"file":"carol-150x150.jpg","width":150,"height":150,"mime_type":"image\/jpeg","source_url":"https:\/\/blogs.correiobraziliense.com.br\/proximocapitulo\/wp-content\/uploads\/sites\/27\/2020\/09\/carol-150x150.jpg"},"medium":{"file":"carol-300x163.jpg","width":300,"height":163,"mime_type":"image\/jpeg","source_url":"https:\/\/blogs.correiobraziliense.com.br\/proximocapitulo\/wp-content\/uploads\/sites\/27\/2020\/09\/carol-300x163.jpg"},"medium_large":{"file":"carol-768x416.jpg","width":768,"height":416,"mime_type":"image\/jpeg","source_url":"https:\/\/blogs.correiobraziliense.com.br\/proximocapitulo\/wp-content\/uploads\/sites\/27\/2020\/09\/carol-768x416.jpg"},"large":{"file":"carol-1024x555.jpg","width":1024,"height":555,"mime_type":"image\/jpeg","source_url":"https:\/\/blogs.correiobraziliense.com.br\/proximocapitulo\/wp-content\/uploads\/sites\/27\/2020\/09\/carol-1024x555.jpg"},"sunet-medium-thumb":{"file":"carol-550x298.jpg","width":550,"height":298,"mime_type":"image\/jpeg","source_url":"https:\/\/blogs.correiobraziliense.com.br\/proximocapitulo\/wp-content\/uploads\/sites\/27\/2020\/09\/carol-550x298.jpg"},"sunet-small-thumb":{"file":"carol-230x125.jpg","width":230,"height":125,"mime_type":"image\/jpeg","source_url":"https:\/\/blogs.correiobraziliense.com.br\/proximocapitulo\/wp-content\/uploads\/sites\/27\/2020\/09\/carol-230x125.jpg"},"full":{"file":"carol.jpg","width":1200,"height":650,"mime_type":"image\/jpeg","source_url":"https:\/\/blogs.correiobraziliense.com.br\/proximocapitulo\/wp-content\/uploads\/sites\/27\/2020\/09\/carol.jpg"}},"image_meta":{"aperture":"0","credit":"Raquel Cunha\/Divulga\u00e7\u00e3o","camera":"","caption":"Cr\u00e9ditos: Raquel Cunha\/Divulga\u00e7\u00e3o. Atriz Carol Macedo na festa de lan\u00e7amento de O tempo n\u00e3o para, na qual vive Paulina.","created_timestamp":"0","copyright":"","focal_length":"0","iso":"0","shutter_speed":"0","title":"","orientation":"0"}},"post":15194,"source_url":"https:\/\/blogs.correiobraziliense.com.br\/proximocapitulo\/wp-content\/uploads\/sites\/27\/2020\/09\/carol.jpg","filename":"carol.jpg","filesize":245065,"_links":{"self":[{"href":"https:\/\/blogs.correiobraziliense.com.br\/proximocapitulo\/wp-json\/wp\/v2\/media\/15200","targetHints":{"allow":["GET"]}}],"collection":[{"href":"https:\/\/blogs.correiobraziliense.com.br\/proximocapitulo\/wp-json\/wp\/v2\/media"}],"about":[{"href":"https:\/\/blogs.correiobraziliense.com.br\/proximocapitulo\/wp-json\/wp\/v2\/types\/attachment"}],"author":[{"embeddable":true,"href":"https:\/\/blogs.correiobraziliense.com.br\/proximocapitulo\/wp-json\/wp\/v2\/users\/57"}],"replies":[{"embeddable":true,"href":"https:\/\/blogs.correiobraziliense.com.br\/proximocapitulo\/wp-json\/wp\/v2\/comments?post=15200"}],"wp:attached-to":[{"embeddable":true,"post_type":"post","id":15194,"href":"https:\/\/blogs.correiobraziliense.com.br\/proximocapitulo\/wp-json\/wp\/v2\/posts\/15194"}],"curies":[{"name":"wp","href":"https:\/\/api.w.org\/{rel}","templated":true}]}}

<p>Créditos: Raquel Cunha/Divulgação. Carol Macedo</p>

Raquel Cunha/Divulgação

Créditos: Raquel Cunha/Divulgação. Atriz Carol Macedo na festa de lançamento de O tempo não para, na qual vive Paulina.
