{"id":15176,"date":"2020-09-06T12:55:53","date_gmt":"2020-09-06T15:55:53","guid":{"rendered":"https:\/\/blogs.correiobraziliense.com.br\/proximocapitulo\/wp-content\/uploads\/sites\/27\/2020\/09\/lacos_tony.jpg"},"modified":"2020-09-06T13:04:34","modified_gmt":"2020-09-06T16:04:34","slug":"ricardo-waddington-rogerio-gomes-moacyr-goes-cesar-rodrigues-8","status":"inherit","type":"attachment","link":"https:\/\/blogs.correiobraziliense.com.br\/proximocapitulo\/lacos-de-familia-volta-no-vale-a-pena-ver-de-novo\/ricardo-waddington-rogerio-gomes-moacyr-goes-cesar-rodrigues-8\/","title":{"rendered":"Ricardo Waddington, Rogerio Gomes, Moacyr G\u00f3es, Cesar Rodrigues"},"author":57,"featured_media":0,"comment_status":"open","ping_status":"closed","template":"","meta":[],"class_list":["post-15176","attachment","type-attachment","status-inherit","hentry"],"smush":{"stats":{"percent":0.09771146844961164,"bytes":197,"size_before":201614,"size_after":201417,"time":0.21,"api_version":"1.0","lossy":false,"keep_exif":true},"sizes":{"thumbnail":{"percent":0,"bytes":0,"size_before":14235,"size_after":14235,"time":0.01},"medium":{"percent":0,"bytes":0,"size_before":18721,"size_after":18721,"time":0.03},"medium_large":{"percent":0.24,"bytes":117,"size_before":48896,"size_after":48779,"time":0.02},"large":{"percent":0.03,"bytes":21,"size_before":71216,"size_after":71195,"time":0.1},"sunet-medium-thumb":{"percent":0.18,"bytes":59,"size_before":33204,"size_after":33145,"time":0.03},"sunet-small-thumb":{"percent":0,"bytes":0,"size_before":15342,"size_after":15342,"time":0.02}}},"description":{"rendered":"<p class=\"attachment\"><a href='https:\/\/blogs.correiobraziliense.com.br\/proximocapitulo\/wp-content\/uploads\/sites\/27\/2020\/09\/lacos_tony.jpg'><img loading=\"lazy\" decoding=\"async\" width=\"300\" height=\"163\" src=\"https:\/\/blogs.correiobraziliense.com.br\/proximocapitulo\/wp-content\/uploads\/sites\/27\/2020\/09\/lacos_tony-300x163.jpg\" class=\"attachment-medium size-medium\" alt=\"Tony Ramos, Flavio Silvino e J\u00falia Feldens como Miguel, Paulo e Ci\u00e7a na novela La\u00e7os de fam\u00edlia\" srcset=\"https:\/\/blogs.correiobraziliense.com.br\/proximocapitulo\/wp-content\/uploads\/sites\/27\/2020\/09\/lacos_tony-300x163.jpg 300w, https:\/\/blogs.correiobraziliense.com.br\/proximocapitulo\/wp-content\/uploads\/sites\/27\/2020\/09\/lacos_tony-768x416.jpg 768w, https:\/\/blogs.correiobraziliense.com.br\/proximocapitulo\/wp-content\/uploads\/sites\/27\/2020\/09\/lacos_tony-1024x555.jpg 1024w, https:\/\/blogs.correiobraziliense.com.br\/proximocapitulo\/wp-content\/uploads\/sites\/27\/2020\/09\/lacos_tony-550x298.jpg 550w, https:\/\/blogs.correiobraziliense.com.br\/proximocapitulo\/wp-content\/uploads\/sites\/27\/2020\/09\/lacos_tony-230x125.jpg 230w, https:\/\/blogs.correiobraziliense.com.br\/proximocapitulo\/wp-content\/uploads\/sites\/27\/2020\/09\/lacos_tony.jpg 1200w\" sizes=\"auto, (max-width: 300px) 100vw, 300px\" \/><\/a><\/p>\n<p>Tony Ramos, Flavio Silvino e J\u00falia Feldens como  Miguel, Paulo e Ci\u00e7a na novela La\u00e7os de fam\u00edlia<\/p>\n"},"caption":{"rendered":"<p>Foto: Jorge Baumann\/ Globo. Tony Ramos, Flavio Silvino e J\u00falia Feldens como  Miguel, Paulo e Ci\u00e7a<\/p>\n"},"alt_text":"Tony Ramos, Flavio Silvino e J\u00falia Feldens como Miguel, Paulo e Ci\u00e7a na novela La\u00e7os de fam\u00edlia","media_type":"image","mime_type":"image\/jpeg","media_details":{"width":1200,"height":650,"file":"2020\/09\/lacos_tony.jpg","sizes":{"thumbnail":{"file":"lacos_tony-150x150.jpg","width":150,"height":150,"mime_type":"image\/jpeg","source_url":"https:\/\/blogs.correiobraziliense.com.br\/proximocapitulo\/wp-content\/uploads\/sites\/27\/2020\/09\/lacos_tony-150x150.jpg"},"medium":{"file":"lacos_tony-300x163.jpg","width":300,"height":163,"mime_type":"image\/jpeg","source_url":"https:\/\/blogs.correiobraziliense.com.br\/proximocapitulo\/wp-content\/uploads\/sites\/27\/2020\/09\/lacos_tony-300x163.jpg"},"medium_large":{"file":"lacos_tony-768x416.jpg","width":768,"height":416,"mime_type":"image\/jpeg","source_url":"https:\/\/blogs.correiobraziliense.com.br\/proximocapitulo\/wp-content\/uploads\/sites\/27\/2020\/09\/lacos_tony-768x416.jpg"},"large":{"file":"lacos_tony-1024x555.jpg","width":1024,"height":555,"mime_type":"image\/jpeg","source_url":"https:\/\/blogs.correiobraziliense.com.br\/proximocapitulo\/wp-content\/uploads\/sites\/27\/2020\/09\/lacos_tony-1024x555.jpg"},"sunet-medium-thumb":{"file":"lacos_tony-550x298.jpg","width":550,"height":298,"mime_type":"image\/jpeg","source_url":"https:\/\/blogs.correiobraziliense.com.br\/proximocapitulo\/wp-content\/uploads\/sites\/27\/2020\/09\/lacos_tony-550x298.jpg"},"sunet-small-thumb":{"file":"lacos_tony-230x125.jpg","width":230,"height":125,"mime_type":"image\/jpeg","source_url":"https:\/\/blogs.correiobraziliense.com.br\/proximocapitulo\/wp-content\/uploads\/sites\/27\/2020\/09\/lacos_tony-230x125.jpg"},"full":{"file":"lacos_tony.jpg","width":1200,"height":650,"mime_type":"image\/jpeg","source_url":"https:\/\/blogs.correiobraziliense.com.br\/proximocapitulo\/wp-content\/uploads\/sites\/27\/2020\/09\/lacos_tony.jpg"}},"image_meta":{"aperture":"0","credit":"","camera":"","caption":"Tony Ramos, Flavio Silvino, J\u00falia Feldens (Miguel, Paulo, Ci\u00e7a)","created_timestamp":"0","copyright":"","focal_length":"0","iso":"0","shutter_speed":"0","title":"Ricardo Waddington, Rogerio Gomes, Moacyr G\u00f3es, Cesar Rodrigues","orientation":"0"}},"post":15167,"source_url":"https:\/\/blogs.correiobraziliense.com.br\/proximocapitulo\/wp-content\/uploads\/sites\/27\/2020\/09\/lacos_tony.jpg","filename":"lacos_tony.jpg","filesize":91903,"_links":{"self":[{"href":"https:\/\/blogs.correiobraziliense.com.br\/proximocapitulo\/wp-json\/wp\/v2\/media\/15176","targetHints":{"allow":["GET"]}}],"collection":[{"href":"https:\/\/blogs.correiobraziliense.com.br\/proximocapitulo\/wp-json\/wp\/v2\/media"}],"about":[{"href":"https:\/\/blogs.correiobraziliense.com.br\/proximocapitulo\/wp-json\/wp\/v2\/types\/attachment"}],"author":[{"embeddable":true,"href":"https:\/\/blogs.correiobraziliense.com.br\/proximocapitulo\/wp-json\/wp\/v2\/users\/57"}],"replies":[{"embeddable":true,"href":"https:\/\/blogs.correiobraziliense.com.br\/proximocapitulo\/wp-json\/wp\/v2\/comments?post=15176"}],"wp:attached-to":[{"embeddable":true,"post_type":"post","id":15167,"href":"https:\/\/blogs.correiobraziliense.com.br\/proximocapitulo\/wp-json\/wp\/v2\/posts\/15167"}],"curies":[{"name":"wp","href":"https:\/\/api.w.org\/{rel}","templated":true}]}}

Ricardo Waddington, Rogerio Gomes, Moacyr Góes, Cesar Rodrigues

<p class="attachment"><a href='https://blogs.correiobraziliense.com.br/proximocapitulo/wp-content/uploads/sites/27/2020/09/lacos_tony.jpg'><img loading="lazy" decoding="async" width="300" height="163" src="https://blogs.correiobraziliense.com.br/proximocapitulo/wp-content/uploads/sites/27/2020/09/lacos_tony-300x163.jpg" class="attachment-medium size-medium" alt="Tony Ramos, Flavio Silvino e Júlia Feldens como Miguel, Paulo e Ciça na novela Laços de família" srcset="https://blogs.correiobraziliense.com.br/proximocapitulo/wp-content/uploads/sites/27/2020/09/lacos_tony-300x163.jpg 300w, https://blogs.correiobraziliense.com.br/proximocapitulo/wp-content/uploads/sites/27/2020/09/lacos_tony-768x416.jpg 768w, https://blogs.correiobraziliense.com.br/proximocapitulo/wp-content/uploads/sites/27/2020/09/lacos_tony-1024x555.jpg 1024w, https://blogs.correiobraziliense.com.br/proximocapitulo/wp-content/uploads/sites/27/2020/09/lacos_tony-550x298.jpg 550w, https://blogs.correiobraziliense.com.br/proximocapitulo/wp-content/uploads/sites/27/2020/09/lacos_tony-230x125.jpg 230w, https://blogs.correiobraziliense.com.br/proximocapitulo/wp-content/uploads/sites/27/2020/09/lacos_tony.jpg 1200w" sizes="auto, (max-width: 300px) 100vw, 300px" /></a></p>
<p>Tony Ramos, Flavio Silvino e Júlia Feldens como  Miguel, Paulo e Ciça na novela Laços de família</p>

<p>Foto: Jorge Baumann/ Globo. Tony Ramos, Flavio Silvino e Júlia Feldens como  Miguel, Paulo e Ciça</p>

Tony Ramos, Flavio Silvino e Júlia Feldens como Miguel, Paulo e Ciça na novela Laços de família

Tony Ramos, Flavio Silvino, Júlia Feldens (Miguel, Paulo, Ciça)
