{"id":14715,"date":"2020-08-01T15:29:00","date_gmt":"2020-08-01T18:29:00","guid":{"rendered":"https:\/\/blogs.correiobraziliense.com.br\/proximocapitulo\/wp-content\/uploads\/sites\/27\/2020\/08\/torre_jamanta.jpg"},"modified":"2020-08-01T15:36:52","modified_gmt":"2020-08-01T18:36:52","slug":"denise-saraceni-jose-luis-villamarim-carlos-araujo-paulo-silvestrini-4","status":"inherit","type":"attachment","link":"https:\/\/blogs.correiobraziliense.com.br\/proximocapitulo\/novela-torre-de-babel-leva-misterio-ao-globoplay\/denise-saraceni-jose-luis-villamarim-carlos-araujo-paulo-silvestrini-4\/","title":{"rendered":"Denise Saraceni, Jos\u00e9 Lu\u00eds Villamarim, Carlos Ara\u00fajo, Paulo Silvestrini"},"author":57,"featured_media":0,"comment_status":"open","ping_status":"closed","template":"","meta":[],"class_list":["post-14715","attachment","type-attachment","status-inherit","hentry"],"smush":{"stats":{"percent":0.23056231587037274,"bytes":468,"size_before":202982,"size_after":202514,"time":0.12,"api_version":"1.0","lossy":false,"keep_exif":true},"sizes":{"thumbnail":{"percent":0,"bytes":0,"size_before":14386,"size_after":14386,"time":0.01},"medium":{"percent":0,"bytes":0,"size_before":18931,"size_after":18931,"time":0.02},"medium_large":{"percent":0.13,"bytes":62,"size_before":48645,"size_after":48583,"time":0.04},"large":{"percent":0.43,"bytes":315,"size_before":72455,"size_after":72140,"time":0.03},"sunet-medium-thumb":{"percent":0.28,"bytes":91,"size_before":32937,"size_after":32846,"time":0.01},"sunet-small-thumb":{"percent":0,"bytes":0,"size_before":15628,"size_after":15628,"time":0.01}}},"description":{"rendered":"<p class=\"attachment\"><a href='https:\/\/blogs.correiobraziliense.com.br\/proximocapitulo\/wp-content\/uploads\/sites\/27\/2020\/08\/torre_jamanta.jpg'><img loading=\"lazy\" decoding=\"async\" width=\"300\" height=\"163\" src=\"https:\/\/blogs.correiobraziliense.com.br\/proximocapitulo\/wp-content\/uploads\/sites\/27\/2020\/08\/torre_jamanta-300x163.jpg\" class=\"attachment-medium size-medium\" alt=\"Cac\u00e1 Carvalho como Jamanta na novela Torre de Babel\" srcset=\"https:\/\/blogs.correiobraziliense.com.br\/proximocapitulo\/wp-content\/uploads\/sites\/27\/2020\/08\/torre_jamanta-300x163.jpg 300w, https:\/\/blogs.correiobraziliense.com.br\/proximocapitulo\/wp-content\/uploads\/sites\/27\/2020\/08\/torre_jamanta-768x416.jpg 768w, https:\/\/blogs.correiobraziliense.com.br\/proximocapitulo\/wp-content\/uploads\/sites\/27\/2020\/08\/torre_jamanta-1024x555.jpg 1024w, https:\/\/blogs.correiobraziliense.com.br\/proximocapitulo\/wp-content\/uploads\/sites\/27\/2020\/08\/torre_jamanta-550x298.jpg 550w, https:\/\/blogs.correiobraziliense.com.br\/proximocapitulo\/wp-content\/uploads\/sites\/27\/2020\/08\/torre_jamanta-230x125.jpg 230w, https:\/\/blogs.correiobraziliense.com.br\/proximocapitulo\/wp-content\/uploads\/sites\/27\/2020\/08\/torre_jamanta.jpg 1200w\" sizes=\"auto, (max-width: 300px) 100vw, 300px\" \/><\/a><\/p>\n<p>Cac\u00e1 Carvalho como Jamanta na novela Torre de Babel<\/p>\n"},"caption":{"rendered":"<p>Foto: Jorge Baumann\/ Globo. Cac\u00e1 Carvalho como Jamanta<\/p>\n"},"alt_text":"Cac\u00e1 Carvalho como Jamanta na novela Torre de Babel","media_type":"image","mime_type":"image\/jpeg","media_details":{"width":1200,"height":650,"file":"2020\/08\/torre_jamanta.jpg","sizes":{"thumbnail":{"file":"torre_jamanta-150x150.jpg","width":150,"height":150,"mime_type":"image\/jpeg","source_url":"https:\/\/blogs.correiobraziliense.com.br\/proximocapitulo\/wp-content\/uploads\/sites\/27\/2020\/08\/torre_jamanta-150x150.jpg"},"medium":{"file":"torre_jamanta-300x163.jpg","width":300,"height":163,"mime_type":"image\/jpeg","source_url":"https:\/\/blogs.correiobraziliense.com.br\/proximocapitulo\/wp-content\/uploads\/sites\/27\/2020\/08\/torre_jamanta-300x163.jpg"},"medium_large":{"file":"torre_jamanta-768x416.jpg","width":768,"height":416,"mime_type":"image\/jpeg","source_url":"https:\/\/blogs.correiobraziliense.com.br\/proximocapitulo\/wp-content\/uploads\/sites\/27\/2020\/08\/torre_jamanta-768x416.jpg"},"large":{"file":"torre_jamanta-1024x555.jpg","width":1024,"height":555,"mime_type":"image\/jpeg","source_url":"https:\/\/blogs.correiobraziliense.com.br\/proximocapitulo\/wp-content\/uploads\/sites\/27\/2020\/08\/torre_jamanta-1024x555.jpg"},"sunet-medium-thumb":{"file":"torre_jamanta-550x298.jpg","width":550,"height":298,"mime_type":"image\/jpeg","source_url":"https:\/\/blogs.correiobraziliense.com.br\/proximocapitulo\/wp-content\/uploads\/sites\/27\/2020\/08\/torre_jamanta-550x298.jpg"},"sunet-small-thumb":{"file":"torre_jamanta-230x125.jpg","width":230,"height":125,"mime_type":"image\/jpeg","source_url":"https:\/\/blogs.correiobraziliense.com.br\/proximocapitulo\/wp-content\/uploads\/sites\/27\/2020\/08\/torre_jamanta-230x125.jpg"},"full":{"file":"torre_jamanta.jpg","width":1200,"height":650,"mime_type":"image\/jpeg","source_url":"https:\/\/blogs.correiobraziliense.com.br\/proximocapitulo\/wp-content\/uploads\/sites\/27\/2020\/08\/torre_jamanta.jpg"}},"image_meta":{"aperture":"0","credit":"","camera":"","caption":"Cac\u00e1 Carvalho (Jamanta)","created_timestamp":"0","copyright":"","focal_length":"0","iso":"0","shutter_speed":"0","title":"Denise Saraceni, Jos\u00e9 Lu\u00eds Villamarim, Carlos Ara\u00fajo, Paulo Silvestrini","orientation":"0","keywords":["meio-corpo"]}},"post":14711,"source_url":"https:\/\/blogs.correiobraziliense.com.br\/proximocapitulo\/wp-content\/uploads\/sites\/27\/2020\/08\/torre_jamanta.jpg","filename":"torre_jamanta.jpg","filesize":192849,"_links":{"self":[{"href":"https:\/\/blogs.correiobraziliense.com.br\/proximocapitulo\/wp-json\/wp\/v2\/media\/14715","targetHints":{"allow":["GET"]}}],"collection":[{"href":"https:\/\/blogs.correiobraziliense.com.br\/proximocapitulo\/wp-json\/wp\/v2\/media"}],"about":[{"href":"https:\/\/blogs.correiobraziliense.com.br\/proximocapitulo\/wp-json\/wp\/v2\/types\/attachment"}],"author":[{"embeddable":true,"href":"https:\/\/blogs.correiobraziliense.com.br\/proximocapitulo\/wp-json\/wp\/v2\/users\/57"}],"replies":[{"embeddable":true,"href":"https:\/\/blogs.correiobraziliense.com.br\/proximocapitulo\/wp-json\/wp\/v2\/comments?post=14715"}],"wp:attached-to":[{"embeddable":true,"post_type":"post","id":14711,"href":"https:\/\/blogs.correiobraziliense.com.br\/proximocapitulo\/wp-json\/wp\/v2\/posts\/14711"}],"curies":[{"name":"wp","href":"https:\/\/api.w.org\/{rel}","templated":true}]}}

Denise Saraceni, José Luís Villamarim, Carlos Araújo, Paulo Silvestrini

<p class="attachment"><a href='https://blogs.correiobraziliense.com.br/proximocapitulo/wp-content/uploads/sites/27/2020/08/torre_jamanta.jpg'><img loading="lazy" decoding="async" width="300" height="163" src="https://blogs.correiobraziliense.com.br/proximocapitulo/wp-content/uploads/sites/27/2020/08/torre_jamanta-300x163.jpg" class="attachment-medium size-medium" alt="Cacá Carvalho como Jamanta na novela Torre de Babel" srcset="https://blogs.correiobraziliense.com.br/proximocapitulo/wp-content/uploads/sites/27/2020/08/torre_jamanta-300x163.jpg 300w, https://blogs.correiobraziliense.com.br/proximocapitulo/wp-content/uploads/sites/27/2020/08/torre_jamanta-768x416.jpg 768w, https://blogs.correiobraziliense.com.br/proximocapitulo/wp-content/uploads/sites/27/2020/08/torre_jamanta-1024x555.jpg 1024w, https://blogs.correiobraziliense.com.br/proximocapitulo/wp-content/uploads/sites/27/2020/08/torre_jamanta-550x298.jpg 550w, https://blogs.correiobraziliense.com.br/proximocapitulo/wp-content/uploads/sites/27/2020/08/torre_jamanta-230x125.jpg 230w, https://blogs.correiobraziliense.com.br/proximocapitulo/wp-content/uploads/sites/27/2020/08/torre_jamanta.jpg 1200w" sizes="auto, (max-width: 300px) 100vw, 300px" /></a></p>
<p>Cacá Carvalho como Jamanta na novela Torre de Babel</p>

<p>Foto: Jorge Baumann/ Globo. Cacá Carvalho como Jamanta</p>

Cacá Carvalho como Jamanta na novela Torre de Babel

Cacá Carvalho (Jamanta)
