{"id":13653,"date":"2020-04-26T15:35:14","date_gmt":"2020-04-26T18:35:14","guid":{"rendered":"https:\/\/blogs.correiobraziliense.com.br\/proximocapitulo\/wp-content\/uploads\/sites\/27\/2020\/04\/mundo_bom5.jpg"},"modified":"2020-04-26T15:38:58","modified_gmt":"2020-04-26T18:38:58","slug":"eta-mundo-bom-5","status":"inherit","type":"attachment","link":"https:\/\/blogs.correiobraziliense.com.br\/proximocapitulo\/eta-mundo-bom-volta-a-globo-nesta-segunda-relembre-os-personagens\/eta-mundo-bom-5\/","title":{"rendered":"Eta Mundo Bom"},"author":57,"featured_media":0,"comment_status":"open","ping_status":"closed","template":"","meta":[],"class_list":["post-13653","attachment","type-attachment","status-inherit","hentry"],"smush":{"stats":{"percent":5.7345756899285,"bytes":17725,"size_before":309090,"size_after":291365,"time":0.19999999999999998,"api_version":"1.0","lossy":false,"keep_exif":true},"sizes":{"thumbnail":{"percent":6.03,"bytes":451,"size_before":7484,"size_after":7033,"time":0.01},"medium":{"percent":6.24,"bytes":1003,"size_before":16072,"size_after":15069,"time":0.01},"medium_large":{"percent":5.82,"bytes":5026,"size_before":86285,"size_after":81259,"time":0.06},"large":{"percent":5.42,"bytes":7648,"size_before":141030,"size_after":133382,"time":0.09},"sunet-medium-thumb":{"percent":6.14,"bytes":2976,"size_before":48504,"size_after":45528,"time":0.02},"sunet-small-thumb":{"percent":6.39,"bytes":621,"size_before":9715,"size_after":9094,"time":0.01}}},"description":{"rendered":"<p class=\"attachment\"><a href='https:\/\/blogs.correiobraziliense.com.br\/proximocapitulo\/wp-content\/uploads\/sites\/27\/2020\/04\/mundo_bom5.jpg'><img loading=\"lazy\" decoding=\"async\" width=\"300\" height=\"163\" src=\"https:\/\/blogs.correiobraziliense.com.br\/proximocapitulo\/wp-content\/uploads\/sites\/27\/2020\/04\/mundo_bom5-300x163.jpg\" class=\"attachment-medium size-medium\" alt=\"S\u00e9rgio Guiz\u00e9 como Candinho na novela \u00cata mundo bom\" srcset=\"https:\/\/blogs.correiobraziliense.com.br\/proximocapitulo\/wp-content\/uploads\/sites\/27\/2020\/04\/mundo_bom5-300x163.jpg 300w, https:\/\/blogs.correiobraziliense.com.br\/proximocapitulo\/wp-content\/uploads\/sites\/27\/2020\/04\/mundo_bom5-768x416.jpg 768w, https:\/\/blogs.correiobraziliense.com.br\/proximocapitulo\/wp-content\/uploads\/sites\/27\/2020\/04\/mundo_bom5-1024x555.jpg 1024w, https:\/\/blogs.correiobraziliense.com.br\/proximocapitulo\/wp-content\/uploads\/sites\/27\/2020\/04\/mundo_bom5-550x298.jpg 550w, https:\/\/blogs.correiobraziliense.com.br\/proximocapitulo\/wp-content\/uploads\/sites\/27\/2020\/04\/mundo_bom5-230x125.jpg 230w, https:\/\/blogs.correiobraziliense.com.br\/proximocapitulo\/wp-content\/uploads\/sites\/27\/2020\/04\/mundo_bom5.jpg 1200w\" sizes=\"auto, (max-width: 300px) 100vw, 300px\" \/><\/a><\/p>\n<p>S\u00e9rgio Guiz\u00e9 como Candinho na novela \u00cata mundo bom<\/p>\n"},"caption":{"rendered":"<p>Foto: Jo\u00e3o Cotta\/ Globo. Candinho (Sergio Guiz\u00e9)<\/p>\n"},"alt_text":"S\u00e9rgio Guiz\u00e9 como Candinho na novela \u00cata mundo bom","media_type":"image","mime_type":"image\/jpeg","media_details":{"width":1200,"height":650,"file":"2020\/04\/mundo_bom5.jpg","sizes":{"thumbnail":{"file":"mundo_bom5-150x150.jpg","width":150,"height":150,"mime_type":"image\/jpeg","source_url":"https:\/\/blogs.correiobraziliense.com.br\/proximocapitulo\/wp-content\/uploads\/sites\/27\/2020\/04\/mundo_bom5-150x150.jpg"},"medium":{"file":"mundo_bom5-300x163.jpg","width":300,"height":163,"mime_type":"image\/jpeg","source_url":"https:\/\/blogs.correiobraziliense.com.br\/proximocapitulo\/wp-content\/uploads\/sites\/27\/2020\/04\/mundo_bom5-300x163.jpg"},"medium_large":{"file":"mundo_bom5-768x416.jpg","width":768,"height":416,"mime_type":"image\/jpeg","source_url":"https:\/\/blogs.correiobraziliense.com.br\/proximocapitulo\/wp-content\/uploads\/sites\/27\/2020\/04\/mundo_bom5-768x416.jpg"},"large":{"file":"mundo_bom5-1024x555.jpg","width":1024,"height":555,"mime_type":"image\/jpeg","source_url":"https:\/\/blogs.correiobraziliense.com.br\/proximocapitulo\/wp-content\/uploads\/sites\/27\/2020\/04\/mundo_bom5-1024x555.jpg"},"sunet-medium-thumb":{"file":"mundo_bom5-550x298.jpg","width":550,"height":298,"mime_type":"image\/jpeg","source_url":"https:\/\/blogs.correiobraziliense.com.br\/proximocapitulo\/wp-content\/uploads\/sites\/27\/2020\/04\/mundo_bom5-550x298.jpg"},"sunet-small-thumb":{"file":"mundo_bom5-230x125.jpg","width":230,"height":125,"mime_type":"image\/jpeg","source_url":"https:\/\/blogs.correiobraziliense.com.br\/proximocapitulo\/wp-content\/uploads\/sites\/27\/2020\/04\/mundo_bom5-230x125.jpg"},"full":{"file":"mundo_bom5.jpg","width":1200,"height":650,"mime_type":"image\/jpeg","source_url":"https:\/\/blogs.correiobraziliense.com.br\/proximocapitulo\/wp-content\/uploads\/sites\/27\/2020\/04\/mundo_bom5.jpg"}},"image_meta":{"aperture":"4","credit":"","camera":"NIKON D4S","caption":"Candinho ( Sergio Guiz\u00e9 ) *** Local Caption *** Cap 1 - Candinho ( Sergio Guiz\u00e9 )","created_timestamp":"1445969142","copyright":"","focal_length":"40","iso":"400","shutter_speed":"0.00125","title":"Eta Mundo Bom","orientation":"0","keywords":["Viagem","Retrato"]}},"post":13648,"source_url":"https:\/\/blogs.correiobraziliense.com.br\/proximocapitulo\/wp-content\/uploads\/sites\/27\/2020\/04\/mundo_bom5.jpg","filename":"mundo_bom5.jpg","filesize":419083,"_links":{"self":[{"href":"https:\/\/blogs.correiobraziliense.com.br\/proximocapitulo\/wp-json\/wp\/v2\/media\/13653","targetHints":{"allow":["GET"]}}],"collection":[{"href":"https:\/\/blogs.correiobraziliense.com.br\/proximocapitulo\/wp-json\/wp\/v2\/media"}],"about":[{"href":"https:\/\/blogs.correiobraziliense.com.br\/proximocapitulo\/wp-json\/wp\/v2\/types\/attachment"}],"author":[{"embeddable":true,"href":"https:\/\/blogs.correiobraziliense.com.br\/proximocapitulo\/wp-json\/wp\/v2\/users\/57"}],"replies":[{"embeddable":true,"href":"https:\/\/blogs.correiobraziliense.com.br\/proximocapitulo\/wp-json\/wp\/v2\/comments?post=13653"}],"wp:attached-to":[{"embeddable":true,"post_type":"post","id":13648,"href":"https:\/\/blogs.correiobraziliense.com.br\/proximocapitulo\/wp-json\/wp\/v2\/posts\/13648"}],"curies":[{"name":"wp","href":"https:\/\/api.w.org\/{rel}","templated":true}]}}

<p class="attachment"><a href='https://blogs.correiobraziliense.com.br/proximocapitulo/wp-content/uploads/sites/27/2020/04/mundo_bom5.jpg'><img loading="lazy" decoding="async" width="300" height="163" src="https://blogs.correiobraziliense.com.br/proximocapitulo/wp-content/uploads/sites/27/2020/04/mundo_bom5-300x163.jpg" class="attachment-medium size-medium" alt="Sérgio Guizé como Candinho na novela Êta mundo bom" srcset="https://blogs.correiobraziliense.com.br/proximocapitulo/wp-content/uploads/sites/27/2020/04/mundo_bom5-300x163.jpg 300w, https://blogs.correiobraziliense.com.br/proximocapitulo/wp-content/uploads/sites/27/2020/04/mundo_bom5-768x416.jpg 768w, https://blogs.correiobraziliense.com.br/proximocapitulo/wp-content/uploads/sites/27/2020/04/mundo_bom5-1024x555.jpg 1024w, https://blogs.correiobraziliense.com.br/proximocapitulo/wp-content/uploads/sites/27/2020/04/mundo_bom5-550x298.jpg 550w, https://blogs.correiobraziliense.com.br/proximocapitulo/wp-content/uploads/sites/27/2020/04/mundo_bom5-230x125.jpg 230w, https://blogs.correiobraziliense.com.br/proximocapitulo/wp-content/uploads/sites/27/2020/04/mundo_bom5.jpg 1200w" sizes="auto, (max-width: 300px) 100vw, 300px" /></a></p>
<p>Sérgio Guizé como Candinho na novela Êta mundo bom</p>

<p>Foto: João Cotta/ Globo. Candinho (Sergio Guizé)</p>

Sérgio Guizé como Candinho na novela Êta mundo bom

Candinho ( Sergio Guizé ) *** Local Caption *** Cap 1 - Candinho ( Sergio Guizé )
