{"id":4769,"date":"2019-12-06T16:04:28","date_gmt":"2019-12-06T19:04:28","guid":{"rendered":"https:\/\/blogs.correiobraziliense.com.br\/elasnoataque\/wp-content\/uploads\/sites\/36\/2019\/12\/Bsb-x-Upis5.jpeg"},"modified":"2019-12-06T16:08:36","modified_gmt":"2019-12-06T19:08:36","slug":"bsb-x-upis5","status":"inherit","type":"attachment","link":"https:\/\/blogs.correiobraziliense.com.br\/elasnoataque\/brasilia-volei-estreia-vitoria-copa-brasilia\/bsb-x-upis5\/","title":{"rendered":"Bsb x Upis5"},"author":79,"featured_media":0,"comment_status":"open","ping_status":"closed","template":"","meta":[],"class_list":["post-4769","attachment","type-attachment","status-inherit","hentry"],"smush":{"stats":{"percent":9.14905217946874,"bytes":27351,"size_before":298949,"size_after":271598,"time":0.1,"api_version":"1.0","lossy":false,"keep_exif":true},"sizes":{"thumbnail":{"percent":5.33,"bytes":419,"size_before":7860,"size_after":7441,"time":0.01},"medium":{"percent":5.71,"bytes":879,"size_before":15390,"size_after":14511,"time":0.01},"sunet-medium-thumb":{"percent":4,"bytes":1435,"size_before":35907,"size_after":34472,"time":0.02},"sunet-small-thumb":{"percent":5.9,"bytes":615,"size_before":10421,"size_after":9806,"time":0.01},"full":{"percent":10.46,"bytes":24003,"size_before":229371,"size_after":205368,"time":0.05}}},"description":{"rendered":"<p class=\"attachment\"><a href='https:\/\/blogs.correiobraziliense.com.br\/elasnoataque\/wp-content\/uploads\/sites\/36\/2019\/12\/Bsb-x-Upis5.jpeg'><img loading=\"lazy\" decoding=\"async\" width=\"300\" height=\"169\" src=\"https:\/\/blogs.correiobraziliense.com.br\/elasnoataque\/wp-content\/uploads\/sites\/36\/2019\/12\/Bsb-x-Upis5-300x169.jpeg\" class=\"attachment-medium size-medium\" alt=\"Bras\u00edlia V\u00f4lei em jogo da Copa Bras\u00edlia, torneio amistoso para Superliga B\" srcset=\"https:\/\/blogs.correiobraziliense.com.br\/elasnoataque\/wp-content\/uploads\/sites\/36\/2019\/12\/Bsb-x-Upis5-300x169.jpeg 300w, https:\/\/blogs.correiobraziliense.com.br\/elasnoataque\/wp-content\/uploads\/sites\/36\/2019\/12\/Bsb-x-Upis5-550x309.jpeg 550w, https:\/\/blogs.correiobraziliense.com.br\/elasnoataque\/wp-content\/uploads\/sites\/36\/2019\/12\/Bsb-x-Upis5-230x129.jpeg 230w, https:\/\/blogs.correiobraziliense.com.br\/elasnoataque\/wp-content\/uploads\/sites\/36\/2019\/12\/Bsb-x-Upis5.jpeg 750w\" sizes=\"auto, (max-width: 300px) 100vw, 300px\" \/><\/a><\/p>\n"},"caption":{"rendered":"<p>Ed Alves\/CB\/D.A Press<\/p>\n"},"alt_text":"Bras\u00edlia V\u00f4lei em jogo da Copa Bras\u00edlia, torneio amistoso para Superliga B","media_type":"image","mime_type":"image\/jpeg","media_details":{"width":750,"height":422,"file":"2019\/12\/Bsb-x-Upis5.jpeg","sizes":{"thumbnail":{"file":"Bsb-x-Upis5-150x150.jpeg","width":150,"height":150,"mime_type":"image\/jpeg","source_url":"https:\/\/blogs.correiobraziliense.com.br\/elasnoataque\/wp-content\/uploads\/sites\/36\/2019\/12\/Bsb-x-Upis5-150x150.jpeg"},"medium":{"file":"Bsb-x-Upis5-300x169.jpeg","width":300,"height":169,"mime_type":"image\/jpeg","source_url":"https:\/\/blogs.correiobraziliense.com.br\/elasnoataque\/wp-content\/uploads\/sites\/36\/2019\/12\/Bsb-x-Upis5-300x169.jpeg"},"sunet-medium-thumb":{"file":"Bsb-x-Upis5-550x309.jpeg","width":550,"height":309,"mime_type":"image\/jpeg","source_url":"https:\/\/blogs.correiobraziliense.com.br\/elasnoataque\/wp-content\/uploads\/sites\/36\/2019\/12\/Bsb-x-Upis5-550x309.jpeg"},"sunet-small-thumb":{"file":"Bsb-x-Upis5-230x129.jpeg","width":230,"height":129,"mime_type":"image\/jpeg","source_url":"https:\/\/blogs.correiobraziliense.com.br\/elasnoataque\/wp-content\/uploads\/sites\/36\/2019\/12\/Bsb-x-Upis5-230x129.jpeg"},"full":{"file":"Bsb-x-Upis5.jpeg","width":750,"height":422,"mime_type":"image\/jpeg","source_url":"https:\/\/blogs.correiobraziliense.com.br\/elasnoataque\/wp-content\/uploads\/sites\/36\/2019\/12\/Bsb-x-Upis5.jpeg"}},"image_meta":{"aperture":"0","credit":"","camera":"","caption":"","created_timestamp":"0","copyright":"","focal_length":"0","iso":"0","shutter_speed":"0","title":"","orientation":"0"}},"post":4757,"source_url":"https:\/\/blogs.correiobraziliense.com.br\/elasnoataque\/wp-content\/uploads\/sites\/36\/2019\/12\/Bsb-x-Upis5.jpeg","filename":"Bsb-x-Upis5.jpeg","filesize":205368,"_links":{"self":[{"href":"https:\/\/blogs.correiobraziliense.com.br\/elasnoataque\/wp-json\/wp\/v2\/media\/4769","targetHints":{"allow":["GET"]}}],"collection":[{"href":"https:\/\/blogs.correiobraziliense.com.br\/elasnoataque\/wp-json\/wp\/v2\/media"}],"about":[{"href":"https:\/\/blogs.correiobraziliense.com.br\/elasnoataque\/wp-json\/wp\/v2\/types\/attachment"}],"author":[{"embeddable":true,"href":"https:\/\/blogs.correiobraziliense.com.br\/elasnoataque\/wp-json\/wp\/v2\/users\/79"}],"replies":[{"embeddable":true,"href":"https:\/\/blogs.correiobraziliense.com.br\/elasnoataque\/wp-json\/wp\/v2\/comments?post=4769"}],"wp:attached-to":[{"embeddable":true,"post_type":"post","id":4757,"href":"https:\/\/blogs.correiobraziliense.com.br\/elasnoataque\/wp-json\/wp\/v2\/posts\/4757"}],"curies":[{"name":"wp","href":"https:\/\/api.w.org\/{rel}","templated":true}]}}

<p class="attachment"><a href='https://blogs.correiobraziliense.com.br/elasnoataque/wp-content/uploads/sites/36/2019/12/Bsb-x-Upis5.jpeg'><img loading="lazy" decoding="async" width="300" height="169" src="https://blogs.correiobraziliense.com.br/elasnoataque/wp-content/uploads/sites/36/2019/12/Bsb-x-Upis5-300x169.jpeg" class="attachment-medium size-medium" alt="Brasília Vôlei em jogo da Copa Brasília, torneio amistoso para Superliga B" srcset="https://blogs.correiobraziliense.com.br/elasnoataque/wp-content/uploads/sites/36/2019/12/Bsb-x-Upis5-300x169.jpeg 300w, https://blogs.correiobraziliense.com.br/elasnoataque/wp-content/uploads/sites/36/2019/12/Bsb-x-Upis5-550x309.jpeg 550w, https://blogs.correiobraziliense.com.br/elasnoataque/wp-content/uploads/sites/36/2019/12/Bsb-x-Upis5-230x129.jpeg 230w, https://blogs.correiobraziliense.com.br/elasnoataque/wp-content/uploads/sites/36/2019/12/Bsb-x-Upis5.jpeg 750w" sizes="auto, (max-width: 300px) 100vw, 300px" /></a></p>

Brasília Vôlei em jogo da Copa Brasília, torneio amistoso para Superliga B
