{"id":4589,"date":"2019-10-12T19:17:24","date_gmt":"2019-10-12T22:17:24","guid":{"rendered":"https:\/\/blogs.correiobraziliense.com.br\/elasnoataque\/wp-content\/uploads\/sites\/36\/2019\/10\/CBIFOT121020193200.jpg"},"modified":"2019-10-12T19:24:32","modified_gmt":"2019-10-12T22:24:32","slug":"cbifot121020193200","status":"inherit","type":"attachment","link":"https:\/\/blogs.correiobraziliense.com.br\/elasnoataque\/quito-protestos-libertadores-feminina-conmebol\/cbifot121020193200\/","title":{"rendered":"CBIFOT121020193200"},"author":79,"featured_media":0,"comment_status":"open","ping_status":"closed","template":"","meta":[],"class_list":["post-4589","attachment","type-attachment","status-inherit","hentry"],"smush":{"stats":{"percent":3.49395816269246,"bytes":7593,"size_before":217318,"size_after":209725,"time":0.12,"api_version":"1.0","lossy":false,"keep_exif":true},"sizes":{"thumbnail":{"percent":5.69,"bytes":417,"size_before":7331,"size_after":6914,"time":0.01},"medium":{"percent":5.24,"bytes":847,"size_before":16164,"size_after":15317,"time":0.02},"medium_large":{"percent":2.89,"bytes":1949,"size_before":67523,"size_after":65574,"time":0.03},"sunet-medium-thumb":{"percent":3.73,"bytes":1534,"size_before":41123,"size_after":39589,"time":0.02},"sunet-small-thumb":{"percent":5.52,"bytes":600,"size_before":10862,"size_after":10262,"time":0.01},"full":{"percent":3.02,"bytes":2246,"size_before":74315,"size_after":72069,"time":0.03}}},"description":{"rendered":"<p class=\"attachment\"><a href='https:\/\/blogs.correiobraziliense.com.br\/elasnoataque\/wp-content\/uploads\/sites\/36\/2019\/10\/CBIFOT121020193200.jpg'><img loading=\"lazy\" decoding=\"async\" width=\"300\" height=\"200\" src=\"https:\/\/blogs.correiobraziliense.com.br\/elasnoataque\/wp-content\/uploads\/sites\/36\/2019\/10\/CBIFOT121020193200-300x200.jpg\" class=\"attachment-medium size-medium\" alt=\"\" srcset=\"https:\/\/blogs.correiobraziliense.com.br\/elasnoataque\/wp-content\/uploads\/sites\/36\/2019\/10\/CBIFOT121020193200-300x200.jpg 300w, https:\/\/blogs.correiobraziliense.com.br\/elasnoataque\/wp-content\/uploads\/sites\/36\/2019\/10\/CBIFOT121020193200-768x512.jpg 768w, https:\/\/blogs.correiobraziliense.com.br\/elasnoataque\/wp-content\/uploads\/sites\/36\/2019\/10\/CBIFOT121020193200-550x366.jpg 550w, https:\/\/blogs.correiobraziliense.com.br\/elasnoataque\/wp-content\/uploads\/sites\/36\/2019\/10\/CBIFOT121020193200-230x153.jpg 230w, https:\/\/blogs.correiobraziliense.com.br\/elasnoataque\/wp-content\/uploads\/sites\/36\/2019\/10\/CBIFOT121020193200.jpg 800w\" sizes=\"auto, (max-width: 300px) 100vw, 300px\" \/><\/a><\/p>\n"},"caption":{"rendered":"<p>As manifesta\u00e7\u00f5es provocam preocupa\u00e7\u00e3o com a seguran\u00e7a das pessoas<\/p>\n"},"alt_text":"","media_type":"image","mime_type":"image\/jpeg","media_details":{"width":800,"height":533,"file":"2019\/10\/CBIFOT121020193200.jpg","sizes":{"thumbnail":{"file":"CBIFOT121020193200-150x150.jpg","width":150,"height":150,"mime_type":"image\/jpeg","source_url":"https:\/\/blogs.correiobraziliense.com.br\/elasnoataque\/wp-content\/uploads\/sites\/36\/2019\/10\/CBIFOT121020193200-150x150.jpg"},"medium":{"file":"CBIFOT121020193200-300x200.jpg","width":300,"height":200,"mime_type":"image\/jpeg","source_url":"https:\/\/blogs.correiobraziliense.com.br\/elasnoataque\/wp-content\/uploads\/sites\/36\/2019\/10\/CBIFOT121020193200-300x200.jpg"},"medium_large":{"file":"CBIFOT121020193200-768x512.jpg","width":768,"height":512,"mime_type":"image\/jpeg","source_url":"https:\/\/blogs.correiobraziliense.com.br\/elasnoataque\/wp-content\/uploads\/sites\/36\/2019\/10\/CBIFOT121020193200-768x512.jpg"},"sunet-medium-thumb":{"file":"CBIFOT121020193200-550x366.jpg","width":550,"height":366,"mime_type":"image\/jpeg","source_url":"https:\/\/blogs.correiobraziliense.com.br\/elasnoataque\/wp-content\/uploads\/sites\/36\/2019\/10\/CBIFOT121020193200-550x366.jpg"},"sunet-small-thumb":{"file":"CBIFOT121020193200-230x153.jpg","width":230,"height":153,"mime_type":"image\/jpeg","source_url":"https:\/\/blogs.correiobraziliense.com.br\/elasnoataque\/wp-content\/uploads\/sites\/36\/2019\/10\/CBIFOT121020193200-230x153.jpg"},"full":{"file":"CBIFOT121020193200.jpg","width":800,"height":533,"mime_type":"image\/jpeg","source_url":"https:\/\/blogs.correiobraziliense.com.br\/elasnoataque\/wp-content\/uploads\/sites\/36\/2019\/10\/CBIFOT121020193200.jpg"}},"image_meta":{"aperture":"0","credit":"","camera":"","caption":"","created_timestamp":"0","copyright":"","focal_length":"0","iso":"0","shutter_speed":"0","title":"","orientation":"0"}},"post":4585,"source_url":"https:\/\/blogs.correiobraziliense.com.br\/elasnoataque\/wp-content\/uploads\/sites\/36\/2019\/10\/CBIFOT121020193200.jpg","filename":"CBIFOT121020193200.jpg","filesize":72069,"_links":{"self":[{"href":"https:\/\/blogs.correiobraziliense.com.br\/elasnoataque\/wp-json\/wp\/v2\/media\/4589","targetHints":{"allow":["GET"]}}],"collection":[{"href":"https:\/\/blogs.correiobraziliense.com.br\/elasnoataque\/wp-json\/wp\/v2\/media"}],"about":[{"href":"https:\/\/blogs.correiobraziliense.com.br\/elasnoataque\/wp-json\/wp\/v2\/types\/attachment"}],"author":[{"embeddable":true,"href":"https:\/\/blogs.correiobraziliense.com.br\/elasnoataque\/wp-json\/wp\/v2\/users\/79"}],"replies":[{"embeddable":true,"href":"https:\/\/blogs.correiobraziliense.com.br\/elasnoataque\/wp-json\/wp\/v2\/comments?post=4589"}],"wp:attached-to":[{"embeddable":true,"post_type":"post","id":4585,"href":"https:\/\/blogs.correiobraziliense.com.br\/elasnoataque\/wp-json\/wp\/v2\/posts\/4585"}],"curies":[{"name":"wp","href":"https:\/\/api.w.org\/{rel}","templated":true}]}}

<p>As manifestações provocam preocupação com a segurança das pessoas</p>
