{"id":4588,"date":"2019-10-12T19:17:18","date_gmt":"2019-10-12T22:17:18","guid":{"rendered":"https:\/\/blogs.correiobraziliense.com.br\/elasnoataque\/wp-content\/uploads\/sites\/36\/2019\/10\/CBIFOT121020193220.jpg"},"modified":"2019-10-12T19:23:56","modified_gmt":"2019-10-12T22:23:56","slug":"cbifot121020193220","status":"inherit","type":"attachment","link":"https:\/\/blogs.correiobraziliense.com.br\/elasnoataque\/quito-protestos-libertadores-feminina-conmebol\/cbifot121020193220\/","title":{"rendered":"CBIFOT121020193220"},"author":79,"featured_media":0,"comment_status":"open","ping_status":"closed","template":"","meta":[],"class_list":["post-4588","attachment","type-attachment","status-inherit","hentry"],"smush":{"stats":{"percent":3.7669298663329602,"bytes":6803,"size_before":180598,"size_after":173795,"time":0.09999999999999999,"api_version":"1.0","lossy":false,"keep_exif":true},"sizes":{"thumbnail":{"percent":5.67,"bytes":393,"size_before":6935,"size_after":6542,"time":0.01},"medium":{"percent":5.35,"bytes":792,"size_before":14795,"size_after":14003,"time":0.01},"medium_large":{"percent":3.33,"bytes":1839,"size_before":55153,"size_after":53314,"time":0.02},"sunet-medium-thumb":{"percent":3.88,"bytes":1346,"size_before":34734,"size_after":33388,"time":0.02},"sunet-small-thumb":{"percent":5.64,"bytes":577,"size_before":10229,"size_after":9652,"time":0.01},"full":{"percent":3.16,"bytes":1856,"size_before":58752,"size_after":56896,"time":0.03}}},"description":{"rendered":"<p class=\"attachment\"><a href='https:\/\/blogs.correiobraziliense.com.br\/elasnoataque\/wp-content\/uploads\/sites\/36\/2019\/10\/CBIFOT121020193220.jpg'><img loading=\"lazy\" decoding=\"async\" width=\"300\" height=\"200\" src=\"https:\/\/blogs.correiobraziliense.com.br\/elasnoataque\/wp-content\/uploads\/sites\/36\/2019\/10\/CBIFOT121020193220-300x200.jpg\" class=\"attachment-medium size-medium\" alt=\"\" srcset=\"https:\/\/blogs.correiobraziliense.com.br\/elasnoataque\/wp-content\/uploads\/sites\/36\/2019\/10\/CBIFOT121020193220-300x200.jpg 300w, https:\/\/blogs.correiobraziliense.com.br\/elasnoataque\/wp-content\/uploads\/sites\/36\/2019\/10\/CBIFOT121020193220-768x512.jpg 768w, https:\/\/blogs.correiobraziliense.com.br\/elasnoataque\/wp-content\/uploads\/sites\/36\/2019\/10\/CBIFOT121020193220-550x366.jpg 550w, https:\/\/blogs.correiobraziliense.com.br\/elasnoataque\/wp-content\/uploads\/sites\/36\/2019\/10\/CBIFOT121020193220-230x153.jpg 230w, https:\/\/blogs.correiobraziliense.com.br\/elasnoataque\/wp-content\/uploads\/sites\/36\/2019\/10\/CBIFOT121020193220.jpg 800w\" sizes=\"auto, (max-width: 300px) 100vw, 300px\" \/><\/a><\/p>\n"},"caption":{"rendered":"<p>Grupos ind\u00edgenas convocaram greve com paralisa\u00e7\u00e3o de transporte e com\u00e9rcio em Quito<\/p>\n"},"alt_text":"","media_type":"image","mime_type":"image\/jpeg","media_details":{"width":800,"height":533,"file":"2019\/10\/CBIFOT121020193220.jpg","sizes":{"thumbnail":{"file":"CBIFOT121020193220-150x150.jpg","width":150,"height":150,"mime_type":"image\/jpeg","source_url":"https:\/\/blogs.correiobraziliense.com.br\/elasnoataque\/wp-content\/uploads\/sites\/36\/2019\/10\/CBIFOT121020193220-150x150.jpg"},"medium":{"file":"CBIFOT121020193220-300x200.jpg","width":300,"height":200,"mime_type":"image\/jpeg","source_url":"https:\/\/blogs.correiobraziliense.com.br\/elasnoataque\/wp-content\/uploads\/sites\/36\/2019\/10\/CBIFOT121020193220-300x200.jpg"},"medium_large":{"file":"CBIFOT121020193220-768x512.jpg","width":768,"height":512,"mime_type":"image\/jpeg","source_url":"https:\/\/blogs.correiobraziliense.com.br\/elasnoataque\/wp-content\/uploads\/sites\/36\/2019\/10\/CBIFOT121020193220-768x512.jpg"},"sunet-medium-thumb":{"file":"CBIFOT121020193220-550x366.jpg","width":550,"height":366,"mime_type":"image\/jpeg","source_url":"https:\/\/blogs.correiobraziliense.com.br\/elasnoataque\/wp-content\/uploads\/sites\/36\/2019\/10\/CBIFOT121020193220-550x366.jpg"},"sunet-small-thumb":{"file":"CBIFOT121020193220-230x153.jpg","width":230,"height":153,"mime_type":"image\/jpeg","source_url":"https:\/\/blogs.correiobraziliense.com.br\/elasnoataque\/wp-content\/uploads\/sites\/36\/2019\/10\/CBIFOT121020193220-230x153.jpg"},"full":{"file":"CBIFOT121020193220.jpg","width":800,"height":533,"mime_type":"image\/jpeg","source_url":"https:\/\/blogs.correiobraziliense.com.br\/elasnoataque\/wp-content\/uploads\/sites\/36\/2019\/10\/CBIFOT121020193220.jpg"}},"image_meta":{"aperture":"0","credit":"","camera":"","caption":"","created_timestamp":"0","copyright":"","focal_length":"0","iso":"0","shutter_speed":"0","title":"","orientation":"0"}},"post":4585,"source_url":"https:\/\/blogs.correiobraziliense.com.br\/elasnoataque\/wp-content\/uploads\/sites\/36\/2019\/10\/CBIFOT121020193220.jpg","filename":"CBIFOT121020193220.jpg","filesize":56896,"_links":{"self":[{"href":"https:\/\/blogs.correiobraziliense.com.br\/elasnoataque\/wp-json\/wp\/v2\/media\/4588","targetHints":{"allow":["GET"]}}],"collection":[{"href":"https:\/\/blogs.correiobraziliense.com.br\/elasnoataque\/wp-json\/wp\/v2\/media"}],"about":[{"href":"https:\/\/blogs.correiobraziliense.com.br\/elasnoataque\/wp-json\/wp\/v2\/types\/attachment"}],"author":[{"embeddable":true,"href":"https:\/\/blogs.correiobraziliense.com.br\/elasnoataque\/wp-json\/wp\/v2\/users\/79"}],"replies":[{"embeddable":true,"href":"https:\/\/blogs.correiobraziliense.com.br\/elasnoataque\/wp-json\/wp\/v2\/comments?post=4588"}],"wp:attached-to":[{"embeddable":true,"post_type":"post","id":4585,"href":"https:\/\/blogs.correiobraziliense.com.br\/elasnoataque\/wp-json\/wp\/v2\/posts\/4585"}],"curies":[{"name":"wp","href":"https:\/\/api.w.org\/{rel}","templated":true}]}}

<p>Grupos indígenas convocaram greve com paralisação de transporte e comércio em Quito</p>
