{"id":1931,"date":"2018-07-13T15:45:06","date_gmt":"2018-07-13T18:45:06","guid":{"rendered":"https:\/\/blogs.correiobraziliense.com.br\/elasnoataque\/wp-content\/uploads\/sites\/36\/2018\/07\/CBPFOT120720181571.jpg"},"modified":"2018-07-13T15:59:23","modified_gmt":"2018-07-13T18:59:23","slug":"cbpfot120720181571","status":"inherit","type":"attachment","link":"https:\/\/blogs.correiobraziliense.com.br\/elasnoataque\/minas-campeao-a2-brasileiro-feminino\/cbpfot120720181571\/","title":{"rendered":"CBPFOT120720181571"},"author":79,"featured_media":0,"comment_status":"open","ping_status":"closed","template":"","meta":[],"class_list":["post-1931","attachment","type-attachment","status-inherit","hentry"],"smush":{"stats":{"percent":6.379697139652271,"bytes":21385,"size_before":335204,"size_after":313819,"time":0.12,"api_version":"1.0","lossy":false},"sizes":{"thumbnail":{"percent":8.12,"bytes":867,"size_before":10683,"size_after":9816,"time":0.01},"medium":{"percent":6.22,"bytes":1303,"size_before":20953,"size_after":19650,"time":0.01},"medium_large":{"percent":4.82,"bytes":4483,"size_before":93098,"size_after":88615,"time":0.04},"sunet-medium-thumb":{"percent":5.44,"bytes":3047,"size_before":55978,"size_after":52931,"time":0.02},"sunet-small-thumb":{"percent":6.96,"bytes":931,"size_before":13370,"size_after":12439,"time":0.01},"full":{"percent":7.62,"bytes":10754,"size_before":141122,"size_after":130368,"time":0.03}}},"description":{"rendered":"<p class=\"attachment\"><a href='https:\/\/blogs.correiobraziliense.com.br\/elasnoataque\/wp-content\/uploads\/sites\/36\/2018\/07\/CBPFOT120720181571.jpg'><img loading=\"lazy\" decoding=\"async\" width=\"300\" height=\"186\" src=\"https:\/\/blogs.correiobraziliense.com.br\/elasnoataque\/wp-content\/uploads\/sites\/36\/2018\/07\/CBPFOT120720181571-300x186.jpg\" class=\"attachment-medium size-medium\" alt=\"Minas Icesp-DF e Vit\u00f3ria-BA disputam a final do Campeonato Brasileiro feminino de futebol A2, a segunda divis\u00e3o do Brasileir\u00e3o, no Est\u00e1dio Abadi\u00e3o em Ceil\u00e2ndia\" srcset=\"https:\/\/blogs.correiobraziliense.com.br\/elasnoataque\/wp-content\/uploads\/sites\/36\/2018\/07\/CBPFOT120720181571-300x186.jpg 300w, https:\/\/blogs.correiobraziliense.com.br\/elasnoataque\/wp-content\/uploads\/sites\/36\/2018\/07\/CBPFOT120720181571-768x476.jpg 768w, https:\/\/blogs.correiobraziliense.com.br\/elasnoataque\/wp-content\/uploads\/sites\/36\/2018\/07\/CBPFOT120720181571-550x341.jpg 550w, https:\/\/blogs.correiobraziliense.com.br\/elasnoataque\/wp-content\/uploads\/sites\/36\/2018\/07\/CBPFOT120720181571-230x143.jpg 230w, https:\/\/blogs.correiobraziliense.com.br\/elasnoataque\/wp-content\/uploads\/sites\/36\/2018\/07\/CBPFOT120720181571.jpg 806w\" sizes=\"auto, (max-width: 300px) 100vw, 300px\" \/><\/a><\/p>\n"},"caption":{"rendered":"<p>Foto: Arthur Menescal\/Esp. CB\/D.A<\/p>\n"},"alt_text":"Minas Icesp-DF e Vit\u00f3ria-BA disputam a final do Campeonato Brasileiro feminino de futebol A2, a segunda divis\u00e3o do Brasileir\u00e3o, no Est\u00e1dio Abadi\u00e3o em Ceil\u00e2ndia","media_type":"image","mime_type":"image\/jpeg","media_details":{"width":806,"height":500,"file":"2018\/07\/CBPFOT120720181571.jpg","sizes":{"thumbnail":{"file":"CBPFOT120720181571-150x150.jpg","width":150,"height":150,"mime_type":"image\/jpeg","source_url":"https:\/\/blogs.correiobraziliense.com.br\/elasnoataque\/wp-content\/uploads\/sites\/36\/2018\/07\/CBPFOT120720181571-150x150.jpg"},"medium":{"file":"CBPFOT120720181571-300x186.jpg","width":300,"height":186,"mime_type":"image\/jpeg","source_url":"https:\/\/blogs.correiobraziliense.com.br\/elasnoataque\/wp-content\/uploads\/sites\/36\/2018\/07\/CBPFOT120720181571-300x186.jpg"},"medium_large":{"file":"CBPFOT120720181571-768x476.jpg","width":768,"height":476,"mime_type":"image\/jpeg","source_url":"https:\/\/blogs.correiobraziliense.com.br\/elasnoataque\/wp-content\/uploads\/sites\/36\/2018\/07\/CBPFOT120720181571-768x476.jpg"},"sunet-medium-thumb":{"file":"CBPFOT120720181571-550x341.jpg","width":550,"height":341,"mime_type":"image\/jpeg","source_url":"https:\/\/blogs.correiobraziliense.com.br\/elasnoataque\/wp-content\/uploads\/sites\/36\/2018\/07\/CBPFOT120720181571-550x341.jpg"},"sunet-small-thumb":{"file":"CBPFOT120720181571-230x143.jpg","width":230,"height":143,"mime_type":"image\/jpeg","source_url":"https:\/\/blogs.correiobraziliense.com.br\/elasnoataque\/wp-content\/uploads\/sites\/36\/2018\/07\/CBPFOT120720181571-230x143.jpg"},"full":{"file":"CBPFOT120720181571.jpg","width":806,"height":500,"mime_type":"image\/jpeg","source_url":"https:\/\/blogs.correiobraziliense.com.br\/elasnoataque\/wp-content\/uploads\/sites\/36\/2018\/07\/CBPFOT120720181571.jpg"}},"image_meta":{"aperture":"0","credit":"Arthur Menescal\/Esp. CB\/D.A Pres","camera":"","caption":"12\/07\/2018. Cr\u00e9dito: Arthur Menescal\/Esp.CB\/D.A Press. Brasil. Bras\u00edlia - DF. Esportes. Minas Icesp-DF e Vit\u00f3ria-BA disputam a final do Campeonato Brasileiro feminino de futebol A2, a segunda divis\u00e3o do Brasileir\u00e3o, no Est\u00e1dio Abadi\u00e3o em Ceil\u00e2ndia.","created_timestamp":"0","copyright":"","focal_length":"0","iso":"0","shutter_speed":"0","title":"","orientation":"0","keywords":[]}},"post":1924,"source_url":"https:\/\/blogs.correiobraziliense.com.br\/elasnoataque\/wp-content\/uploads\/sites\/36\/2018\/07\/CBPFOT120720181571.jpg","filename":"CBPFOT120720181571.jpg","filesize":130368,"_links":{"self":[{"href":"https:\/\/blogs.correiobraziliense.com.br\/elasnoataque\/wp-json\/wp\/v2\/media\/1931","targetHints":{"allow":["GET"]}}],"collection":[{"href":"https:\/\/blogs.correiobraziliense.com.br\/elasnoataque\/wp-json\/wp\/v2\/media"}],"about":[{"href":"https:\/\/blogs.correiobraziliense.com.br\/elasnoataque\/wp-json\/wp\/v2\/types\/attachment"}],"author":[{"embeddable":true,"href":"https:\/\/blogs.correiobraziliense.com.br\/elasnoataque\/wp-json\/wp\/v2\/users\/79"}],"replies":[{"embeddable":true,"href":"https:\/\/blogs.correiobraziliense.com.br\/elasnoataque\/wp-json\/wp\/v2\/comments?post=1931"}],"wp:attached-to":[{"embeddable":true,"post_type":"post","id":1924,"href":"https:\/\/blogs.correiobraziliense.com.br\/elasnoataque\/wp-json\/wp\/v2\/posts\/1924"}],"curies":[{"name":"wp","href":"https:\/\/api.w.org\/{rel}","templated":true}]}}

<p class="attachment"><a href='https://blogs.correiobraziliense.com.br/elasnoataque/wp-content/uploads/sites/36/2018/07/CBPFOT120720181571.jpg'><img loading="lazy" decoding="async" width="300" height="186" src="https://blogs.correiobraziliense.com.br/elasnoataque/wp-content/uploads/sites/36/2018/07/CBPFOT120720181571-300x186.jpg" class="attachment-medium size-medium" alt="Minas Icesp-DF e Vitória-BA disputam a final do Campeonato Brasileiro feminino de futebol A2, a segunda divisão do Brasileirão, no Estádio Abadião em Ceilândia" srcset="https://blogs.correiobraziliense.com.br/elasnoataque/wp-content/uploads/sites/36/2018/07/CBPFOT120720181571-300x186.jpg 300w, https://blogs.correiobraziliense.com.br/elasnoataque/wp-content/uploads/sites/36/2018/07/CBPFOT120720181571-768x476.jpg 768w, https://blogs.correiobraziliense.com.br/elasnoataque/wp-content/uploads/sites/36/2018/07/CBPFOT120720181571-550x341.jpg 550w, https://blogs.correiobraziliense.com.br/elasnoataque/wp-content/uploads/sites/36/2018/07/CBPFOT120720181571-230x143.jpg 230w, https://blogs.correiobraziliense.com.br/elasnoataque/wp-content/uploads/sites/36/2018/07/CBPFOT120720181571.jpg 806w" sizes="auto, (max-width: 300px) 100vw, 300px" /></a></p>

Minas Icesp-DF e Vitória-BA disputam a final do Campeonato Brasileiro feminino de futebol A2, a segunda divisão do Brasileirão, no Estádio Abadião em Ceilândia

12/07/2018. Crédito: Arthur Menescal/Esp.CB/D.A Press. Brasil. Brasília - DF. Esportes. Minas Icesp-DF e Vitória-BA disputam a final do Campeonato Brasileiro feminino de futebol A2, a segunda divisão do Brasileirão, no Estádio Abadião em Ceilândia.
