{"id":1929,"date":"2018-07-13T15:44:40","date_gmt":"2018-07-13T18:44:40","guid":{"rendered":"https:\/\/blogs.correiobraziliense.com.br\/elasnoataque\/wp-content\/uploads\/sites\/36\/2018\/07\/CBPFOT120720181569.jpg"},"modified":"2018-07-13T15:59:19","modified_gmt":"2018-07-13T18:59:19","slug":"cbpfot120720181569","status":"inherit","type":"attachment","link":"https:\/\/blogs.correiobraziliense.com.br\/elasnoataque\/minas-campeao-a2-brasileiro-feminino\/cbpfot120720181569\/","title":{"rendered":"CBPFOT120720181569"},"author":79,"featured_media":0,"comment_status":"open","ping_status":"closed","template":"","meta":[],"class_list":["post-1929","attachment","type-attachment","status-inherit","hentry"],"smush":{"stats":{"percent":9.575402559331373,"bytes":36845,"size_before":384788,"size_after":347943,"time":0.16,"api_version":"1.0","lossy":false},"sizes":{"thumbnail":{"percent":9.38,"bytes":1163,"size_before":12395,"size_after":11232,"time":0.01},"medium":{"percent":8.91,"bytes":2133,"size_before":23944,"size_after":21811,"time":0.03},"medium_large":{"percent":7.89,"bytes":7753,"size_before":98222,"size_after":90469,"time":0.04},"sunet-medium-thumb":{"percent":8.37,"bytes":5112,"size_before":61111,"size_after":55999,"time":0.03},"sunet-small-thumb":{"percent":8.98,"bytes":1405,"size_before":15644,"size_after":14239,"time":0.01},"full":{"percent":11.11,"bytes":19279,"size_before":173472,"size_after":154193,"time":0.04}}},"description":{"rendered":"<p class=\"attachment\"><a href='https:\/\/blogs.correiobraziliense.com.br\/elasnoataque\/wp-content\/uploads\/sites\/36\/2018\/07\/CBPFOT120720181569.jpg'><img loading=\"lazy\" decoding=\"async\" width=\"300\" height=\"160\" src=\"https:\/\/blogs.correiobraziliense.com.br\/elasnoataque\/wp-content\/uploads\/sites\/36\/2018\/07\/CBPFOT120720181569-300x160.jpg\" class=\"attachment-medium size-medium\" alt=\"Minas Icesp-DF e Vit\u00f3ria-BA disputam a final do Campeonato Brasileiro feminino de futebol A2, a segunda divis\u00e3o do Brasileir\u00e3o, no Est\u00e1dio Abadi\u00e3o em Ceil\u00e2ndia\" srcset=\"https:\/\/blogs.correiobraziliense.com.br\/elasnoataque\/wp-content\/uploads\/sites\/36\/2018\/07\/CBPFOT120720181569-300x160.jpg 300w, https:\/\/blogs.correiobraziliense.com.br\/elasnoataque\/wp-content\/uploads\/sites\/36\/2018\/07\/CBPFOT120720181569-768x411.jpg 768w, https:\/\/blogs.correiobraziliense.com.br\/elasnoataque\/wp-content\/uploads\/sites\/36\/2018\/07\/CBPFOT120720181569-550x294.jpg 550w, https:\/\/blogs.correiobraziliense.com.br\/elasnoataque\/wp-content\/uploads\/sites\/36\/2018\/07\/CBPFOT120720181569-230x123.jpg 230w, https:\/\/blogs.correiobraziliense.com.br\/elasnoataque\/wp-content\/uploads\/sites\/36\/2018\/07\/CBPFOT120720181569.jpg 935w\" sizes=\"auto, (max-width: 300px) 100vw, 300px\" \/><\/a><\/p>\n"},"caption":{"rendered":"<p>Foto: Arthur Menescal\/Esp. CB\/D.A<\/p>\n"},"alt_text":"Minas Icesp-DF e Vit\u00f3ria-BA disputam a final do Campeonato Brasileiro feminino de futebol A2, a segunda divis\u00e3o do Brasileir\u00e3o, no Est\u00e1dio Abadi\u00e3o em Ceil\u00e2ndia","media_type":"image","mime_type":"image\/jpeg","media_details":{"width":935,"height":500,"file":"2018\/07\/CBPFOT120720181569.jpg","sizes":{"thumbnail":{"file":"CBPFOT120720181569-150x150.jpg","width":150,"height":150,"mime_type":"image\/jpeg","source_url":"https:\/\/blogs.correiobraziliense.com.br\/elasnoataque\/wp-content\/uploads\/sites\/36\/2018\/07\/CBPFOT120720181569-150x150.jpg"},"medium":{"file":"CBPFOT120720181569-300x160.jpg","width":300,"height":160,"mime_type":"image\/jpeg","source_url":"https:\/\/blogs.correiobraziliense.com.br\/elasnoataque\/wp-content\/uploads\/sites\/36\/2018\/07\/CBPFOT120720181569-300x160.jpg"},"medium_large":{"file":"CBPFOT120720181569-768x411.jpg","width":768,"height":411,"mime_type":"image\/jpeg","source_url":"https:\/\/blogs.correiobraziliense.com.br\/elasnoataque\/wp-content\/uploads\/sites\/36\/2018\/07\/CBPFOT120720181569-768x411.jpg"},"sunet-medium-thumb":{"file":"CBPFOT120720181569-550x294.jpg","width":550,"height":294,"mime_type":"image\/jpeg","source_url":"https:\/\/blogs.correiobraziliense.com.br\/elasnoataque\/wp-content\/uploads\/sites\/36\/2018\/07\/CBPFOT120720181569-550x294.jpg"},"sunet-small-thumb":{"file":"CBPFOT120720181569-230x123.jpg","width":230,"height":123,"mime_type":"image\/jpeg","source_url":"https:\/\/blogs.correiobraziliense.com.br\/elasnoataque\/wp-content\/uploads\/sites\/36\/2018\/07\/CBPFOT120720181569-230x123.jpg"},"full":{"file":"CBPFOT120720181569.jpg","width":935,"height":500,"mime_type":"image\/jpeg","source_url":"https:\/\/blogs.correiobraziliense.com.br\/elasnoataque\/wp-content\/uploads\/sites\/36\/2018\/07\/CBPFOT120720181569.jpg"}},"image_meta":{"aperture":"0","credit":"Arthur Menescal\/Esp. CB\/D.A Pres","camera":"","caption":"12\/07\/2018. Cr\u00e9dito: Arthur Menescal\/Esp.CB\/D.A Press. Brasil. Bras\u00edlia - DF. Esportes. Minas Icesp-DF e Vit\u00f3ria-BA disputam a final do Campeonato Brasileiro feminino de futebol A2, a segunda divis\u00e3o do Brasileir\u00e3o, no Est\u00e1dio Abadi\u00e3o em Ceil\u00e2ndia. Na foto, a goleira Krishna Albuquerque.","created_timestamp":"0","copyright":"","focal_length":"0","iso":"0","shutter_speed":"0","title":"","orientation":"0","keywords":[]}},"post":1924,"source_url":"https:\/\/blogs.correiobraziliense.com.br\/elasnoataque\/wp-content\/uploads\/sites\/36\/2018\/07\/CBPFOT120720181569.jpg","filename":"CBPFOT120720181569.jpg","filesize":154193,"_links":{"self":[{"href":"https:\/\/blogs.correiobraziliense.com.br\/elasnoataque\/wp-json\/wp\/v2\/media\/1929","targetHints":{"allow":["GET"]}}],"collection":[{"href":"https:\/\/blogs.correiobraziliense.com.br\/elasnoataque\/wp-json\/wp\/v2\/media"}],"about":[{"href":"https:\/\/blogs.correiobraziliense.com.br\/elasnoataque\/wp-json\/wp\/v2\/types\/attachment"}],"author":[{"embeddable":true,"href":"https:\/\/blogs.correiobraziliense.com.br\/elasnoataque\/wp-json\/wp\/v2\/users\/79"}],"replies":[{"embeddable":true,"href":"https:\/\/blogs.correiobraziliense.com.br\/elasnoataque\/wp-json\/wp\/v2\/comments?post=1929"}],"wp:attached-to":[{"embeddable":true,"post_type":"post","id":1924,"href":"https:\/\/blogs.correiobraziliense.com.br\/elasnoataque\/wp-json\/wp\/v2\/posts\/1924"}],"curies":[{"name":"wp","href":"https:\/\/api.w.org\/{rel}","templated":true}]}}

<p class="attachment"><a href='https://blogs.correiobraziliense.com.br/elasnoataque/wp-content/uploads/sites/36/2018/07/CBPFOT120720181569.jpg'><img loading="lazy" decoding="async" width="300" height="160" src="https://blogs.correiobraziliense.com.br/elasnoataque/wp-content/uploads/sites/36/2018/07/CBPFOT120720181569-300x160.jpg" class="attachment-medium size-medium" alt="Minas Icesp-DF e Vitória-BA disputam a final do Campeonato Brasileiro feminino de futebol A2, a segunda divisão do Brasileirão, no Estádio Abadião em Ceilândia" srcset="https://blogs.correiobraziliense.com.br/elasnoataque/wp-content/uploads/sites/36/2018/07/CBPFOT120720181569-300x160.jpg 300w, https://blogs.correiobraziliense.com.br/elasnoataque/wp-content/uploads/sites/36/2018/07/CBPFOT120720181569-768x411.jpg 768w, https://blogs.correiobraziliense.com.br/elasnoataque/wp-content/uploads/sites/36/2018/07/CBPFOT120720181569-550x294.jpg 550w, https://blogs.correiobraziliense.com.br/elasnoataque/wp-content/uploads/sites/36/2018/07/CBPFOT120720181569-230x123.jpg 230w, https://blogs.correiobraziliense.com.br/elasnoataque/wp-content/uploads/sites/36/2018/07/CBPFOT120720181569.jpg 935w" sizes="auto, (max-width: 300px) 100vw, 300px" /></a></p>

Minas Icesp-DF e Vitória-BA disputam a final do Campeonato Brasileiro feminino de futebol A2, a segunda divisão do Brasileirão, no Estádio Abadião em Ceilândia

12/07/2018. Crédito: Arthur Menescal/Esp.CB/D.A Press. Brasil. Brasília - DF. Esportes. Minas Icesp-DF e Vitória-BA disputam a final do Campeonato Brasileiro feminino de futebol A2, a segunda divisão do Brasileirão, no Estádio Abadião em Ceilândia. Na foto, a goleira Krishna Albuquerque.
