{"id":1926,"date":"2018-07-13T15:44:02","date_gmt":"2018-07-13T18:44:02","guid":{"rendered":"https:\/\/blogs.correiobraziliense.com.br\/elasnoataque\/wp-content\/uploads\/sites\/36\/2018\/07\/CBPFOT120720181527.jpg"},"modified":"2018-07-13T15:59:30","modified_gmt":"2018-07-13T18:59:30","slug":"cbpfot120720181527","status":"inherit","type":"attachment","link":"https:\/\/blogs.correiobraziliense.com.br\/elasnoataque\/minas-campeao-a2-brasileiro-feminino\/cbpfot120720181527\/","title":{"rendered":"Minas vence Vit\u00f3ria"},"author":79,"featured_media":0,"comment_status":"open","ping_status":"closed","template":"","meta":[],"class_list":["post-1926","attachment","type-attachment","status-inherit","hentry"],"smush":{"stats":{"percent":9.023704805232448,"bytes":35802,"size_before":396755,"size_after":360953,"time":0.17,"api_version":"1.0","lossy":false},"sizes":{"thumbnail":{"percent":9.94,"bytes":1296,"size_before":13034,"size_after":11738,"time":0.01},"medium":{"percent":9.52,"bytes":2465,"size_before":25882,"size_after":23417,"time":0.02},"medium_large":{"percent":7.37,"bytes":7535,"size_before":102285,"size_after":94750,"time":0.07},"sunet-medium-thumb":{"percent":8.16,"bytes":5265,"size_before":64538,"size_after":59273,"time":0.02},"sunet-small-thumb":{"percent":10,"bytes":1693,"size_before":16931,"size_after":15238,"time":0.01},"full":{"percent":10.08,"bytes":17548,"size_before":174085,"size_after":156537,"time":0.04}}},"description":{"rendered":"<p class=\"attachment\"><a href='https:\/\/blogs.correiobraziliense.com.br\/elasnoataque\/wp-content\/uploads\/sites\/36\/2018\/07\/CBPFOT120720181527.jpg'><img loading=\"lazy\" decoding=\"async\" width=\"300\" height=\"169\" src=\"https:\/\/blogs.correiobraziliense.com.br\/elasnoataque\/wp-content\/uploads\/sites\/36\/2018\/07\/CBPFOT120720181527-300x169.jpg\" class=\"attachment-medium size-medium\" alt=\"Minas Icesp-DF e Vit\u00f3ria-BA disputam a final do Campeonato Brasileiro feminino de futebol A2, a segunda divis\u00e3o do Brasileir\u00e3o, no Est\u00e1dio Abadi\u00e3o em Ceil\u00e2ndia\" srcset=\"https:\/\/blogs.correiobraziliense.com.br\/elasnoataque\/wp-content\/uploads\/sites\/36\/2018\/07\/CBPFOT120720181527-300x169.jpg 300w, https:\/\/blogs.correiobraziliense.com.br\/elasnoataque\/wp-content\/uploads\/sites\/36\/2018\/07\/CBPFOT120720181527-768x432.jpg 768w, https:\/\/blogs.correiobraziliense.com.br\/elasnoataque\/wp-content\/uploads\/sites\/36\/2018\/07\/CBPFOT120720181527-550x309.jpg 550w, https:\/\/blogs.correiobraziliense.com.br\/elasnoataque\/wp-content\/uploads\/sites\/36\/2018\/07\/CBPFOT120720181527-230x129.jpg 230w, https:\/\/blogs.correiobraziliense.com.br\/elasnoataque\/wp-content\/uploads\/sites\/36\/2018\/07\/CBPFOT120720181527.jpg 889w\" sizes=\"auto, (max-width: 300px) 100vw, 300px\" \/><\/a><\/p>\n"},"caption":{"rendered":"<p>Foto: Arthur Menescal\/Esp. CB\/D.A<\/p>\n"},"alt_text":"Minas Icesp-DF e Vit\u00f3ria-BA disputam a final do Campeonato Brasileiro feminino de futebol A2, a segunda divis\u00e3o do Brasileir\u00e3o, no Est\u00e1dio Abadi\u00e3o em Ceil\u00e2ndia","media_type":"image","mime_type":"image\/jpeg","media_details":{"width":889,"height":500,"file":"2018\/07\/CBPFOT120720181527.jpg","sizes":{"thumbnail":{"file":"CBPFOT120720181527-150x150.jpg","width":150,"height":150,"mime_type":"image\/jpeg","source_url":"https:\/\/blogs.correiobraziliense.com.br\/elasnoataque\/wp-content\/uploads\/sites\/36\/2018\/07\/CBPFOT120720181527-150x150.jpg"},"medium":{"file":"CBPFOT120720181527-300x169.jpg","width":300,"height":169,"mime_type":"image\/jpeg","source_url":"https:\/\/blogs.correiobraziliense.com.br\/elasnoataque\/wp-content\/uploads\/sites\/36\/2018\/07\/CBPFOT120720181527-300x169.jpg"},"medium_large":{"file":"CBPFOT120720181527-768x432.jpg","width":768,"height":432,"mime_type":"image\/jpeg","source_url":"https:\/\/blogs.correiobraziliense.com.br\/elasnoataque\/wp-content\/uploads\/sites\/36\/2018\/07\/CBPFOT120720181527-768x432.jpg"},"sunet-medium-thumb":{"file":"CBPFOT120720181527-550x309.jpg","width":550,"height":309,"mime_type":"image\/jpeg","source_url":"https:\/\/blogs.correiobraziliense.com.br\/elasnoataque\/wp-content\/uploads\/sites\/36\/2018\/07\/CBPFOT120720181527-550x309.jpg"},"sunet-small-thumb":{"file":"CBPFOT120720181527-230x129.jpg","width":230,"height":129,"mime_type":"image\/jpeg","source_url":"https:\/\/blogs.correiobraziliense.com.br\/elasnoataque\/wp-content\/uploads\/sites\/36\/2018\/07\/CBPFOT120720181527-230x129.jpg"},"full":{"file":"CBPFOT120720181527.jpg","width":889,"height":500,"mime_type":"image\/jpeg","source_url":"https:\/\/blogs.correiobraziliense.com.br\/elasnoataque\/wp-content\/uploads\/sites\/36\/2018\/07\/CBPFOT120720181527.jpg"}},"image_meta":{"aperture":"0","credit":"Arthur Menescal\/Esp. CB\/D.A Pres","camera":"","caption":"12\/07\/2018. Cr\u00e9dito: Arthur Menescal\/Esp. CB\/D.A Press. Brasil. Bras\u00edlia - DF. Esportes. Minas Icesp-DF e Vit\u00f3ria-BA disputam a final do Campeonato Brasileiro feminino de futebol A2, a segunda divis\u00e3o do Brasileir\u00e3o, no Est\u00e1dio Abadi\u00e3o em Ceil\u00e2ndia.","created_timestamp":"0","copyright":"","focal_length":"0","iso":"0","shutter_speed":"0","title":"","orientation":"0","keywords":[]}},"post":1924,"source_url":"https:\/\/blogs.correiobraziliense.com.br\/elasnoataque\/wp-content\/uploads\/sites\/36\/2018\/07\/CBPFOT120720181527.jpg","filename":"CBPFOT120720181527.jpg","filesize":156537,"_links":{"self":[{"href":"https:\/\/blogs.correiobraziliense.com.br\/elasnoataque\/wp-json\/wp\/v2\/media\/1926","targetHints":{"allow":["GET"]}}],"collection":[{"href":"https:\/\/blogs.correiobraziliense.com.br\/elasnoataque\/wp-json\/wp\/v2\/media"}],"about":[{"href":"https:\/\/blogs.correiobraziliense.com.br\/elasnoataque\/wp-json\/wp\/v2\/types\/attachment"}],"author":[{"embeddable":true,"href":"https:\/\/blogs.correiobraziliense.com.br\/elasnoataque\/wp-json\/wp\/v2\/users\/79"}],"replies":[{"embeddable":true,"href":"https:\/\/blogs.correiobraziliense.com.br\/elasnoataque\/wp-json\/wp\/v2\/comments?post=1926"}],"wp:attached-to":[{"embeddable":true,"post_type":"post","id":1924,"href":"https:\/\/blogs.correiobraziliense.com.br\/elasnoataque\/wp-json\/wp\/v2\/posts\/1924"}],"curies":[{"name":"wp","href":"https:\/\/api.w.org\/{rel}","templated":true}]}}

Minas vence Vitória

<p class="attachment"><a href='https://blogs.correiobraziliense.com.br/elasnoataque/wp-content/uploads/sites/36/2018/07/CBPFOT120720181527.jpg'><img loading="lazy" decoding="async" width="300" height="169" src="https://blogs.correiobraziliense.com.br/elasnoataque/wp-content/uploads/sites/36/2018/07/CBPFOT120720181527-300x169.jpg" class="attachment-medium size-medium" alt="Minas Icesp-DF e Vitória-BA disputam a final do Campeonato Brasileiro feminino de futebol A2, a segunda divisão do Brasileirão, no Estádio Abadião em Ceilândia" srcset="https://blogs.correiobraziliense.com.br/elasnoataque/wp-content/uploads/sites/36/2018/07/CBPFOT120720181527-300x169.jpg 300w, https://blogs.correiobraziliense.com.br/elasnoataque/wp-content/uploads/sites/36/2018/07/CBPFOT120720181527-768x432.jpg 768w, https://blogs.correiobraziliense.com.br/elasnoataque/wp-content/uploads/sites/36/2018/07/CBPFOT120720181527-550x309.jpg 550w, https://blogs.correiobraziliense.com.br/elasnoataque/wp-content/uploads/sites/36/2018/07/CBPFOT120720181527-230x129.jpg 230w, https://blogs.correiobraziliense.com.br/elasnoataque/wp-content/uploads/sites/36/2018/07/CBPFOT120720181527.jpg 889w" sizes="auto, (max-width: 300px) 100vw, 300px" /></a></p>

Minas Icesp-DF e Vitória-BA disputam a final do Campeonato Brasileiro feminino de futebol A2, a segunda divisão do Brasileirão, no Estádio Abadião em Ceilândia

12/07/2018. Crédito: Arthur Menescal/Esp. CB/D.A Press. Brasil. Brasília - DF. Esportes. Minas Icesp-DF e Vitória-BA disputam a final do Campeonato Brasileiro feminino de futebol A2, a segunda divisão do Brasileirão, no Estádio Abadião em Ceilândia.
