{"version":"1.0","provider_name":"Blog da Denise","provider_url":"https:\/\/blogs.correiobraziliense.com.br\/denise","author_name":"Denise Rothenburg","author_url":"https:\/\/blogs.correiobraziliense.com.br\/denise\/author\/deniserothenburg\/","title":"Tarifa\u00e7o: negocia\u00e7\u00f5es s\u00f3 depois da elei\u00e7\u00e3o - Blog da Denise","type":"rich","width":600,"height":338,"html":"<blockquote class=\"wp-embedded-content\" data-secret=\"UuTDaolkac\"><a href=\"https:\/\/blogs.correiobraziliense.com.br\/denise\/tarifaco-negociacoes-so-depois-da-eleicao\/\">Tarifa\u00e7o: negocia\u00e7\u00f5es s\u00f3 depois da elei\u00e7\u00e3o<\/a><\/blockquote><iframe sandbox=\"allow-scripts\" security=\"restricted\" src=\"https:\/\/blogs.correiobraziliense.com.br\/denise\/tarifaco-negociacoes-so-depois-da-eleicao\/embed\/#?secret=UuTDaolkac\" width=\"600\" height=\"338\" title=\"&#8220;Tarifa\u00e7o: negocia\u00e7\u00f5es s\u00f3 depois da elei\u00e7\u00e3o&#8221; &#8212; Blog da Denise\" data-secret=\"UuTDaolkac\" frameborder=\"0\" marginwidth=\"0\" marginheight=\"0\" scrolling=\"no\" class=\"wp-embedded-content\"><\/iframe><script>\n\/*! This file is auto-generated *\/\n!function(d,l){\"use strict\";l.querySelector&&d.addEventListener&&\"undefined\"!=typeof URL&&(d.wp=d.wp||{},d.wp.receiveEmbedMessage||(d.wp.receiveEmbedMessage=function(e){var t=e.data;if((t||t.secret||t.message||t.value)&&!\/[^a-zA-Z0-9]\/.test(t.secret)){for(var s,r,n,a=l.querySelectorAll('iframe[data-secret=\"'+t.secret+'\"]'),o=l.querySelectorAll('blockquote[data-secret=\"'+t.secret+'\"]'),c=new RegExp(\"^https?:$\",\"i\"),i=0;i<o.length;i++)o[i].style.display=\"none\";for(i=0;i<a.length;i++)s=a[i],e.source===s.contentWindow&&(s.removeAttribute(\"style\"),\"height\"===t.message?(1e3<(r=parseInt(t.value,10))?r=1e3:~~r<200&&(r=200),s.height=r):\"link\"===t.message&&(r=new URL(s.getAttribute(\"src\")),n=new URL(t.value),c.test(n.protocol))&&n.host===r.host&&l.activeElement===s&&(d.top.location.href=t.value))}},d.addEventListener(\"message\",d.wp.receiveEmbedMessage,!1),l.addEventListener(\"DOMContentLoaded\",function(){for(var e,t,s=l.querySelectorAll(\"iframe.wp-embedded-content\"),r=0;r<s.length;r++)(t=(e=s[r]).getAttribute(\"data-secret\"))||(t=Math.random().toString(36).substring(2,12),e.src+=\"#?secret=\"+t,e.setAttribute(\"data-secret\",t)),e.contentWindow.postMessage({message:\"ready\",secret:t},\"*\")},!1)))}(window,document);\n\/\/# sourceURL=https:\/\/blogs.correiobraziliense.com.br\/denise\/wp-includes\/js\/wp-embed.min.js\n<\/script>\n","description":"Coluna Bras\u00edlia-DF publicada na sexta-feira, 17 de julho de 2026, por Denise Rothenburg com Eduarda Esposito A ordem agora no governo brasileiro \u00e9 dialogar com cada setor afetado pelo tarifa\u00e7o dos Estados Unidos, de forma a tentar reduzir os danos. Por\u00e9m, negocia\u00e7\u00e3o direta com os norte-americanos s\u00f3 mesmo depois das elei\u00e7\u00f5es. A ideia \u00e9 repisar que o tarifa\u00e7o \u00e9, na [&hellip;]","thumbnail_url":"https:\/\/blogs.correiobraziliense.com.br\/denise\/wp-content\/uploads\/sites\/12\/2026\/07\/coluna-17-de-julho.jpg","thumbnail_width":1939,"thumbnail_height":1938}

Tarifaço: negociações só depois da eleição - Blog da Denise

<blockquote class="wp-embedded-content" data-secret="UuTDaolkac"><a href="https://blogs.correiobraziliense.com.br/denise/tarifaco-negociacoes-so-depois-da-eleicao/">Tarifaço: negociações só depois da eleição</a></blockquote><iframe sandbox="allow-scripts" security="restricted" src="https://blogs.correiobraziliense.com.br/denise/tarifaco-negociacoes-so-depois-da-eleicao/embed/#?secret=UuTDaolkac" width="600" height="338" title="&#8220;Tarifaço: negociações só depois da eleição&#8221; &#8212; Blog da Denise" data-secret="UuTDaolkac" frameborder="0" marginwidth="0" marginheight="0" scrolling="no" class="wp-embedded-content"></iframe><script>
/*! This file is auto-generated */
!function(d,l){"use strict";l.querySelector&&d.addEventListener&&"undefined"!=typeof URL&&(d.wp=d.wp||{},d.wp.receiveEmbedMessage||(d.wp.receiveEmbedMessage=function(e){var t=e.data;if((t||t.secret||t.message||t.value)&&!/[^a-zA-Z0-9]/.test(t.secret)){for(var s,r,n,a=l.querySelectorAll('iframe[data-secret="'+t.secret+'"]'),o=l.querySelectorAll('blockquote[data-secret="'+t.secret+'"]'),c=new RegExp("^https?:$","i"),i=0;i<o.length;i++)o[i].style.display="none";for(i=0;i<a.length;i++)s=a[i],e.source===s.contentWindow&&(s.removeAttribute("style"),"height"===t.message?(1e3<(r=parseInt(t.value,10))?r=1e3:~~r<200&&(r=200),s.height=r):"link"===t.message&&(r=new URL(s.getAttribute("src")),n=new URL(t.value),c.test(n.protocol))&&n.host===r.host&&l.activeElement===s&&(d.top.location.href=t.value))}},d.addEventListener("message",d.wp.receiveEmbedMessage,!1),l.addEventListener("DOMContentLoaded",function(){for(var e,t,s=l.querySelectorAll("iframe.wp-embedded-content"),r=0;r<s.length;r++)(t=(e=s[r]).getAttribute("data-secret"))||(t=Math.random().toString(36).substring(2,12),e.src+="#?secret="+t,e.setAttribute("data-secret",t)),e.contentWindow.postMessage({message:"ready",secret:t},"*")},!1)))}(window,document);
//# sourceURL=https://blogs.correiobraziliense.com.br/denise/wp-includes/js/wp-embed.min.js
</script>

Coluna Brasília-DF publicada na sexta-feira, 17 de julho de 2026, por Denise Rothenburg com Eduarda Esposito A ordem agora no governo brasileiro é dialogar com cada setor afetado pelo tarifaço dos Estados Unidos, de forma a tentar reduzir os danos. Porém, negociação direta com os norte-americanos só mesmo depois das eleições. A ideia é repisar que o tarifaço é, na [&hellip;]
