{"version":"1.0","provider_name":"CB Poder |","provider_url":"https:\/\/blogs.correiobraziliense.com.br\/cbpoder","author_name":"Ana Maria Campos","author_url":"https:\/\/blogs.correiobraziliense.com.br\/cbpoder\/author\/anacampos\/","title":"C\u00e2mara Legislativa derruba vetos do governador - CB Poder |","type":"rich","width":600,"height":338,"html":"<blockquote class=\"wp-embedded-content\" data-secret=\"13fFTWaNGD\"><a href=\"https:\/\/blogs.correiobraziliense.com.br\/cbpoder\/camara-legislativa-derruba-vetos-do-governador\/\">C\u00e2mara Legislativa derruba vetos do governador<\/a><\/blockquote><iframe sandbox=\"allow-scripts\" security=\"restricted\" src=\"https:\/\/blogs.correiobraziliense.com.br\/cbpoder\/camara-legislativa-derruba-vetos-do-governador\/embed\/#?secret=13fFTWaNGD\" width=\"600\" height=\"338\" title=\"&#8220;C\u00e2mara Legislativa derruba vetos do governador&#8221; &#8212; CB Poder |\" data-secret=\"13fFTWaNGD\" frameborder=\"0\" marginwidth=\"0\" marginheight=\"0\" scrolling=\"no\" class=\"wp-embedded-content\"><\/iframe><script>\n\/*! This file is auto-generated *\/\n!function(d,l){\"use strict\";l.querySelector&&d.addEventListener&&\"undefined\"!=typeof URL&&(d.wp=d.wp||{},d.wp.receiveEmbedMessage||(d.wp.receiveEmbedMessage=function(e){var t=e.data;if((t||t.secret||t.message||t.value)&&!\/[^a-zA-Z0-9]\/.test(t.secret)){for(var s,r,n,a=l.querySelectorAll('iframe[data-secret=\"'+t.secret+'\"]'),o=l.querySelectorAll('blockquote[data-secret=\"'+t.secret+'\"]'),c=new RegExp(\"^https?:$\",\"i\"),i=0;i<o.length;i++)o[i].style.display=\"none\";for(i=0;i<a.length;i++)s=a[i],e.source===s.contentWindow&&(s.removeAttribute(\"style\"),\"height\"===t.message?(1e3<(r=parseInt(t.value,10))?r=1e3:~~r<200&&(r=200),s.height=r):\"link\"===t.message&&(r=new URL(s.getAttribute(\"src\")),n=new URL(t.value),c.test(n.protocol))&&n.host===r.host&&l.activeElement===s&&(d.top.location.href=t.value))}},d.addEventListener(\"message\",d.wp.receiveEmbedMessage,!1),l.addEventListener(\"DOMContentLoaded\",function(){for(var e,t,s=l.querySelectorAll(\"iframe.wp-embedded-content\"),r=0;r<s.length;r++)(t=(e=s[r]).getAttribute(\"data-secret\"))||(t=Math.random().toString(36).substring(2,12),e.src+=\"#?secret=\"+t,e.setAttribute(\"data-secret\",t)),e.contentWindow.postMessage({message:\"ready\",secret:t},\"*\")},!1)))}(window,document);\n\/\/# sourceURL=https:\/\/blogs.correiobraziliense.com.br\/cbpoder\/wp-includes\/js\/wp-embed.min.js\n<\/script>\n","description":"ANA VIRIATO Em sess\u00e3o extraordin\u00e1ria, realizada nesta segunda-feira (5\/12), os deputados distritais derrubaram uma s\u00e9rie de vetos impostos pelo Pal\u00e1cio do Buriti aos projetos oriundos do Legislativo local. Os textos aprovados pela Casa entram em vigor ap\u00f3s a promulga\u00e7\u00e3o no Di\u00e1rio Oficial do Distrito Federal. &nbsp; Entre os destaques, foi assegurada\u00a0a amplia\u00e7\u00e3o do passe livre estudantil para at\u00e9 um ano [&hellip;]","thumbnail_url":"https:\/\/blogs.correiobraziliense.com.br\/cbpoder\/wp-content\/uploads\/sites\/5\/2018\/08\/cbpoder_200x200.jpg","thumbnail_width":200,"thumbnail_height":200}

Câmara Legislativa derruba vetos do governador - CB Poder |

<blockquote class="wp-embedded-content" data-secret="13fFTWaNGD"><a href="https://blogs.correiobraziliense.com.br/cbpoder/camara-legislativa-derruba-vetos-do-governador/">Câmara Legislativa derruba vetos do governador</a></blockquote><iframe sandbox="allow-scripts" security="restricted" src="https://blogs.correiobraziliense.com.br/cbpoder/camara-legislativa-derruba-vetos-do-governador/embed/#?secret=13fFTWaNGD" width="600" height="338" title="&#8220;Câmara Legislativa derruba vetos do governador&#8221; &#8212; CB Poder |" data-secret="13fFTWaNGD" frameborder="0" marginwidth="0" marginheight="0" scrolling="no" class="wp-embedded-content"></iframe><script>
/*! This file is auto-generated */
!function(d,l){"use strict";l.querySelector&&d.addEventListener&&"undefined"!=typeof URL&&(d.wp=d.wp||{},d.wp.receiveEmbedMessage||(d.wp.receiveEmbedMessage=function(e){var t=e.data;if((t||t.secret||t.message||t.value)&&!/[^a-zA-Z0-9]/.test(t.secret)){for(var s,r,n,a=l.querySelectorAll('iframe[data-secret="'+t.secret+'"]'),o=l.querySelectorAll('blockquote[data-secret="'+t.secret+'"]'),c=new RegExp("^https?:$","i"),i=0;i<o.length;i++)o[i].style.display="none";for(i=0;i<a.length;i++)s=a[i],e.source===s.contentWindow&&(s.removeAttribute("style"),"height"===t.message?(1e3<(r=parseInt(t.value,10))?r=1e3:~~r<200&&(r=200),s.height=r):"link"===t.message&&(r=new URL(s.getAttribute("src")),n=new URL(t.value),c.test(n.protocol))&&n.host===r.host&&l.activeElement===s&&(d.top.location.href=t.value))}},d.addEventListener("message",d.wp.receiveEmbedMessage,!1),l.addEventListener("DOMContentLoaded",function(){for(var e,t,s=l.querySelectorAll("iframe.wp-embedded-content"),r=0;r<s.length;r++)(t=(e=s[r]).getAttribute("data-secret"))||(t=Math.random().toString(36).substring(2,12),e.src+="#?secret="+t,e.setAttribute("data-secret",t)),e.contentWindow.postMessage({message:"ready",secret:t},"*")},!1)))}(window,document);
//# sourceURL=https://blogs.correiobraziliense.com.br/cbpoder/wp-includes/js/wp-embed.min.js
</script>

ANA VIRIATO Em sessão extraordinária, realizada nesta segunda-feira (5/12), os deputados distritais derrubaram uma série de vetos impostos pelo Palácio do Buriti aos projetos oriundos do Legislativo local. Os textos aprovados pela Casa entram em vigor após a promulgação no Diário Oficial do Distrito Federal. &nbsp; Entre os destaques, foi assegurada a ampliação do passe livre estudantil para até um ano [&hellip;]
