{"id":126,"date":"2024-05-03T12:22:30","date_gmt":"2024-05-03T15:22:30","guid":{"rendered":"https:\/\/blogs.correiobraziliense.com.br\/brasiliatododia\/?page_id=126"},"modified":"2024-05-03T12:22:30","modified_gmt":"2024-05-03T15:22:30","slug":"126-2","status":"publish","type":"page","link":"https:\/\/blogs.correiobraziliense.com.br\/brasiliatododia\/126-2\/","title":{"rendered":""},"content":{"rendered":"<p><img loading=\"lazy\" decoding=\"async\" class=\"alignnone  wp-image-129\" src=\"https:\/\/blogs.correiobraziliense.com.br\/brasiliatododia\/wp-content\/uploads\/sites\/68\/2024\/05\/WhatsApp-Image-2024-04-22-at-13.31.38-300x169.jpeg\" alt=\"\" width=\"561\" height=\"316\" srcset=\"https:\/\/blogs.correiobraziliense.com.br\/brasiliatododia\/wp-content\/uploads\/sites\/68\/2024\/05\/WhatsApp-Image-2024-04-22-at-13.31.38-300x169.jpeg 300w, https:\/\/blogs.correiobraziliense.com.br\/brasiliatododia\/wp-content\/uploads\/sites\/68\/2024\/05\/WhatsApp-Image-2024-04-22-at-13.31.38-768x432.jpeg 768w, https:\/\/blogs.correiobraziliense.com.br\/brasiliatododia\/wp-content\/uploads\/sites\/68\/2024\/05\/WhatsApp-Image-2024-04-22-at-13.31.38-1024x577.jpeg 1024w, https:\/\/blogs.correiobraziliense.com.br\/brasiliatododia\/wp-content\/uploads\/sites\/68\/2024\/05\/WhatsApp-Image-2024-04-22-at-13.31.38-1440x811.jpeg 1440w, https:\/\/blogs.correiobraziliense.com.br\/brasiliatododia\/wp-content\/uploads\/sites\/68\/2024\/05\/WhatsApp-Image-2024-04-22-at-13.31.38-800x451.jpeg 800w, https:\/\/blogs.correiobraziliense.com.br\/brasiliatododia\/wp-content\/uploads\/sites\/68\/2024\/05\/WhatsApp-Image-2024-04-22-at-13.31.38-550x310.jpeg 550w, https:\/\/blogs.correiobraziliense.com.br\/brasiliatododia\/wp-content\/uploads\/sites\/68\/2024\/05\/WhatsApp-Image-2024-04-22-at-13.31.38-230x130.jpeg 230w, https:\/\/blogs.correiobraziliense.com.br\/brasiliatododia\/wp-content\/uploads\/sites\/68\/2024\/05\/WhatsApp-Image-2024-04-22-at-13.31.38.jpeg 1600w\" sizes=\"auto, (max-width: 561px) 100vw, 561px\" \/><\/p>\n<p>Neste domingo, dia 5 de maio, a l\u00edngua portuguesa, elo que une diversos continentes atrav\u00e9s da literatura e cultura, ser\u00e1 celebrada em grande estilo em Bras\u00edlia. A Thesaurus Editora, Tagore Editora e o Sindicato dos Escritores, a convite da FeirART e os Amigos da Pra\u00e7a de Portugal, organizam uma maratona po\u00e9tica que promete ser um marco cultural no Distrito Federal.<\/p>\n<p>Das 11h \u00e0s 13h, poetas locais se reunir\u00e3o para homenagear grandes nomes da literatura de l\u00edngua portuguesa, como Lu\u00eds de Cam\u00f5es, Fernando Pessoa, Manoel Alegre, Agostinho Neto e \u00c1lvares de Azevedo. Al\u00e9m dessas figuras hist\u00f3ricas, os poetas tamb\u00e9m ter\u00e3o a oportunidade de apresentar suas pr\u00f3prias cria\u00e7\u00f5es, enriquecendo o evento com vozes contempor\u00e2neas.<\/p>\n<p>No\u00e9lia Sousa, uma das poetas convidadas, \u00e9 um dos destaques do evento. Sua obra, profundamente enraizada na cultura lus\u00f3fona, promete emocionar o p\u00fablico com versos que atravessam oceanos e unem na\u00e7\u00f5es. O evento tamb\u00e9m ser\u00e1 uma oportunidade para os amantes da literatura se aprofundarem no trabalho de \u00c1lvares de Azevedo, cuja poesia rom\u00e2ntica continua a tocar cora\u00e7\u00f5es s\u00e9culos ap\u00f3s sua morte.<\/p>\n<p>Al\u00e9m das declama\u00e7\u00f5es po\u00e9ticas, as editoras e o Sindicato dos Escritores ter\u00e3o uma sele\u00e7\u00e3o de livros \u00e0 disposi\u00e7\u00e3o do p\u00fablico. Ser\u00e1 uma excelente chance para adquirir obras que refletem a rica tape\u00e7aria da literatura lus\u00f3fona, al\u00e9m de apoiar escritores locais do Distrito Federal.<\/p>\n<p>A celebra\u00e7\u00e3o vai al\u00e9m da literatura. Os visitantes poder\u00e3o desfrutar de outras atra\u00e7\u00f5es culturais e gastron\u00f4micas, transformando esta homenagem \u00e0 l\u00edngua portuguesa em uma experi\u00eancia completa para os sentidos. O evento promete n\u00e3o apenas celebrar a heran\u00e7a lingu\u00edstica, mas tamb\u00e9m fortalecer os la\u00e7os culturais dentro da comunidade de fala portuguesa.<\/p>\n<p><strong>Agenda<\/strong>: dia 5 de maio (domingo)<br \/>\n<strong>Hor\u00e1rio:<\/strong> 11h \u00e0s 17h &#8211; <strong>Declama\u00e7\u00f5es de poesia:<\/strong> 11h \u00e0s 13h<br \/>\n<strong>Onde<\/strong>: Pra\u00e7a de Portugal, aos fundos da Embaixada de Portugal<br \/>\n<strong>Contato<\/strong>: Jo\u00e3o Manoel &#8211;\u00a061 99372-2000<\/p>\n","protected":false},"excerpt":{"rendered":"<p>Neste domingo, dia 5 de maio, a l\u00edngua portuguesa, elo que une diversos continentes atrav\u00e9s da literatura e cultura, ser\u00e1 celebrada em grande estilo em Bras\u00edlia. A Thesaurus Editora, Tagore Editora e o Sindicato dos Escritores, a convite da FeirART e os Amigos da Pra\u00e7a de Portugal, organizam uma maratona po\u00e9tica que promete ser um marco cultural no Distrito Federal. [&hellip;]<\/p>\n","protected":false},"author":152,"featured_media":0,"parent":0,"menu_order":0,"comment_status":"closed","ping_status":"closed","template":"","meta":{"footnotes":""},"class_list":["post-126","page","type-page","status-publish","hentry"],"_links":{"self":[{"href":"https:\/\/blogs.correiobraziliense.com.br\/brasiliatododia\/wp-json\/wp\/v2\/pages\/126","targetHints":{"allow":["GET"]}}],"collection":[{"href":"https:\/\/blogs.correiobraziliense.com.br\/brasiliatododia\/wp-json\/wp\/v2\/pages"}],"about":[{"href":"https:\/\/blogs.correiobraziliense.com.br\/brasiliatododia\/wp-json\/wp\/v2\/types\/page"}],"author":[{"embeddable":true,"href":"https:\/\/blogs.correiobraziliense.com.br\/brasiliatododia\/wp-json\/wp\/v2\/users\/152"}],"replies":[{"embeddable":true,"href":"https:\/\/blogs.correiobraziliense.com.br\/brasiliatododia\/wp-json\/wp\/v2\/comments?post=126"}],"version-history":[{"count":2,"href":"https:\/\/blogs.correiobraziliense.com.br\/brasiliatododia\/wp-json\/wp\/v2\/pages\/126\/revisions"}],"predecessor-version":[{"id":130,"href":"https:\/\/blogs.correiobraziliense.com.br\/brasiliatododia\/wp-json\/wp\/v2\/pages\/126\/revisions\/130"}],"wp:attachment":[{"href":"https:\/\/blogs.correiobraziliense.com.br\/brasiliatododia\/wp-json\/wp\/v2\/media?parent=126"}],"curies":[{"name":"wp","href":"https:\/\/api.w.org\/{rel}","templated":true}]}}

<p><img loading="lazy" decoding="async" class="alignnone  wp-image-129" src="https://blogs.correiobraziliense.com.br/brasiliatododia/wp-content/uploads/sites/68/2024/05/WhatsApp-Image-2024-04-22-at-13.31.38-300x169.jpeg" alt="" width="561" height="316" srcset="https://blogs.correiobraziliense.com.br/brasiliatododia/wp-content/uploads/sites/68/2024/05/WhatsApp-Image-2024-04-22-at-13.31.38-300x169.jpeg 300w, https://blogs.correiobraziliense.com.br/brasiliatododia/wp-content/uploads/sites/68/2024/05/WhatsApp-Image-2024-04-22-at-13.31.38-768x432.jpeg 768w, https://blogs.correiobraziliense.com.br/brasiliatododia/wp-content/uploads/sites/68/2024/05/WhatsApp-Image-2024-04-22-at-13.31.38-1024x577.jpeg 1024w, https://blogs.correiobraziliense.com.br/brasiliatododia/wp-content/uploads/sites/68/2024/05/WhatsApp-Image-2024-04-22-at-13.31.38-1440x811.jpeg 1440w, https://blogs.correiobraziliense.com.br/brasiliatododia/wp-content/uploads/sites/68/2024/05/WhatsApp-Image-2024-04-22-at-13.31.38-800x451.jpeg 800w, https://blogs.correiobraziliense.com.br/brasiliatododia/wp-content/uploads/sites/68/2024/05/WhatsApp-Image-2024-04-22-at-13.31.38-550x310.jpeg 550w, https://blogs.correiobraziliense.com.br/brasiliatododia/wp-content/uploads/sites/68/2024/05/WhatsApp-Image-2024-04-22-at-13.31.38-230x130.jpeg 230w, https://blogs.correiobraziliense.com.br/brasiliatododia/wp-content/uploads/sites/68/2024/05/WhatsApp-Image-2024-04-22-at-13.31.38.jpeg 1600w" sizes="auto, (max-width: 561px) 100vw, 561px" /></p>
<p>Neste domingo, dia 5 de maio, a língua portuguesa, elo que une diversos continentes através da literatura e cultura, será celebrada em grande estilo em Brasília. A Thesaurus Editora, Tagore Editora e o Sindicato dos Escritores, a convite da FeirART e os Amigos da Praça de Portugal, organizam uma maratona poética que promete ser um marco cultural no Distrito Federal.</p>
<p>Das 11h às 13h, poetas locais se reunirão para homenagear grandes nomes da literatura de língua portuguesa, como Luís de Camões, Fernando Pessoa, Manoel Alegre, Agostinho Neto e Álvares de Azevedo. Além dessas figuras históricas, os poetas também terão a oportunidade de apresentar suas próprias criações, enriquecendo o evento com vozes contemporâneas.</p>
<p>Noélia Sousa, uma das poetas convidadas, é um dos destaques do evento. Sua obra, profundamente enraizada na cultura lusófona, promete emocionar o público com versos que atravessam oceanos e unem nações. O evento também será uma oportunidade para os amantes da literatura se aprofundarem no trabalho de Álvares de Azevedo, cuja poesia romântica continua a tocar corações séculos após sua morte.</p>
<p>Além das declamações poéticas, as editoras e o Sindicato dos Escritores terão uma seleção de livros à disposição do público. Será uma excelente chance para adquirir obras que refletem a rica tapeçaria da literatura lusófona, além de apoiar escritores locais do Distrito Federal.</p>
<p>A celebração vai além da literatura. Os visitantes poderão desfrutar de outras atrações culturais e gastronômicas, transformando esta homenagem à língua portuguesa em uma experiência completa para os sentidos. O evento promete não apenas celebrar a herança linguística, mas também fortalecer os laços culturais dentro da comunidade de fala portuguesa.</p>
<p><strong>Agenda</strong>: dia 5 de maio (domingo)<br />
<strong>Horário:</strong> 11h às 17h &#8211; <strong>Declamações de poesia:</strong> 11h às 13h<br />
<strong>Onde</strong>: Praça de Portugal, aos fundos da Embaixada de Portugal<br />
<strong>Contato</strong>: João Manoel &#8211; 61 99372-2000</p>

<p>Neste domingo, dia 5 de maio, a língua portuguesa, elo que une diversos continentes através da literatura e cultura, será celebrada em grande estilo em Brasília. A Thesaurus Editora, Tagore Editora e o Sindicato dos Escritores, a convite da FeirART e os Amigos da Praça de Portugal, organizam uma maratona poética que promete ser um marco cultural no Distrito Federal. [&hellip;]</p>
