{"version":"1.0","provider_name":"Blog do Ari Cunha","provider_url":"https:\/\/blogs.correiobraziliense.com.br\/aricunha","author_name":"Circe Cunha","author_url":"https:\/\/blogs.correiobraziliense.com.br\/aricunha\/author\/circecunha\/","title":"Sempre \u00e0 favor...da democracia - Blog do Ari Cunha","type":"rich","width":600,"height":338,"html":"<blockquote class=\"wp-embedded-content\" data-secret=\"GW0V8514Px\"><a href=\"https:\/\/blogs.correiobraziliense.com.br\/aricunha\/sempre-a-favor-da-democracia\/\">Sempre \u00e0 favor&#8230;da democracia<\/a><\/blockquote><iframe sandbox=\"allow-scripts\" security=\"restricted\" src=\"https:\/\/blogs.correiobraziliense.com.br\/aricunha\/sempre-a-favor-da-democracia\/embed\/#?secret=GW0V8514Px\" width=\"600\" height=\"338\" title=\"&#8220;Sempre \u00e0 favor&#8230;da democracia&#8221; &#8212; Blog do Ari Cunha\" data-secret=\"GW0V8514Px\" frameborder=\"0\" marginwidth=\"0\" marginheight=\"0\" scrolling=\"no\" class=\"wp-embedded-content\"><\/iframe><script>\n\/*! This file is auto-generated *\/\n!function(d,l){\"use strict\";l.querySelector&&d.addEventListener&&\"undefined\"!=typeof URL&&(d.wp=d.wp||{},d.wp.receiveEmbedMessage||(d.wp.receiveEmbedMessage=function(e){var t=e.data;if((t||t.secret||t.message||t.value)&&!\/[^a-zA-Z0-9]\/.test(t.secret)){for(var s,r,n,a=l.querySelectorAll('iframe[data-secret=\"'+t.secret+'\"]'),o=l.querySelectorAll('blockquote[data-secret=\"'+t.secret+'\"]'),c=new RegExp(\"^https?:$\",\"i\"),i=0;i<o.length;i++)o[i].style.display=\"none\";for(i=0;i<a.length;i++)s=a[i],e.source===s.contentWindow&&(s.removeAttribute(\"style\"),\"height\"===t.message?(1e3<(r=parseInt(t.value,10))?r=1e3:~~r<200&&(r=200),s.height=r):\"link\"===t.message&&(r=new URL(s.getAttribute(\"src\")),n=new URL(t.value),c.test(n.protocol))&&n.host===r.host&&l.activeElement===s&&(d.top.location.href=t.value))}},d.addEventListener(\"message\",d.wp.receiveEmbedMessage,!1),l.addEventListener(\"DOMContentLoaded\",function(){for(var e,t,s=l.querySelectorAll(\"iframe.wp-embedded-content\"),r=0;r<s.length;r++)(t=(e=s[r]).getAttribute(\"data-secret\"))||(t=Math.random().toString(36).substring(2,12),e.src+=\"#?secret=\"+t,e.setAttribute(\"data-secret\",t)),e.contentWindow.postMessage({message:\"ready\",secret:t},\"*\")},!1)))}(window,document);\n\/\/# sourceURL=https:\/\/blogs.correiobraziliense.com.br\/aricunha\/wp-includes\/js\/wp-embed.min.js\n<\/script>\n","thumbnail_url":"https:\/\/blogs.correiobraziliense.com.br\/aricunha\/wp-content\/uploads\/sites\/13\/2024\/12\/ilustra\u00e7\u00e3o.png","thumbnail_width":616,"thumbnail_height":449,"description":"VISTO, LIDO E OUVIDO, criada desde 1960 por Ari Cunha (In memoriam) Hoje, com Circe Cunha e Mamfil \u2013 Manoel de Andrade jornalistacircecunha@gmail.com facebook.com\/vistolidoeouvido instagram.com\/vistolidoeouvido &nbsp; &nbsp; \u00a0 \u00a0 \u00a0 \u00a0 \u00a0 Juristas de diversos quadrantes do Direito s\u00e3o un\u00e2nimes em considerar que expedientes que buscam responsabiliza\u00e7\u00e3o ou judicializa\u00e7\u00e3o das empresas de tecnologia, dentro do que se conhece por regula\u00e7\u00e3o [&hellip;]"}

Sempre à favor...da democracia - Blog do Ari Cunha

<blockquote class="wp-embedded-content" data-secret="GW0V8514Px"><a href="https://blogs.correiobraziliense.com.br/aricunha/sempre-a-favor-da-democracia/">Sempre à favor&#8230;da democracia</a></blockquote><iframe sandbox="allow-scripts" security="restricted" src="https://blogs.correiobraziliense.com.br/aricunha/sempre-a-favor-da-democracia/embed/#?secret=GW0V8514Px" width="600" height="338" title="&#8220;Sempre à favor&#8230;da democracia&#8221; &#8212; Blog do Ari Cunha" data-secret="GW0V8514Px" frameborder="0" marginwidth="0" marginheight="0" scrolling="no" class="wp-embedded-content"></iframe><script>
/*! This file is auto-generated */
!function(d,l){"use strict";l.querySelector&&d.addEventListener&&"undefined"!=typeof URL&&(d.wp=d.wp||{},d.wp.receiveEmbedMessage||(d.wp.receiveEmbedMessage=function(e){var t=e.data;if((t||t.secret||t.message||t.value)&&!/[^a-zA-Z0-9]/.test(t.secret)){for(var s,r,n,a=l.querySelectorAll('iframe[data-secret="'+t.secret+'"]'),o=l.querySelectorAll('blockquote[data-secret="'+t.secret+'"]'),c=new RegExp("^https?:$","i"),i=0;i<o.length;i++)o[i].style.display="none";for(i=0;i<a.length;i++)s=a[i],e.source===s.contentWindow&&(s.removeAttribute("style"),"height"===t.message?(1e3<(r=parseInt(t.value,10))?r=1e3:~~r<200&&(r=200),s.height=r):"link"===t.message&&(r=new URL(s.getAttribute("src")),n=new URL(t.value),c.test(n.protocol))&&n.host===r.host&&l.activeElement===s&&(d.top.location.href=t.value))}},d.addEventListener("message",d.wp.receiveEmbedMessage,!1),l.addEventListener("DOMContentLoaded",function(){for(var e,t,s=l.querySelectorAll("iframe.wp-embedded-content"),r=0;r<s.length;r++)(t=(e=s[r]).getAttribute("data-secret"))||(t=Math.random().toString(36).substring(2,12),e.src+="#?secret="+t,e.setAttribute("data-secret",t)),e.contentWindow.postMessage({message:"ready",secret:t},"*")},!1)))}(window,document);
//# sourceURL=https://blogs.correiobraziliense.com.br/aricunha/wp-includes/js/wp-embed.min.js
</script>

https://blogs.correiobraziliense.com.br/aricunha/wp-content/uploads/sites/13/2024/12/ilustração.png

VISTO, LIDO E OUVIDO, criada desde 1960 por Ari Cunha (In memoriam) Hoje, com Circe Cunha e Mamfil – Manoel de Andrade jornalistacircecunha@gmail.com facebook.com/vistolidoeouvido instagram.com/vistolidoeouvido &nbsp; &nbsp;           Juristas de diversos quadrantes do Direito são unânimes em considerar que expedientes que buscam responsabilização ou judicialização das empresas de tecnologia, dentro do que se conhece por regulação [&hellip;]
