{"version":"1.0","provider_name":"Blog do Ari Cunha","provider_url":"https:\/\/blogs.correiobraziliense.com.br\/aricunha","author_name":"Circe Cunha","author_url":"https:\/\/blogs.correiobraziliense.com.br\/aricunha\/author\/circecunha\/","title":"Capital da \u00faltima que morre. A esperan\u00e7a. - Blog do Ari Cunha","type":"rich","width":600,"height":338,"html":"<blockquote class=\"wp-embedded-content\" data-secret=\"6e01QOG8wO\"><a href=\"https:\/\/blogs.correiobraziliense.com.br\/aricunha\/capital-da-ultima-que-morre-esperanca\/\">Capital da \u00faltima que morre. A esperan\u00e7a.<\/a><\/blockquote><iframe sandbox=\"allow-scripts\" security=\"restricted\" src=\"https:\/\/blogs.correiobraziliense.com.br\/aricunha\/capital-da-ultima-que-morre-esperanca\/embed\/#?secret=6e01QOG8wO\" width=\"600\" height=\"338\" title=\"&#8220;Capital da \u00faltima que morre. A esperan\u00e7a.&#8221; &#8212; Blog do Ari Cunha\" data-secret=\"6e01QOG8wO\" frameborder=\"0\" marginwidth=\"0\" marginheight=\"0\" scrolling=\"no\" class=\"wp-embedded-content\"><\/iframe><script>\n\/*! This file is auto-generated *\/\n!function(d,l){\"use strict\";l.querySelector&&d.addEventListener&&\"undefined\"!=typeof URL&&(d.wp=d.wp||{},d.wp.receiveEmbedMessage||(d.wp.receiveEmbedMessage=function(e){var t=e.data;if((t||t.secret||t.message||t.value)&&!\/[^a-zA-Z0-9]\/.test(t.secret)){for(var s,r,n,a=l.querySelectorAll('iframe[data-secret=\"'+t.secret+'\"]'),o=l.querySelectorAll('blockquote[data-secret=\"'+t.secret+'\"]'),c=new RegExp(\"^https?:$\",\"i\"),i=0;i<o.length;i++)o[i].style.display=\"none\";for(i=0;i<a.length;i++)s=a[i],e.source===s.contentWindow&&(s.removeAttribute(\"style\"),\"height\"===t.message?(1e3<(r=parseInt(t.value,10))?r=1e3:~~r<200&&(r=200),s.height=r):\"link\"===t.message&&(r=new URL(s.getAttribute(\"src\")),n=new URL(t.value),c.test(n.protocol))&&n.host===r.host&&l.activeElement===s&&(d.top.location.href=t.value))}},d.addEventListener(\"message\",d.wp.receiveEmbedMessage,!1),l.addEventListener(\"DOMContentLoaded\",function(){for(var e,t,s=l.querySelectorAll(\"iframe.wp-embedded-content\"),r=0;r<s.length;r++)(t=(e=s[r]).getAttribute(\"data-secret\"))||(t=Math.random().toString(36).substring(2,12),e.src+=\"#?secret=\"+t,e.setAttribute(\"data-secret\",t)),e.contentWindow.postMessage({message:\"ready\",secret:t},\"*\")},!1)))}(window,document);\n\/\/# sourceURL=https:\/\/blogs.correiobraziliense.com.br\/aricunha\/wp-includes\/js\/wp-embed.min.js\n<\/script>\n","thumbnail_url":"https:\/\/blogs.correiobraziliense.com.br\/aricunha\/wp-content\/uploads\/sites\/13\/2018\/04\/charge_bruno_morte_oscar_niemeyer.jpg","thumbnail_width":570,"thumbnail_height":483,"description":"ARI CUNHA Visto, lido e ouvido Desde 1960 com Circe Cunha e Mamfil colunadoaricunha@gmail.com; \u00a0\u00a0\u00a0\u00a0\u00a0\u00a0\u00a0\u00a0 Basta uma olhada r\u00e1pida nas manchetes que ilustram hoje os principais jornais que circulam na capital, para perceber que aos 58 anos de idade, Bras\u00edlia j\u00e1 experimenta uma esp\u00e9cie de velhice precoce, apresentando os mesmos problemas vividos por muitas cidades centen\u00e1rias espalhadas pelo pa\u00eds afora. [&hellip;]"}

Capital da última que morre. A esperança. - Blog do Ari Cunha

<blockquote class="wp-embedded-content" data-secret="6e01QOG8wO"><a href="https://blogs.correiobraziliense.com.br/aricunha/capital-da-ultima-que-morre-esperanca/">Capital da última que morre. A esperança.</a></blockquote><iframe sandbox="allow-scripts" security="restricted" src="https://blogs.correiobraziliense.com.br/aricunha/capital-da-ultima-que-morre-esperanca/embed/#?secret=6e01QOG8wO" width="600" height="338" title="&#8220;Capital da última que morre. A esperança.&#8221; &#8212; Blog do Ari Cunha" data-secret="6e01QOG8wO" frameborder="0" marginwidth="0" marginheight="0" scrolling="no" class="wp-embedded-content"></iframe><script>
/*! This file is auto-generated */
!function(d,l){"use strict";l.querySelector&&d.addEventListener&&"undefined"!=typeof URL&&(d.wp=d.wp||{},d.wp.receiveEmbedMessage||(d.wp.receiveEmbedMessage=function(e){var t=e.data;if((t||t.secret||t.message||t.value)&&!/[^a-zA-Z0-9]/.test(t.secret)){for(var s,r,n,a=l.querySelectorAll('iframe[data-secret="'+t.secret+'"]'),o=l.querySelectorAll('blockquote[data-secret="'+t.secret+'"]'),c=new RegExp("^https?:$","i"),i=0;i<o.length;i++)o[i].style.display="none";for(i=0;i<a.length;i++)s=a[i],e.source===s.contentWindow&&(s.removeAttribute("style"),"height"===t.message?(1e3<(r=parseInt(t.value,10))?r=1e3:~~r<200&&(r=200),s.height=r):"link"===t.message&&(r=new URL(s.getAttribute("src")),n=new URL(t.value),c.test(n.protocol))&&n.host===r.host&&l.activeElement===s&&(d.top.location.href=t.value))}},d.addEventListener("message",d.wp.receiveEmbedMessage,!1),l.addEventListener("DOMContentLoaded",function(){for(var e,t,s=l.querySelectorAll("iframe.wp-embedded-content"),r=0;r<s.length;r++)(t=(e=s[r]).getAttribute("data-secret"))||(t=Math.random().toString(36).substring(2,12),e.src+="#?secret="+t,e.setAttribute("data-secret",t)),e.contentWindow.postMessage({message:"ready",secret:t},"*")},!1)))}(window,document);
//# sourceURL=https://blogs.correiobraziliense.com.br/aricunha/wp-includes/js/wp-embed.min.js
</script>

ARI CUNHA Visto, lido e ouvido Desde 1960 com Circe Cunha e Mamfil colunadoaricunha@gmail.com;          Basta uma olhada rápida nas manchetes que ilustram hoje os principais jornais que circulam na capital, para perceber que aos 58 anos de idade, Brasília já experimenta uma espécie de velhice precoce, apresentando os mesmos problemas vividos por muitas cidades centenárias espalhadas pelo país afora. [&hellip;]
