{"version":"1.0","provider_name":"Blog do Ari Cunha","provider_url":"https:\/\/blogs.correiobraziliense.com.br\/aricunha","author_name":"Circe Cunha","author_url":"https:\/\/blogs.correiobraziliense.com.br\/aricunha\/author\/circecunha\/","title":"As letras frias da lei - Blog do Ari Cunha","type":"rich","width":600,"height":338,"html":"<blockquote class=\"wp-embedded-content\" data-secret=\"pwTbNIHQjs\"><a href=\"https:\/\/blogs.correiobraziliense.com.br\/aricunha\/as-letras-frias-da-lei\/\">As letras frias da lei<\/a><\/blockquote><iframe sandbox=\"allow-scripts\" security=\"restricted\" src=\"https:\/\/blogs.correiobraziliense.com.br\/aricunha\/as-letras-frias-da-lei\/embed\/#?secret=pwTbNIHQjs\" width=\"600\" height=\"338\" title=\"&#8220;As letras frias da lei&#8221; &#8212; Blog do Ari Cunha\" data-secret=\"pwTbNIHQjs\" frameborder=\"0\" marginwidth=\"0\" marginheight=\"0\" scrolling=\"no\" class=\"wp-embedded-content\"><\/iframe><script>\n\/*! This file is auto-generated *\/\n!function(d,l){\"use strict\";l.querySelector&&d.addEventListener&&\"undefined\"!=typeof URL&&(d.wp=d.wp||{},d.wp.receiveEmbedMessage||(d.wp.receiveEmbedMessage=function(e){var t=e.data;if((t||t.secret||t.message||t.value)&&!\/[^a-zA-Z0-9]\/.test(t.secret)){for(var s,r,n,a=l.querySelectorAll('iframe[data-secret=\"'+t.secret+'\"]'),o=l.querySelectorAll('blockquote[data-secret=\"'+t.secret+'\"]'),c=new RegExp(\"^https?:$\",\"i\"),i=0;i<o.length;i++)o[i].style.display=\"none\";for(i=0;i<a.length;i++)s=a[i],e.source===s.contentWindow&&(s.removeAttribute(\"style\"),\"height\"===t.message?(1e3<(r=parseInt(t.value,10))?r=1e3:~~r<200&&(r=200),s.height=r):\"link\"===t.message&&(r=new URL(s.getAttribute(\"src\")),n=new URL(t.value),c.test(n.protocol))&&n.host===r.host&&l.activeElement===s&&(d.top.location.href=t.value))}},d.addEventListener(\"message\",d.wp.receiveEmbedMessage,!1),l.addEventListener(\"DOMContentLoaded\",function(){for(var e,t,s=l.querySelectorAll(\"iframe.wp-embedded-content\"),r=0;r<s.length;r++)(t=(e=s[r]).getAttribute(\"data-secret\"))||(t=Math.random().toString(36).substring(2,12),e.src+=\"#?secret=\"+t,e.setAttribute(\"data-secret\",t)),e.contentWindow.postMessage({message:\"ready\",secret:t},\"*\")},!1)))}(window,document);\n\/\/# sourceURL=https:\/\/blogs.correiobraziliense.com.br\/aricunha\/wp-includes\/js\/wp-embed.min.js\n<\/script>\n","description":"Desde 1960 colunadoaricunha@gmail.com; com Circe Cunha e Mamfil Reunidos numa mans\u00e3o, em um bairro nobre de S\u00e3o Paulo, os mais caros advogados criminalistas do pa\u00eds, que t\u00eam, em sua lista de clientes, nove entre dez personagens denunciados ou presos na Opera\u00e7\u00e3o Lava-Jato, resolveram unir for\u00e7as contra o que chamam de abusos cometidos pelo juiz S\u00e9rgio Moro e pelos procuradores do [&hellip;]"}

Desde 1960 colunadoaricunha@gmail.com; com Circe Cunha e Mamfil Reunidos numa mansão, em um bairro nobre de São Paulo, os mais caros advogados criminalistas do país, que têm, em sua lista de clientes, nove entre dez personagens denunciados ou presos na Operação Lava-Jato, resolveram unir forças contra o que chamam de abusos cometidos pelo juiz Sérgio Moro e pelos procuradores do [&hellip;]
