{"version":"1.0","provider_name":"Blog do Ari Cunha","provider_url":"https:\/\/blogs.correiobraziliense.com.br\/aricunha","author_name":"Circe Cunha","author_url":"https:\/\/blogs.correiobraziliense.com.br\/aricunha\/author\/circecunha\/","title":"A op\u00e7\u00e3o pela primeira inf\u00e2ncia - Blog do Ari Cunha","type":"rich","width":600,"height":338,"html":"<blockquote class=\"wp-embedded-content\" data-secret=\"L2wkBdwz2f\"><a href=\"https:\/\/blogs.correiobraziliense.com.br\/aricunha\/a-opcao-pela-primeira-infancia\/\">A op\u00e7\u00e3o pela primeira inf\u00e2ncia<\/a><\/blockquote><iframe sandbox=\"allow-scripts\" security=\"restricted\" src=\"https:\/\/blogs.correiobraziliense.com.br\/aricunha\/a-opcao-pela-primeira-infancia\/embed\/#?secret=L2wkBdwz2f\" width=\"600\" height=\"338\" title=\"&#8220;A op\u00e7\u00e3o pela primeira inf\u00e2ncia&#8221; &#8212; Blog do Ari Cunha\" data-secret=\"L2wkBdwz2f\" frameborder=\"0\" marginwidth=\"0\" marginheight=\"0\" scrolling=\"no\" class=\"wp-embedded-content\"><\/iframe><script>\n\/*! This file is auto-generated *\/\n!function(d,l){\"use strict\";l.querySelector&&d.addEventListener&&\"undefined\"!=typeof URL&&(d.wp=d.wp||{},d.wp.receiveEmbedMessage||(d.wp.receiveEmbedMessage=function(e){var t=e.data;if((t||t.secret||t.message||t.value)&&!\/[^a-zA-Z0-9]\/.test(t.secret)){for(var s,r,n,a=l.querySelectorAll('iframe[data-secret=\"'+t.secret+'\"]'),o=l.querySelectorAll('blockquote[data-secret=\"'+t.secret+'\"]'),c=new RegExp(\"^https?:$\",\"i\"),i=0;i<o.length;i++)o[i].style.display=\"none\";for(i=0;i<a.length;i++)s=a[i],e.source===s.contentWindow&&(s.removeAttribute(\"style\"),\"height\"===t.message?(1e3<(r=parseInt(t.value,10))?r=1e3:~~r<200&&(r=200),s.height=r):\"link\"===t.message&&(r=new URL(s.getAttribute(\"src\")),n=new URL(t.value),c.test(n.protocol))&&n.host===r.host&&l.activeElement===s&&(d.top.location.href=t.value))}},d.addEventListener(\"message\",d.wp.receiveEmbedMessage,!1),l.addEventListener(\"DOMContentLoaded\",function(){for(var e,t,s=l.querySelectorAll(\"iframe.wp-embedded-content\"),r=0;r<s.length;r++)(t=(e=s[r]).getAttribute(\"data-secret\"))||(t=Math.random().toString(36).substring(2,12),e.src+=\"#?secret=\"+t,e.setAttribute(\"data-secret\",t)),e.contentWindow.postMessage({message:\"ready\",secret:t},\"*\")},!1)))}(window,document);\n\/\/# sourceURL=https:\/\/blogs.correiobraziliense.com.br\/aricunha\/wp-includes\/js\/wp-embed.min.js\n<\/script>\n","thumbnail_url":"https:\/\/blogs.correiobraziliense.com.br\/aricunha\/wp-content\/uploads\/sites\/13\/2018\/12\/96586529.png","thumbnail_width":500,"thumbnail_height":332,"description":"VISTO, LIDO E OUVIDO Criada por Ari Cunha (In memoriam) Desde 1960 Com Circe Cunha\u00a0 e Mamfil jornalistacircecunha@gmail.com Facebook.com\/vistolidoeouvido Instagram.com\/vistolidoeouvido &nbsp; Uma observa\u00e7\u00e3o nos 22 minist\u00e9rios que dar\u00e3o assessoria ao pr\u00f3ximo presidente mostra que, nessa rela\u00e7\u00e3o, pelo menos por enquanto, n\u00e3o existe uma pasta com esse status para cuidar do problema mais fundamental do pa\u00eds, um poss\u00edvel minist\u00e9rio da primeira [&hellip;]"}

A opção pela primeira infância - Blog do Ari Cunha

<blockquote class="wp-embedded-content" data-secret="L2wkBdwz2f"><a href="https://blogs.correiobraziliense.com.br/aricunha/a-opcao-pela-primeira-infancia/">A opção pela primeira infância</a></blockquote><iframe sandbox="allow-scripts" security="restricted" src="https://blogs.correiobraziliense.com.br/aricunha/a-opcao-pela-primeira-infancia/embed/#?secret=L2wkBdwz2f" width="600" height="338" title="&#8220;A opção pela primeira infância&#8221; &#8212; Blog do Ari Cunha" data-secret="L2wkBdwz2f" frameborder="0" marginwidth="0" marginheight="0" scrolling="no" class="wp-embedded-content"></iframe><script>
/*! This file is auto-generated */
!function(d,l){"use strict";l.querySelector&&d.addEventListener&&"undefined"!=typeof URL&&(d.wp=d.wp||{},d.wp.receiveEmbedMessage||(d.wp.receiveEmbedMessage=function(e){var t=e.data;if((t||t.secret||t.message||t.value)&&!/[^a-zA-Z0-9]/.test(t.secret)){for(var s,r,n,a=l.querySelectorAll('iframe[data-secret="'+t.secret+'"]'),o=l.querySelectorAll('blockquote[data-secret="'+t.secret+'"]'),c=new RegExp("^https?:$","i"),i=0;i<o.length;i++)o[i].style.display="none";for(i=0;i<a.length;i++)s=a[i],e.source===s.contentWindow&&(s.removeAttribute("style"),"height"===t.message?(1e3<(r=parseInt(t.value,10))?r=1e3:~~r<200&&(r=200),s.height=r):"link"===t.message&&(r=new URL(s.getAttribute("src")),n=new URL(t.value),c.test(n.protocol))&&n.host===r.host&&l.activeElement===s&&(d.top.location.href=t.value))}},d.addEventListener("message",d.wp.receiveEmbedMessage,!1),l.addEventListener("DOMContentLoaded",function(){for(var e,t,s=l.querySelectorAll("iframe.wp-embedded-content"),r=0;r<s.length;r++)(t=(e=s[r]).getAttribute("data-secret"))||(t=Math.random().toString(36).substring(2,12),e.src+="#?secret="+t,e.setAttribute("data-secret",t)),e.contentWindow.postMessage({message:"ready",secret:t},"*")},!1)))}(window,document);
//# sourceURL=https://blogs.correiobraziliense.com.br/aricunha/wp-includes/js/wp-embed.min.js
</script>

VISTO, LIDO E OUVIDO Criada por Ari Cunha (In memoriam) Desde 1960 Com Circe Cunha  e Mamfil jornalistacircecunha@gmail.com Facebook.com/vistolidoeouvido Instagram.com/vistolidoeouvido &nbsp; Uma observação nos 22 ministérios que darão assessoria ao próximo presidente mostra que, nessa relação, pelo menos por enquanto, não existe uma pasta com esse status para cuidar do problema mais fundamental do país, um possível ministério da primeira [&hellip;]
